000
CXUS51 KCLE 031628
CLMTOL


CLIMATE REPORT
NATIONAL WEATHER SERVICE CLEVELAND OH
1128 AM EST FRI JAN 3 2014

...................................

...THE TOLEDO OH CLIMATE SUMMARY FOR THE MONTH OF DECEMBER 2013...

CLIMATE NORMAL PERIOD 1981 TO 2010
CLIMATE RECORD PERIOD 1873 TO 2014

WEATHER         OBSERVED          NORMAL  DEPART  LAST YEAR`S
                 VALUE   DATE(S)  VALUE   FROM    VALUE
                                          NORMAL
.............................................................
TEMPERATURE (F)
RECORD
 HIGH              70   12/05/2001
                        12/29/1889
 LOW              -19   12/22/1989
HIGHEST            61   12/05
LOWEST                  12/16
AVG. MAXIMUM     34.5              36.4    -1.9     41.7
AVG. MINIMUM     20.7              23.1    -2.4     28.8
MEAN             27.6              29.7    -2.1     35.3
DAYS MAX >= 90      0               0.0     0.0        0
DAYS MAX <= 32     18              10.5     7.5        5
DAYS MIN <= 32     26              24.8     1.2       20
DAYS MIN <= 0       1               1.0     0.0        0

PRECIPITATION (INCHES)
RECORD
 MAXIMUM         6.81   1967
 MINIMUM         0.33   1919
TOTALS           3.07              2.68    0.39     2.15
DAYS >= .01        12              13.1    -1.1       16
DAYS >= .10         4               6.6    -2.6        7
DAYS >= .50         2               1.5     0.5        1
DAYS >= 1.00        1               0.3     0.7        0
GREATEST
 24 HR. TOTAL    1.62   12/21 TO 12/22              0.93

SNOWFALL (INCHES)
RECORDS
 TOTAL           26.0   5
                        0
                        -26215
TOTALS           11.2               7.4     3.8      7.0
SINCE 7/1        11.7               9.5     2.2      7.0
DAYS >= 1.0         1               2.3    -1.3        2
GREATEST
 24 HR TOTAL      7.4R  MM

DEGREE_DAYS
HEATING TOTAL    1151              1092      59      914
 SINCE 7/1       2499              2325     174     2251
COOLING TOTAL       0                 0       0        0
 SINCE 1/1        793               793       0      998
..............................................................

WIND (MPH)
AVERAGE WIND SPEED              9.7
HIGHEST WIND SPEED/DIRECTION    32/240    DATE  12/10
HIGHEST GUST SPEED/DIRECTION    43/260    DATE  12/10

SKY COVER
AVERAGE SKY COVER           0.70

AVERAGE RH (PERCENT)     76

WEATHER CONDITIONS. NUMBER OF DAYS WITH
THUNDERSTORM              0     MIXED PRECIP               0
HEAVY RAIN                1     RAIN                       3
LIGHT RAIN                5     FREEZING RAIN              0
LT FREEZING RAIN          2     HAIL                       0
HEAVY SNOW                0     SNOW                       1
LIGHT SNOW               15     SLEET                      0
FOG                      16     FOG W/VIS <= 1/4 MILE      0
HAZE                      0

-  INDICATES NEGATIVE NUMBERS.
R  INDICATES RECORD WAS SET OR TIED.
MM INDICATES DATA IS MISSING.
T  INDICATES TRACE AMOUNT.

$$
