000
CXUS51 KCLE 011323
CLMTOL


CLIMATE REPORT
NATIONAL WEATHER SERVICE CLEVELAND OH
923 AM EDT TUE JUL 1 2014

...................................

...THE TOLEDO OH CLIMATE SUMMARY FOR THE MONTH OF JUNE 2014...

CLIMATE NORMAL PERIOD 1981 TO 2010
CLIMATE RECORD PERIOD 1873 TO 2014

WEATHER         OBSERVED          NORMAL  DEPART  LAST YEAR`S
                 VALUE   DATE(S)  VALUE   FROM    VALUE
                                          NORMAL
.............................................................
TEMPERATURE (F)
RECORD
 HIGH             104   06/25/1988
 LOW               32   06/11/1972
HIGHEST            92   06/17
LOWEST             44   06/14
AVG. MAXIMUM     81.3              80.7     0.6     79.3
AVG. MINIMUM     59.9              58.3     1.6     58.8
MEAN             70.6              69.5     1.1     69.1
DAYS MAX >= 90      2               3.7    -1.7        3
DAYS MAX <= 32      0               0.0     0.0        0
DAYS MIN <= 32      0               0.0     0.0        0
DAYS MIN <= 0       0               0.0     0.0        0

PRECIPITATION (INCHES)
RECORD
 MAXIMUM         8.48   1981
 MINIMUM         0.12   1952
TOTALS           3.98              3.57    0.41     6.35
DAYS >= .01        13              10.2     2.8       13
DAYS >= .10         8               6.2     1.8       11
DAYS >= .50         3               2.3     0.7        5
DAYS >= 1.00        1               0.8     0.2        2
GREATEST
 24 HR. TOTAL    1.51   06/18 TO 06/19              1.40

SNOWFALL (INCHES)
RECORDS
 TOTAL             MM   5
TOTALS            0.0               0.0     0.0      0.0
SINCE 7/1        86.3              37.6    48.7     22.4
DAYS >= 1.0         0               0.0     0.0        0
GREATEST
 24 HR TOTAL      0.0   06/30 TO 06/30

DEGREE_DAYS
HEATING TOTAL      16                35     -19       31
 SINCE 7/1       7132              6145     987     6165
COOLING TOTAL     191               170      21      162
 SINCE 1/1        253               223      30      256
..............................................................

WIND (MPH)
AVERAGE WIND SPEED              5.9
HIGHEST WIND SPEED/DIRECTION    31/250    DATE  06/03
HIGHEST GUST SPEED/DIRECTION    40/250    DATE  06/03

SKY COVER
AVERAGE SKY COVER           0.40

AVERAGE RH (PERCENT)     71

WEATHER CONDITIONS. NUMBER OF DAYS WITH
THUNDERSTORM              0     MIXED PRECIP               0
HEAVY RAIN                4     RAIN                       8
LIGHT RAIN               15     FREEZING RAIN              0
LT FREEZING RAIN          0     HAIL                       0
HEAVY SNOW                0     SNOW                       0
LIGHT SNOW                0     SLEET                      0
FOG                      19     FOG W/VIS <= 1/4 MILE      0
HAZE                      4

-  INDICATES NEGATIVE NUMBERS.
R  INDICATES RECORD WAS SET OR TIED.
MM INDICATES DATA IS MISSING.
T  INDICATES TRACE AMOUNT.

$$
