000
CXUS51 KCLE 061941
CLMTOL


CLIMATE REPORT
NATIONAL WEATHER SERVICE CLEVELAND OH
340 PM EDT THU AUG 6 2015

...................................

...THE TOLEDO OH CLIMATE SUMMARY FOR THE MONTH OF JULY 2015...

CLIMATE NORMAL PERIOD 1981 TO 2010
CLIMATE RECORD PERIOD 1873 TO 2015

WEATHER         OBSERVED          NORMAL  DEPART  LAST YEAR`S
                 VALUE   DATE(S)  VALUE   FROM    VALUE
                                          NORMAL
.............................................................
TEMPERATURE (F)
RECORD
 HIGH             105   07/14/1936
 LOW               40   07/01/1988
HIGHEST            91   07/29
LOWEST             51   07/16
AVG. MAXIMUM     81.1              84.5    -3.4     80.3
AVG. MINIMUM     60.2              62.4    -2.2     57.5
MEAN             70.7              73.5    -2.8     68.9
DAYS MAX >= 90      2               5.7    -3.7        1
DAYS MAX <= 32      0               0.0     0.0        0
DAYS MIN <= 32      0               0.0     0.0        0
DAYS MIN <= 0       0               0.0     0.0        0

PRECIPITATION (INCHES)
RECORD
 MAXIMUM         9.19   2006
 MINIMUM         0.34   1995
TOTALS           6.16              3.23    2.93     0.83
DAYS >= .01        10               9.8     0.2        5
DAYS >= .10         8               5.8     2.2        2
DAYS >= .50         4               2.3     1.7        1
DAYS >= 1.00        2               0.7     1.3        0
GREATEST
 24 HR. TOTAL    1.88   07/08 TO 07/09              0.52

SNOWFALL (INCHES)
RECORDS
 TOTAL             MM   5
TOTALS            0.0               0.0     0.0      0.0
SINCE 7/1         0.0               0.0     0.0      0.0
DAYS >= 1.0         0               0.0     0.0        0
GREATEST
 24 HR TOTAL      0.0   07/31 TO 07/31

DEGREE_DAYS
HEATING TOTAL       2                 3      -1        9
 SINCE 7/1          2                 3      -1        9
COOLING TOTAL     185               265     -80      137
 SINCE 1/1        411               488     -77      390
..............................................................

WIND (MPH)
AVERAGE WIND SPEED              5.7
HIGHEST WIND SPEED/DIRECTION    33/270    DATE  07/18
HIGHEST GUST SPEED/DIRECTION    41/270    DATE  07/18

SKY COVER
AVERAGE SKY COVER           0.20

AVERAGE RH (PERCENT)     73

WEATHER CONDITIONS. NUMBER OF DAYS WITH
THUNDERSTORM              0     MIXED PRECIP               0
HEAVY RAIN                8     RAIN                       5
LIGHT RAIN               10     FREEZING RAIN              0
LT FREEZING RAIN          0     HAIL                       0
HEAVY SNOW                0     SNOW                       0
LIGHT SNOW                0     SLEET                      0
FOG                      19     FOG W/VIS <= 1/4 MILE      1
HAZE                      7

-  INDICATES NEGATIVE NUMBERS.
R  INDICATES RECORD WAS SET OR TIED.
MM INDICATES DATA IS MISSING.
T  INDICATES TRACE AMOUNT.

$$
