976
CXUS51 KCLE 011742
CLMTOL


CLIMATE REPORT
NATIONAL WEATHER SERVICE CLEVELAND OH
136 PM EDT SAT APR 1 2017

...................................

...THE TOLEDO OH CLIMATE SUMMARY FOR THE MONTH OF MARCH 2017...

CLIMATE NORMAL PERIOD 1981 TO 2010
CLIMATE RECORD PERIOD 1873 TO 2017

WEATHER         OBSERVED          NORMAL  DEPART  LAST YEAR`S
                 VALUE   DATE(S)  VALUE   FROM    VALUE
                                          NORMAL
.............................................................
TEMPERATURE (F)
RECORD
 HIGH              85   03/21/2012
 LOW              -10   03/12/1948
HIGHEST            76   03/24
LOWEST             13   03/15
                        03/14
AVG. MAXIMUM     45.4              46.9    -1.5     52.4
AVG. MINIMUM     27.7              28.3    -0.6     33.8
MEAN             36.6              37.6    -1.0     43.1
DAYS MAX >= 90      0               0.0     0.0        0
DAYS MAX <= 32      6               3.4     2.6        2
DAYS MIN <= 32     20              20.2    -0.2       17
DAYS MIN <= 0       0               0.0     0.0        0

PRECIPITATION (INCHES)
RECORD
 MAXIMUM         7.99   1913
 MINIMUM         0.05   1910
TOTALS           3.64              2.48    1.16     5.10
DAYS >= .01        12              11.8     0.2       16
DAYS >= .10         9               6.6     2.4        9
DAYS >= .50         1               1.3    -0.3        4
DAYS >= 1.00        1               0.3     0.7        2
GREATEST
 24 HR. TOTAL    1.81   03/30 TO 03/30              1.30

SNOWFALL (INCHES)
RECORDS
 TOTAL           17.7   1993
TOTALS            4.7               5.7    -1.0      2.7
SINCE 7/1        21.7              36.2   -14.5     17.7
DAYS >= 1.0         2               1.8     0.2        1
GREATEST
 24 HR TOTAL      2.6   03/13 TO 03/14

DEGREE_DAYS
HEATING TOTAL     872               850      22      674
 SINCE 7/1       4717              5426    -709     4572
COOLING TOTAL       0                 0       0        0
 SINCE 1/1          0                 0       0        0
..............................................................

WIND (MPH)
AVERAGE WIND SPEED              10.5
HIGHEST WIND SPEED/DIRECTION    47/260    DATE  03/08
HIGHEST GUST SPEED/DIRECTION    62/240    DATE  03/08

SKY COVER
AVERAGE SKY COVER           0.60

AVERAGE RH (PERCENT)     70

WEATHER CONDITIONS. NUMBER OF DAYS WITH
THUNDERSTORM              0     MIXED PRECIP               0
HEAVY RAIN                3     RAIN                       6
LIGHT RAIN               12     FREEZING RAIN              0
LT FREEZING RAIN          0     HAIL                       0
HEAVY SNOW                1     SNOW                       1
LIGHT SNOW                7     SLEET                      0
FOG                      18     FOG W/VIS <= 1/4 MILE      3
HAZE                      2

-  INDICATES NEGATIVE NUMBERS.
R  INDICATES RECORD WAS SET OR TIED.
MM INDICATES DATA IS MISSING.
T  INDICATES TRACE AMOUNT.

$$
