000
CXUS51 KCLE 041443
CLMTOL


CLIMATE REPORT
NATIONAL WEATHER SERVICE CLEVELAND OH
1042 AM EDT SAT APR 4 2015

...................................

...THE TOLEDO OH CLIMATE SUMMARY FOR THE MONTH OF MARCH 2015...

CLIMATE NORMAL PERIOD 1981 TO 2010
CLIMATE RECORD PERIOD 1873 TO 2015

WEATHER         OBSERVED          NORMAL  DEPART  LAST YEAR`S
                 VALUE   DATE(S)  VALUE   FROM    VALUE
                                          NORMAL
.............................................................
TEMPERATURE (F)
RECORD
 HIGH              85   03/21/2012
 LOW              -10   03/12/1948
HIGHEST            63   03/16
LOWEST             -5   03/06
AVG. MAXIMUM     42.3              46.9    -4.6     38.2
AVG. MINIMUM     23.3              28.3    -5.0     19.0
MEAN             32.8              37.6    -4.8     28.6
DAYS MAX >= 90      0               0.0     0.0        0
DAYS MAX <= 32      5               3.4     1.6        9
DAYS MIN <= 32     27              20.2     6.8       28
DAYS MIN <= 0       1               0.0     1.0        3

PRECIPITATION (INCHES)
RECORD
 MAXIMUM         7.99   1913
 MINIMUM         0.05   1910
TOTALS           1.34              2.48   -1.14     1.39
DAYS >= .01         7              11.8    -4.8       10
DAYS >= .10         3               6.6    -3.6        4
DAYS >= .50         1               1.3    -0.3        1
DAYS >= 1.00        0               0.3    -0.3        0
GREATEST
 24 HR. TOTAL    0.60   03/26 TO 03/26              0.73

SNOWFALL (INCHES)
RECORDS
 TOTAL           17.7   5
                        0
                        -26215
TOTALS            5.4               5.7    -0.3     11.8
SINCE 7/1        45.7              36.2     9.5     85.3
DAYS >= 1.0         2               1.8     0.2        4
GREATEST
 24 HR TOTAL      4.1   MM

DEGREE_DAYS
HEATING TOTAL     990               850     140     1118
 SINCE 7/1       6246              5426     820     6444
COOLING TOTAL       0                 0       0        0
 SINCE 1/1          0                 0       0        0
..............................................................

WIND (MPH)
AVERAGE WIND SPEED              8.3
HIGHEST WIND SPEED/DIRECTION    31/250    DATE  03/25
HIGHEST GUST SPEED/DIRECTION    40/200    DATE  03/29

SKY COVER
AVERAGE SKY COVER           0.40

AVERAGE RH (PERCENT)     67

WEATHER CONDITIONS. NUMBER OF DAYS WITH
THUNDERSTORM              0     MIXED PRECIP               0
HEAVY RAIN                1     RAIN                       2
LIGHT RAIN                7     FREEZING RAIN              0
LT FREEZING RAIN          1     HAIL                       0
HEAVY SNOW                0     SNOW                       2
LIGHT SNOW                6     SLEET                      1
FOG                      17     FOG W/VIS <= 1/4 MILE      5
HAZE                     13

-  INDICATES NEGATIVE NUMBERS.
R  INDICATES RECORD WAS SET OR TIED.
MM INDICATES DATA IS MISSING.
T  INDICATES TRACE AMOUNT.

$$
