000
CXUS51 KCLE 011350
CLMTOL


CLIMATE REPORT
NATIONAL WEATHER SERVICE CLEVELAND OH
948 AM EDT TUE NOV 1 2016

...................................

...THE TOLEDO OH CLIMATE SUMMARY FOR THE MONTH OF OCTOBER 2016...

CLIMATE NORMAL PERIOD 1981 TO 2010
CLIMATE RECORD PERIOD 1873 TO 2016

WEATHER         OBSERVED          NORMAL  DEPART  LAST YEAR`S
                 VALUE   DATE(S)  VALUE   FROM    VALUE
                                          NORMAL
.............................................................
TEMPERATURE (F)
RECORD
 HIGH              92   10/04/1951
 LOW                0   10/10/2008
HIGHEST            83   10/06
LOWEST             32   10/25
AVG. MAXIMUM     65.7              62.8     2.9     63.4
AVG. MINIMUM     45.7              41.8     3.9     43.4
MEAN             55.7              52.3     3.4     53.4
DAYS MAX >= 90      0               0.0     0.0        0
DAYS MAX <= 32      0               0.0     0.0        0
DAYS MIN <= 32      1               3.9    -2.9        2
DAYS MIN <= 0       0               0.0     0.0        0

PRECIPITATION (INCHES)
RECORD
 MAXIMUM         8.49   1881
 MINIMUM         0.27   2005
TOTALS           2.77              2.60    0.17     2.17
DAYS >= .01        10              10.0     0.0        9
DAYS >= .10         6               5.3     0.7        4
DAYS >= .50         2               1.5     0.5        1
DAYS >= 1.00        1               0.5     0.5        1
GREATEST
 24 HR. TOTAL    1.17   10/20 TO 10/20              1.45

SNOWFALL (INCHES)
RECORDS
 TOTAL            2.0   1989
TOTALS            0.0               0.2    -0.2      0.0
SINCE 7/1         0.0               0.2    -0.2      0.0
DAYS >= 1.0         0               0.1    -0.1        0
GREATEST
 24 HR TOTAL      0.0   10/31 TO 10/31

DEGREE_DAYS
HEATING TOTAL     305               402     -97      355
 SINCE 7/1        344               526    -182      415
COOLING TOTAL      25                 9      16        0
 SINCE 1/1       1033               793     240      719
..............................................................

WIND (MPH)
AVERAGE WIND SPEED              6.6
HIGHEST WIND SPEED/DIRECTION    29/270    DATE  10/12
HIGHEST GUST SPEED/DIRECTION    36/230    DATE  10/18

SKY COVER
AVERAGE SKY COVER           0.40

AVERAGE RH (PERCENT)     77

WEATHER CONDITIONS. NUMBER OF DAYS WITH
THUNDERSTORM              0     MIXED PRECIP               0
HEAVY RAIN                4     RAIN                       6
LIGHT RAIN               10     FREEZING RAIN              0
LT FREEZING RAIN          0     HAIL                       0
HEAVY SNOW                0     SNOW                       0
LIGHT SNOW                0     SLEET                      0
FOG                      18     FOG W/VIS <= 1/4 MILE      2
HAZE                      0

-  INDICATES NEGATIVE NUMBERS.
R  INDICATES RECORD WAS SET OR TIED.
MM INDICATES DATA IS MISSING.
T  INDICATES TRACE AMOUNT.

$$
