000
CXUS51 KCLE 011912
CLMTOL


CLIMATE REPORT
NATIONAL WEATHER SERVICE CLEVELAND OH
204 PM EST MON FEB 1 2016

...................................

...THE TOLEDO OH CLIMATE SUMMARY FOR THE MONTH OF JANUARY 2016...

CLIMATE NORMAL PERIOD 1981 TO 2010
CLIMATE RECORD PERIOD 1873 TO 2016

WEATHER         OBSERVED          NORMAL  DEPART  LAST YEAR`S
                 VALUE   DATE(S)  VALUE   FROM    VALUE
                                          NORMAL
.............................................................
TEMPERATURE (F)
RECORD
 HIGH              71   01/25/1950
                        01/13/1890
 LOW              -20   01/21/1984
HIGHEST            55   01/31
LOWEST              3   01/18
AVG. MAXIMUM     34.4              32.6     1.8     28.0
AVG. MINIMUM     18.8              18.4     0.4     13.4
MEAN             26.6              25.5     1.1     20.7
DAYS MAX >= 90      0               0.0     0.0        0
DAYS MAX <= 32     15              15.0     0.0       21
DAYS MIN <= 32     28              27.0     1.0       30
DAYS MIN <= 0       0               2.9    -2.9        5

PRECIPITATION (INCHES)
RECORD
 MAXIMUM         6.63   1913
 MINIMUM         0.27   1961
TOTALS           1.47              2.05   -0.58     2.05
DAYS >= .01        11              12.7    -1.7       13
DAYS >= .10         3               5.4    -2.4        7
DAYS >= .50         1               1.2    -0.2        1
DAYS >= 1.00        0               0.1    -0.1        0
GREATEST
 24 HR. TOTAL    0.56   01/10 TO 01/10              0.93

SNOWFALL (INCHES)
RECORDS
 TOTAL           40.2   2014
TOTALS            5.9              11.6    -5.7     12.2
SINCE 7/1         9.4              21.1   -11.7     15.0
DAYS >= 1.0         3               3.5    -0.5        5
GREATEST
 24 HR TOTAL      1.9   MM

DEGREE_DAYS
HEATING TOTAL    1182              1224     -42     1367
 SINCE 7/1       2932              3549    -617     3793
COOLING TOTAL       0                 0       0        0
 SINCE 1/1          0                 0       0        0
..............................................................

WIND (MPH)
AVERAGE WIND SPEED              10.2
HIGHEST WIND SPEED/DIRECTION    35/260    DATE  01/26
HIGHEST GUST SPEED/DIRECTION    43/260    DATE  01/26

SKY COVER
AVERAGE SKY COVER           0.60

AVERAGE RH (PERCENT)     74

WEATHER CONDITIONS. NUMBER OF DAYS WITH
THUNDERSTORM              0     MIXED PRECIP               0
HEAVY RAIN                0     RAIN                       1
LIGHT RAIN                7     FREEZING RAIN              0
LT FREEZING RAIN          0     HAIL                       0
HEAVY SNOW                2     SNOW                       1
LIGHT SNOW                9     SLEET                      0
FOG                      16     FOG W/VIS <= 1/4 MILE      2
HAZE                      8

-  INDICATES NEGATIVE NUMBERS.
R  INDICATES RECORD WAS SET OR TIED.
MM INDICATES DATA IS MISSING.
T  INDICATES TRACE AMOUNT.

$$
