345
CXUS51 KCLE 011932 CCA
CLMTOL

CLIMATE REPORT...CORRECTED
NATIONAL WEATHER SERVICE CLEVELAND OH
305 PM EDT SAT OCT 1 2016

...................................

...THE TOLEDO OH CLIMATE SUMMARY FOR THE MONTH OF SEPTEMBER 2016...

CLIMATE NORMAL PERIOD 1981 TO 2010
CLIMATE RECORD PERIOD 1873 TO 2016

WEATHER         OBSERVED          NORMAL  DEPART  LAST YEAR`S
                 VALUE   DATE(S)  VALUE   FROM    VALUE
                                          NORMAL
.............................................................
TEMPERATURE (F)
RECORD
 HIGH             100   09/02/1953
                        09/01/1953
                        09/15/1939
 LOW               28   09/23/1974
HIGHEST            92   09/07
LOWEST             45   09/27
AVG. MAXIMUM     78.1              75.4     2.7     78.9
AVG. MINIMUM     56.8              52.8     4.0     56.4
MEAN             67.5              64.1     3.4     67.7
DAYS MAX >= 90      2               0.9     1.1        4
DAYS MAX <= 32      0               0.0     0.0        0
DAYS MIN <= 32      0               0.1    -0.1        0
DAYS MIN <= 0       0               0.0     0.0        0

PRECIPITATION (INCHES)
RECORD
 MAXIMUM         8.10   1972
 MINIMUM         0.37   1946
TOTALS           3.97              2.78    1.19     1.28
DAYS >= .01         6               9.7    -3.7        7
DAYS >= .10         6               5.4     0.6        6
DAYS >= .50         3               1.7     1.3        1
DAYS >= 1.00        1               0.5     0.5        0
GREATEST
 24 HR. TOTAL    1.32   09/17 TO 09/17              0.67

SNOWFALL (INCHES)
RECORDS
 TOTAL              T   1949/1950/1967/1993


TOTALS            0.0               0.0     0.0      0.0
SINCE 7/1         0.0               0.0     0.0      0.0
DAYS >= 1.0         0               0.0     0.0        0
GREATEST
 24 HR TOTAL      0.0   09/01 TO 09/30

DEGREE_DAYS
HEATING TOTAL      38               110     -72       48
 SINCE 7/1         39               124     -85       60
COOLING TOTAL     119                82      37      138
 SINCE 1/1       1008               784     224      719
..............................................................

WIND (MPH)
AVERAGE WIND SPEED              5.7
HIGHEST WIND SPEED/DIRECTION    30/280    DATE  09/10
HIGHEST GUST SPEED/DIRECTION    38/280    DATE  09/10

SKY COVER
AVERAGE SKY COVER           0.30

AVERAGE RH (PERCENT)     77

WEATHER CONDITIONS. NUMBER OF DAYS WITH
THUNDERSTORM              0     MIXED PRECIP               0
HEAVY RAIN                6     RAIN                       6
LIGHT RAIN                8     FREEZING RAIN              0
LT FREEZING RAIN          0     HAIL                       0
HEAVY SNOW                0     SNOW                       0
LIGHT SNOW                0     SLEET                      0
FOG                      13     FOG W/VIS <= 1/4 MILE      3
HAZE                      0

-  INDICATES NEGATIVE NUMBERS.
R  INDICATES RECORD WAS SET OR TIED.
MM INDICATES DATA IS MISSING.
T  INDICATES TRACE AMOUNT.
CORRECTED SNOW RECORDS.
$$
