000
CDUS41 KCLE 062214
CLIYNG


CLIMATE REPORT
NATIONAL WEATHER SERVICE CLEVELAND OH
514 PM EST SAT FEB 6 2016


...................................

...THE YOUNGSTOWN OH CLIMATE SUMMARY FOR FEBRUARY 6 2016...
VALID TODAY AS OF 0500 PM LOCAL TIME.

CLIMATE NORMAL PERIOD 1981 TO 2010
CLIMATE RECORD PERIOD 1897 TO 2016


WEATHER ITEM   OBSERVED TIME   RECORD YEAR NORMAL DEPARTURE LAST
                VALUE   (LST)  VALUE       VALUE  FROM      YEAR
                                                  NORMAL
..................................................................
TEMPERATURE (F)
 TODAY
  MAXIMUM         40    336 PM  62    1938  34      6       27
  MINIMUM         27    758 AM  -7    1979  20      7        1
  AVERAGE         34                        27      7       14

PRECIPITATION (IN)
  TODAY            0.00                      0.08  -0.08     0.00
  MONTH TO DATE    1.04                      0.45   0.59     1.18
  SINCE DEC 1      6.64                      5.99   0.65     6.66
  SINCE JAN 1      2.45                      3.00  -0.55     4.34

SNOWFALL (IN)
  TODAY            0.0                       0.5   -0.5      0.0
  MONTH TO DATE    1.3                       2.8   -1.5     11.9
  SINCE DEC 1     13.9                      34.4  -20.5     41.9
  SINCE JUL 1     14.3                      38.8  -24.5     53.5
  SNOW DEPTH       0

DEGREE DAYS
 HEATING
  TODAY           31                        38     -7       51
  MONTH TO DATE  169                       231    -62      273
  SINCE DEC 1   2058                      2525   -467     2549
  SINCE JUL 1   3060                      3854   -794     3959

 COOLING
  TODAY            0                         0      0        0
  MONTH TO DATE    0                         0      0        0
  SINCE DEC 1      0                         0      0        0
  SINCE JAN 1      0                         0      0        0
..................................................................


WIND (MPH)
  HIGHEST WIND SPEED    15   HIGHEST WIND DIRECTION    SW (220)
  HIGHEST GUST SPEED    19   HIGHEST GUST DIRECTION    SW (240)


SKY COVER
  POSSIBLE SUNSHINE  MM
  AVERAGE SKY COVER 0.6


WEATHER CONDITIONS
 THE FOLLOWING WEATHER WAS RECORDED TODAY.
  NO SIGNIFICANT WEATHER WAS OBSERVED.


RELATIVE HUMIDITY (PERCENT)
 HIGHEST    68           800 AM
 LOWEST     40           300 PM
 AVERAGE    54

..........................................................


THE YOUNGSTOWN OH CLIMATE NORMALS FOR TOMORROW
                         NORMAL    RECORD    YEAR
 MAXIMUM TEMPERATURE (F)   34        57      1938
 MINIMUM TEMPERATURE (F)   20        -3      1988


SUNRISE AND SUNSET
FEBRUARY  6 2016......SUNRISE   729 AM EST   SUNSET   545 PM EST
FEBRUARY  7 2016......SUNRISE   728 AM EST   SUNSET   546 PM EST


-  INDICATES NEGATIVE NUMBERS.
R  INDICATES RECORD WAS SET OR TIED.
MM INDICATES DATA IS MISSING.
T  INDICATES TRACE AMOUNT.




$$
