000
CDUS41 KCLE 230532
CLIYNG


CLIMATE REPORT
NATIONAL WEATHER SERVICE CLEVELAND OH
131 AM EDT TUE AUG 23 2016


...................................

...THE YOUNGSTOWN OH CLIMATE SUMMARY FOR AUGUST 22 2016...

CLIMATE NORMAL PERIOD 1981 TO 2010
CLIMATE RECORD PERIOD 1897 TO 2016


WEATHER ITEM   OBSERVED TIME   RECORD YEAR NORMAL DEPARTURE LAST
                VALUE   (LST)  VALUE       VALUE  FROM      YEAR
                                                  NORMAL
..................................................................
TEMPERATURE (F)
 YESTERDAY
  MAXIMUM         76    355 PM  96    1936  80     -4       76
  MINIMUM         54   1159 PM  39    1988  58     -4       48
  AVERAGE         65                        69     -4       62

PRECIPITATION (IN)
  YESTERDAY        0.03                      0.09  -0.06     0.00
  MONTH TO DATE    3.16                      2.27   0.89     2.49
  SINCE JUN 1     11.33                     10.46   0.87    15.58
  SINCE JAN 1     26.43                     25.25   1.18    30.56

SNOWFALL (IN)
  YESTERDAY        0.0                       0.0    0.0      0.0
  MONTH TO DATE    0.0                       0.0    0.0      0.0
  SINCE JUN 1      0.0                       0.0    0.0      0.0
  SINCE JUL 1      0.0                       0.0    0.0      0.0
  SNOW DEPTH       0

DEGREE DAYS
 HEATING
  YESTERDAY        0                         1     -1        3
  MONTH TO DATE    0                        17    -17        7
  SINCE JUN 1     40                        99    -59       56
  SINCE JUL 1      6                        30    -24       14

 COOLING
  YESTERDAY        0                         5     -5        0
  MONTH TO DATE  215                       118     97      126
  SINCE JUN 1    616                       413    203      421
  SINCE JAN 1    671                       452    219      533
..................................................................


WIND (MPH)
  HIGHEST WIND SPEED    12   HIGHEST WIND DIRECTION     N (10)
  HIGHEST GUST SPEED    15   HIGHEST GUST DIRECTION     N (350)
  AVERAGE WIND SPEED     5.0


SKY COVER
  POSSIBLE SUNSHINE  MM
  AVERAGE SKY COVER 0.5


WEATHER CONDITIONS
 THE FOLLOWING WEATHER WAS RECORDED YESTERDAY.
  LIGHT RAIN
  FOG


RELATIVE HUMIDITY (PERCENT)
 HIGHEST   100           500 AM
 LOWEST     46           300 PM
 AVERAGE    73

..........................................................


THE YOUNGSTOWN OH CLIMATE NORMALS FOR TODAY
                         NORMAL    RECORD    YEAR
 MAXIMUM TEMPERATURE (F)   79        95      1898
 MINIMUM TEMPERATURE (F)   58        43      1973


SUNRISE AND SUNSET
AUGUST 23 2016........SUNRISE   641 AM EDT   SUNSET   809 PM EDT
AUGUST 24 2016........SUNRISE   642 AM EDT   SUNSET   807 PM EDT


-  INDICATES NEGATIVE NUMBERS.
R  INDICATES RECORD WAS SET OR TIED.
MM INDICATES DATA IS MISSING.
T  INDICATES TRACE AMOUNT.




$$
