000
CDUS41 KCLE 262110
CLIYNG


CLIMATE REPORT
NATIONAL WEATHER SERVICE CLEVELAND OH
510 PM EDT MON JUN 26 2017


...................................

...THE YOUNGSTOWN OH CLIMATE SUMMARY FOR JUNE 26 2017...
VALID TODAY AS OF 0500 PM LOCAL TIME.

CLIMATE NORMAL PERIOD 1981 TO 2010
CLIMATE RECORD PERIOD 1897 TO 2017


WEATHER ITEM   OBSERVED TIME   RECORD YEAR NORMAL DEPARTURE LAST
                VALUE   (LST)  VALUE       VALUE  FROM      YEAR
                                                  NORMAL
..................................................................
TEMPERATURE (F)
 TODAY
  MAXIMUM         73    223 PM  99    1952  80     -7       88
  MINIMUM         50    407 AM  46    2004  58     -8       64
                                      1979
  AVERAGE         62                        69     -7       76

PRECIPITATION (IN)
  TODAY            T                         0.14  -0.14     0.00
  MONTH TO DATE    3.95                      3.36   0.59     2.84
  SINCE JUN 1      3.95                      3.36   0.59     2.84
  SINCE JAN 1     25.25                     18.15   7.10    17.94

SNOWFALL (IN)
  TODAY            0.0                       0.0    0.0      0.0
  MONTH TO DATE    0.0                       0.0    0.0      0.0
  SINCE JUN 1      0.0                       0.0    0.0      0.0
  SINCE JUL 1     69.5                      62.7    6.8     44.9
  SNOW DEPTH       0

DEGREE DAYS
 HEATING
  TODAY            3                         1      2        0
  MONTH TO DATE   36                        65    -29       30
  SINCE JUN 1     36                        65    -29       30
  SINCE JUL 1   5252                      6345  -1093     5283

 COOLING
  TODAY            0                         5     -5       11
  MONTH TO DATE  135                        88     47      126
  SINCE JUN 1    135                        88     47      126
  SINCE JAN 1    184                       127     57      181
..................................................................


WIND (MPH)
  HIGHEST WIND SPEED    21   HIGHEST WIND DIRECTION    NW (310)
  HIGHEST GUST SPEED    27   HIGHEST GUST DIRECTION    NW (310)


SKY COVER
  POSSIBLE SUNSHINE  MM
  AVERAGE SKY COVER 0.5


WEATHER CONDITIONS
 THE FOLLOWING WEATHER WAS RECORDED TODAY.
  LIGHT RAIN


RELATIVE HUMIDITY (PERCENT)
 HIGHEST    83           400 AM
 LOWEST     47          1200 PM
 AVERAGE    65

..........................................................


THE YOUNGSTOWN OH CLIMATE NORMALS FOR TOMORROW
                         NORMAL    RECORD    YEAR
 MAXIMUM TEMPERATURE (F)   80        96      1944
 MINIMUM TEMPERATURE (F)   58        42      1897


SUNRISE AND SUNSET
JUNE 26 2017..........SUNRISE   551 AM EDT   SUNSET   900 PM EDT
JUNE 27 2017..........SUNRISE   552 AM EDT   SUNSET   900 PM EDT


-  INDICATES NEGATIVE NUMBERS.
R  INDICATES RECORD WAS SET OR TIED.
MM INDICATES DATA IS MISSING.
T  INDICATES TRACE AMOUNT.




$$
