000
CDUS41 KCLE 150531
CLIYNG


CLIMATE REPORT
NATIONAL WEATHER SERVICE CLEVELAND OH
1230 AM EST THU FEB 15 2018


...................................

...THE YOUNGSTOWN OH CLIMATE SUMMARY FOR FEBRUARY 14 2018...

CLIMATE NORMAL PERIOD 1981 TO 2010
CLIMATE RECORD PERIOD 1897 TO 2018


WEATHER ITEM   OBSERVED TIME   RECORD YEAR NORMAL DEPARTURE LAST
                VALUE   (LST)  VALUE       VALUE  FROM      YEAR
                                                  NORMAL
..................................................................
TEMPERATURE (F)
 YESTERDAY
  MAXIMUM         49    128 PM  68    1938  36     13       49
  MINIMUM         37    838 AM  -6    1979  20     17       27
  AVERAGE         43                        28     15       38

PRECIPITATION (IN)
  YESTERDAY        0.22                      0.08   0.14     0.00
  MONTH TO DATE    1.34                      1.05   0.29     1.50
  SINCE DEC 1      6.59                      6.59   0.00    10.42
  SINCE JAN 1      4.48                      3.60   0.88     6.85

SNOWFALL (IN)
  YESTERDAY        0.0                       0.5   -0.5      0.0
  MONTH TO DATE   14.1                       6.3    7.8      3.6
  SINCE DEC 1     56.2                      37.9   18.3     40.5
  SINCE JUL 1     57.2                      42.3   14.9     44.9
  SNOW DEPTH       T

DEGREE DAYS
 HEATING
  YESTERDAY       22                        37    -15       27
  MONTH TO DATE  549                       531     18      457
  SINCE DEC 1   2949                      2825    124     2538
  SINCE JUL 1   4047                      4154   -107     3510

 COOLING
  YESTERDAY        0                         0      0        0
  MONTH TO DATE    0                         0      0        0
  SINCE DEC 1      0                         0      0        0
  SINCE JAN 1      0                         0      0        0
..................................................................


WIND (MPH)
  HIGHEST WIND SPEED    18   HIGHEST WIND DIRECTION    SW (230)
  HIGHEST GUST SPEED    24   HIGHEST GUST DIRECTION    SW (210)
  AVERAGE WIND SPEED     8.4


SKY COVER
  POSSIBLE SUNSHINE  MM
  AVERAGE SKY COVER 0.8


WEATHER CONDITIONS
 THE FOLLOWING WEATHER WAS RECORDED YESTERDAY.
  LIGHT RAIN
  FOG


RELATIVE HUMIDITY (PERCENT)
 HIGHEST   100           600 PM
 LOWEST     60           100 PM
 AVERAGE    80

..........................................................


THE YOUNGSTOWN OH CLIMATE NORMALS FOR TODAY
                         NORMAL    RECORD    YEAR
 MAXIMUM TEMPERATURE (F)   36        65      1954
 MINIMUM TEMPERATURE (F)   21        -8      2015


SUNRISE AND SUNSET
FEBRUARY 15 2018......SUNRISE   717 AM EST   SUNSET   557 PM EST
FEBRUARY 16 2018......SUNRISE   716 AM EST   SUNSET   558 PM EST


-  INDICATES NEGATIVE NUMBERS.
R  INDICATES RECORD WAS SET OR TIED.
MM INDICATES DATA IS MISSING.
T  INDICATES TRACE AMOUNT.




$$
