000
CDUS41 KCLE 140526
CLIYNG


CLIMATE REPORT
NATIONAL WEATHER SERVICE CLEVELAND OH
125 AM EDT SAT OCT 14 2017


...................................

...THE YOUNGSTOWN OH CLIMATE SUMMARY FOR OCTOBER 13 2017...

CLIMATE NORMAL PERIOD 1981 TO 2010
CLIMATE RECORD PERIOD 1897 TO 2017


WEATHER ITEM   OBSERVED TIME   RECORD YEAR NORMAL DEPARTURE LAST
                VALUE   (LST)  VALUE       VALUE  FROM      YEAR
                                                  NORMAL
..................................................................
TEMPERATURE (F)
 YESTERDAY
  MAXIMUM         74    312 PM  83    1969  62     12       63
                                      1938
  MINIMUM         56    219 AM  29    2012  42     14       36
                                      1963
                                      1957
  AVERAGE         65                        52     13       50

PRECIPITATION (IN)
  YESTERDAY        0.00                      0.09  -0.09     0.23
  MONTH TO DATE    1.55                      1.24   0.31     0.34
  SINCE SEP 1      2.49                      4.99  -2.50     4.54
  SINCE JAN 1     35.21                     31.21   4.00    33.04

SNOWFALL (IN)
  YESTERDAY        0.0                       0.0    0.0      0.0
  MONTH TO DATE    0.0                       0.1   -0.1      0.0
  SINCE SEP 1      0.0                       0.1   -0.1      0.0
  SINCE JUL 1      0.0                       0.1   -0.1      0.0
  SNOW DEPTH       0

DEGREE DAYS
 HEATING
  YESTERDAY        0                        13    -13       15
  MONTH TO DATE   26                       151   -125      102
  SINCE SEP 1    124                       296   -172      142
  SINCE JUL 1    140                       334   -194      148

 COOLING
  YESTERDAY        0                         0      0        0
  MONTH TO DATE   22                         3     19        0
  SINCE SEP 1    125                        55     70      116
  SINCE JAN 1    658                       541    117      859
..................................................................


WIND (MPH)
  HIGHEST WIND SPEED    13   HIGHEST WIND DIRECTION    SE (140)
  HIGHEST GUST SPEED    16   HIGHEST GUST DIRECTION    SE (150)
  AVERAGE WIND SPEED     6.8


SKY COVER
  POSSIBLE SUNSHINE  MM
  AVERAGE SKY COVER 0.8


WEATHER CONDITIONS
 THE FOLLOWING WEATHER WAS RECORDED YESTERDAY.
  FOG


RELATIVE HUMIDITY (PERCENT)
 HIGHEST   100           400 AM
 LOWEST     68           200 PM
 AVERAGE    84

..........................................................


THE YOUNGSTOWN OH CLIMATE NORMALS FOR TODAY
                         NORMAL    RECORD    YEAR
 MAXIMUM TEMPERATURE (F)   61        84      1897
 MINIMUM TEMPERATURE (F)   42        26      1993


SUNRISE AND SUNSET
OCTOBER 14 2017.......SUNRISE   734 AM EDT   SUNSET   643 PM EDT
OCTOBER 15 2017.......SUNRISE   735 AM EDT   SUNSET   641 PM EDT


-  INDICATES NEGATIVE NUMBERS.
R  INDICATES RECORD WAS SET OR TIED.
MM INDICATES DATA IS MISSING.
T  INDICATES TRACE AMOUNT.




$$
