000
CDUS41 KCLE 231113
CLIYNG


CLIMATE REPORT
NATIONAL WEATHER SERVICE CLEVELAND OH
712 AM EDT SAT APR 23 2016


...................................

...THE YOUNGSTOWN OH CLIMATE SUMMARY FOR APRIL 22 2016...

CLIMATE NORMAL PERIOD 1981 TO 2010
CLIMATE RECORD PERIOD 1897 TO 2016


WEATHER ITEM   OBSERVED TIME   RECORD YEAR NORMAL DEPARTURE LAST
                VALUE   (LST)  VALUE       VALUE  FROM      YEAR
                                                  NORMAL
..................................................................
TEMPERATURE (F)
 YESTERDAY
  MAXIMUM         67    313 PM  83    1985  62      5       49
  MINIMUM         48   1159 PM  20    1975  40      8       35
  AVERAGE         58                        51      7       42

PRECIPITATION (IN)
  YESTERDAY        0.39                      0.11   0.28     0.12
  MONTH TO DATE    3.05                      2.51   0.54     2.72
  SINCE MAR 1      6.86                      5.45   1.41     5.05
  SINCE JAN 1     12.05                     10.15   1.90    10.28

SNOWFALL (IN)
  YESTERDAY        0.0                       0.0    0.0       T
  MONTH TO DATE    6.4                       2.8    3.6      0.2
  SINCE MAR 1     10.7                      13.7   -3.0      8.8
  SINCE JUL 1     42.3                      62.5  -20.2     78.3
  SNOW DEPTH       0

DEGREE DAYS
 HEATING
  YESTERDAY        7                        14     -7       23
  MONTH TO DATE  427                       398     29      268
  SINCE MAR 1   1041                      1274   -233     1256
  SINCE JUL 1   4889                      5922  -1033     6374

 COOLING
  YESTERDAY        0                         0      0        0
  MONTH TO DATE    0                         0      0        0
  SINCE MAR 1      0                         1     -1        0
  SINCE JAN 1      0                         1     -1        0
..................................................................


WIND (MPH)
  HIGHEST WIND SPEED    16   HIGHEST WIND DIRECTION    NW (330)
  HIGHEST GUST SPEED    21   HIGHEST GUST DIRECTION     N (360)
  AVERAGE WIND SPEED     7.2


SKY COVER
  POSSIBLE SUNSHINE  MM
  AVERAGE SKY COVER 1.0


WEATHER CONDITIONS
 THE FOLLOWING WEATHER WAS RECORDED YESTERDAY.
  HEAVY RAIN
  RAIN
  LIGHT RAIN
  FOG


RELATIVE HUMIDITY (PERCENT)
 HIGHEST    93          1200 AM
 LOWEST     63           400 PM
 AVERAGE    78

..........................................................


THE YOUNGSTOWN OH CLIMATE NORMALS FOR TODAY
                         NORMAL    RECORD    YEAR
 MAXIMUM TEMPERATURE (F)   62        85      1985
 MINIMUM TEMPERATURE (F)   40        25      1986


SUNRISE AND SUNSET
APRIL 23 2016.........SUNRISE   630 AM EDT   SUNSET   812 PM EDT
APRIL 24 2016.........SUNRISE   629 AM EDT   SUNSET   813 PM EDT


-  INDICATES NEGATIVE NUMBERS.
R  INDICATES RECORD WAS SET OR TIED.
MM INDICATES DATA IS MISSING.
T  INDICATES TRACE AMOUNT.




$$
