000
CDUS41 KCLE 200528
CLIYNG


CLIMATE REPORT
NATIONAL WEATHER SERVICE CLEVELAND OH
1227 AM EST MON NOV 20 2017


...................................

...THE YOUNGSTOWN OH CLIMATE SUMMARY FOR NOVEMBER 19 2017...

CLIMATE NORMAL PERIOD 1981 TO 2010
CLIMATE RECORD PERIOD 1897 TO 2017


WEATHER ITEM   OBSERVED TIME   RECORD YEAR NORMAL DEPARTURE LAST
                VALUE   (LST)  VALUE       VALUE  FROM      YEAR
                                                  NORMAL
..................................................................
TEMPERATURE (F)
 YESTERDAY
  MAXIMUM         41   1202 AM  73    1985  47     -6       61
  MINIMUM         30    821 PM   9    2014  33     -3       31
  AVERAGE         36                        40     -4       46

PRECIPITATION (IN)
  YESTERDAY        0.09                      0.11  -0.02     0.36
  MONTH TO DATE    5.19                      1.99   3.20     0.87
  SINCE SEP 1      8.90                      8.51   0.39    11.18
  SINCE JAN 1     41.62                     34.73   6.89    39.68

SNOWFALL (IN)
  YESTERDAY        0.7                       0.2    0.5      1.7
  MONTH TO DATE    1.0                       1.5   -0.5      1.7
  SINCE SEP 1      1.0                       2.3   -1.3      1.7
  SINCE JUL 1      1.0                       2.3   -1.3      1.7
  SNOW DEPTH       0

DEGREE DAYS
 HEATING
  YESTERDAY       29                        25      4       19
  MONTH TO DATE  458                       409     49      313
  SINCE SEP 1    823                       992   -169      678
  SINCE JUL 1    839                      1030   -191      684

 COOLING
  YESTERDAY        0                         0      0        0
  MONTH TO DATE    0                         0      0        3
  SINCE SEP 1    125                        58     67      136
  SINCE JAN 1    658                       544    114      879
..................................................................


WIND (MPH)
  HIGHEST WIND SPEED    25   HIGHEST WIND DIRECTION     W (270)
  HIGHEST GUST SPEED    38   HIGHEST GUST DIRECTION     W (290)
  AVERAGE WIND SPEED    14.7


SKY COVER
  POSSIBLE SUNSHINE  MM
  AVERAGE SKY COVER 1.0


WEATHER CONDITIONS
 THE FOLLOWING WEATHER WAS RECORDED YESTERDAY.
  LIGHT RAIN
  SNOW
  LIGHT SNOW
  FOG


RELATIVE HUMIDITY (PERCENT)
 HIGHEST    92           100 AM
 LOWEST     70           800 AM
 AVERAGE    81

..........................................................


THE YOUNGSTOWN OH CLIMATE NORMALS FOR TODAY
                         NORMAL    RECORD    YEAR
 MAXIMUM TEMPERATURE (F)   47        74      1931
 MINIMUM TEMPERATURE (F)   33        14      1951


SUNRISE AND SUNSET
NOVEMBER 20 2017......SUNRISE   717 AM EST   SUNSET   459 PM EST
NOVEMBER 21 2017......SUNRISE   718 AM EST   SUNSET   459 PM EST


-  INDICATES NEGATIVE NUMBERS.
R  INDICATES RECORD WAS SET OR TIED.
MM INDICATES DATA IS MISSING.
T  INDICATES TRACE AMOUNT.




$$
