000
CDUS41 KCLE 272111
CLIYNG


CLIMATE REPORT
NATIONAL WEATHER SERVICE CLEVELAND OH
510 PM EDT WED AUG 27 2014


...................................

...THE YOUNGSTOWN OH CLIMATE SUMMARY FOR AUGUST 27 2014...
VALID TODAY AS OF 0500 PM LOCAL TIME.

CLIMATE NORMAL PERIOD 1981 TO 2010
CLIMATE RECORD PERIOD 1897 TO 2014


WEATHER ITEM   OBSERVED TIME   RECORD YEAR NORMAL DEPARTURE LAST
                VALUE   (LST)  VALUE       VALUE  FROM      YEAR
                                                  NORMAL
..................................................................
TEMPERATURE (F)
 TODAY
  MAXIMUM         83    138 PM  96    1948  79      4       82
  MINIMUM         67    619 AM  43    1969  57     10       68
  AVERAGE         75                        68      7       75

PRECIPITATION (IN)
  TODAY            0.00                      0.11  -0.11     0.54
  MONTH TO DATE    5.82                      2.81   3.01     1.78
  SINCE JUN 1     14.03                     11.00   3.03    14.60
  SINCE JAN 1     29.12                     25.79   3.33    26.37

SNOWFALL (IN)
  TODAY            0.0                       0.0    0.0      0.0
  MONTH TO DATE    0.0                       0.0    0.0      0.0
  SINCE JUN 1      0.0                       0.0    0.0       T
  SINCE JUL 1      0.0                       0.0    0.0      0.0
  SNOW DEPTH       0

DEGREE DAYS
 HEATING
  TODAY            0                         1     -1        0
  MONTH TO DATE   17                        22     -5       25
  SINCE JUN 1     73                       104    -31       94
  SINCE JUL 1     45                        35     10       38

 COOLING
  TODAY           10                         4      6       10
  MONTH TO DATE  125                       138    -13       86
  SINCE JUN 1    408                       433    -25      424
  SINCE JAN 1    463                       472     -9      512
..................................................................


WIND (MPH)
  HIGHEST WIND SPEED    17   HIGHEST WIND DIRECTION    NW (330)
  HIGHEST GUST SPEED    21   HIGHEST GUST DIRECTION    NW (330)


SKY COVER
  POSSIBLE SUNSHINE  MM
  AVERAGE SKY COVER 0.8


WEATHER CONDITIONS
 THE FOLLOWING WEATHER WAS RECORDED TODAY.
  FOG


RELATIVE HUMIDITY (PERCENT)
 HIGHEST   100           600 AM
 LOWEST     62           100 PM
 AVERAGE    81

..........................................................


THE YOUNGSTOWN OH CLIMATE NORMALS FOR TOMORROW
                         NORMAL    RECORD    YEAR
 MAXIMUM TEMPERATURE (F)   79        96      1948
 MINIMUM TEMPERATURE (F)   57        41      1982


SUNRISE AND SUNSET
AUGUST 27 2014........SUNRISE   644 AM EDT   SUNSET   804 PM EDT
AUGUST 28 2014........SUNRISE   645 AM EDT   SUNSET   802 PM EDT


-  INDICATES NEGATIVE NUMBERS.
R  INDICATES RECORD WAS SET OR TIED.
MM INDICATES DATA IS MISSING.
T  INDICATES TRACE AMOUNT.




$$
