718
CDUS41 KCLE 210536
CLIYNG


CLIMATE REPORT
NATIONAL WEATHER SERVICE CLEVELAND OH
125 AM EDT FRI JUL 21 2017


...................................

...THE YOUNGSTOWN OH CLIMATE SUMMARY FOR JULY 20 2017...

CLIMATE NORMAL PERIOD 1981 TO 2010
CLIMATE RECORD PERIOD 1897 TO 2017


WEATHER ITEM   OBSERVED TIME   RECORD YEAR NORMAL DEPARTURE LAST
                VALUE   (LST)  VALUE       VALUE  FROM      YEAR
                                                  NORMAL
..................................................................
TEMPERATURE (F)
 YESTERDAY
  MAXIMUM         88    105 PM  95    1991  82      6       83
                                      1934
  MINIMUM         67   1201 AM  46    1997  60      7       51
                                      1965
  AVERAGE         78                        71      7       67

PRECIPITATION (IN)
  YESTERDAY        0.09                      0.15  -0.06     0.00
  MONTH TO DATE    2.06                      2.83  -0.77     2.40
  SINCE JUN 1      8.90                      6.71   2.19     5.34
  SINCE JAN 1     30.20                     21.50   8.70    20.44

SNOWFALL (IN)
  YESTERDAY        0.0                       0.0    0.0      0.0
  MONTH TO DATE    0.0                       0.0    0.0      0.0
  SINCE JUN 1      0.0                       0.0    0.0      0.0
  SINCE JUL 1      0.0                       0.0    0.0      0.0
  SNOW DEPTH       0

DEGREE DAYS
 HEATING
  YESTERDAY        0                         0      0        0
  MONTH TO DATE    0                         8     -8        6
  SINCE JUN 1     44                        77    -33       40
  SINCE JUL 1      0                         8     -8        6

 COOLING
  YESTERDAY       13                         6      7        2
  MONTH TO DATE  143                       120     23      146
  SINCE JUN 1    297                       230     67      288
  SINCE JAN 1    346                       269     77      343
..................................................................


WIND (MPH)
  HIGHEST WIND SPEED    21   HIGHEST WIND DIRECTION    SW (230)
  HIGHEST GUST SPEED    26   HIGHEST GUST DIRECTION    SW (210)
  AVERAGE WIND SPEED     5.8


SKY COVER
  POSSIBLE SUNSHINE  MM
  AVERAGE SKY COVER 0.7


WEATHER CONDITIONS
 THE FOLLOWING WEATHER WAS RECORDED YESTERDAY.
  THUNDERSTORM
  HEAVY RAIN
  RAIN
  LIGHT RAIN


RELATIVE HUMIDITY (PERCENT)
 HIGHEST    90          1000 PM
 LOWEST     55           100 PM
 AVERAGE    73

..........................................................


THE YOUNGSTOWN OH CLIMATE NORMALS FOR TODAY
                         NORMAL    RECORD    YEAR
 MAXIMUM TEMPERATURE (F)   82        99      1934
 MINIMUM TEMPERATURE (F)   60        46      1965


SUNRISE AND SUNSET
JULY 21 2017..........SUNRISE   608 AM EDT   SUNSET   850 PM EDT
JULY 22 2017..........SUNRISE   609 AM EDT   SUNSET   849 PM EDT


-  INDICATES NEGATIVE NUMBERS.
R  INDICATES RECORD WAS SET OR TIED.
MM INDICATES DATA IS MISSING.
T  INDICATES TRACE AMOUNT.




$$
