000
CDUS41 KCLE 290528
CLIYNG


CLIMATE REPORT
NATIONAL WEATHER SERVICE CLEVELAND OH
126 AM EDT WED JUL 29 2015


...................................

...THE YOUNGSTOWN OH CLIMATE SUMMARY FOR JULY 28 2015...

CLIMATE NORMAL PERIOD 1981 TO 2010
CLIMATE RECORD PERIOD 1897 TO 2015


WEATHER ITEM   OBSERVED TIME   RECORD YEAR NORMAL DEPARTURE LAST
                VALUE   (LST)  VALUE       VALUE  FROM      YEAR
                                                  NORMAL
..................................................................
TEMPERATURE (F)
 YESTERDAY
  MAXIMUM         90    439 PM 100    1941  81      9       68
  MINIMUM         63    526 AM  49    1991  60      3       53
                                      1985
  AVERAGE         77                        70      7       61

PRECIPITATION (IN)
  YESTERDAY        0.00                      0.14  -0.14     0.24
  MONTH TO DATE    4.00                      3.93   0.07     3.36
  SINCE JUN 1     13.02                      7.81   5.21     8.16
  SINCE JAN 1     28.00                     22.60   5.40    23.25

SNOWFALL (IN)
  YESTERDAY        0.0                       0.0    0.0      0.0
  MONTH TO DATE    0.0                       0.0    0.0      0.0
  SINCE JUN 1      0.0                       0.0    0.0      0.0
  SINCE JUL 1      0.0                       0.0    0.0      0.0
  SNOW DEPTH       0

DEGREE DAYS
 HEATING
  YESTERDAY        0                         0      0        4
  MONTH TO DATE    7                         8     -1       25
  SINCE JUN 1     49                        77    -28       53
  SINCE JUL 1      7                         8     -1       25

 COOLING
  YESTERDAY       12                         6      6        0
  MONTH TO DATE  153                       168    -15      126
  SINCE JUN 1    263                       278    -15      279
  SINCE JAN 1    375                       317     58      334
..................................................................


WIND (MPH)
  HIGHEST WIND SPEED    10   HIGHEST WIND DIRECTION     N (20)
  HIGHEST GUST SPEED    14   HIGHEST GUST DIRECTION     E (100)
  AVERAGE WIND SPEED     5.9


SKY COVER
  POSSIBLE SUNSHINE  MM
  AVERAGE SKY COVER 0.4


WEATHER CONDITIONS
 THE FOLLOWING WEATHER WAS RECORDED YESTERDAY.
  NO SIGNIFICANT WEATHER WAS OBSERVED.


RELATIVE HUMIDITY (PERCENT)
 HIGHEST    93           200 AM
 LOWEST     36           600 PM
 AVERAGE    65

..........................................................


THE YOUNGSTOWN OH CLIMATE NORMALS FOR TODAY
                         NORMAL    RECORD    YEAR
 MAXIMUM TEMPERATURE (F)   81       101      1941
 MINIMUM TEMPERATURE (F)   60        49      1968


SUNRISE AND SUNSET
JULY 29 2015..........SUNRISE   615 AM EDT   SUNSET   843 PM EDT
JULY 30 2015..........SUNRISE   616 AM EDT   SUNSET   842 PM EDT


-  INDICATES NEGATIVE NUMBERS.
R  INDICATES RECORD WAS SET OR TIED.
MM INDICATES DATA IS MISSING.
T  INDICATES TRACE AMOUNT.




$$
