000
CDUS41 KCLE 110534
CLIYNG


CLIMATE REPORT
NATIONAL WEATHER SERVICE CLEVELAND OH
1234 AM EST WED JAN 11 2017


...................................

...THE YOUNGSTOWN OH CLIMATE SUMMARY FOR JANUARY 10 2017...

CLIMATE NORMAL PERIOD 1981 TO 2010
CLIMATE RECORD PERIOD 1897 TO 2017


WEATHER ITEM   OBSERVED TIME   RECORD YEAR NORMAL DEPARTURE LAST
                VALUE   (LST)  VALUE       VALUE  FROM      YEAR
                                                  NORMAL
..................................................................
TEMPERATURE (F)
 YESTERDAY
  MAXIMUM         47   1111 PM  60    1939  32     15       48
                                      1935
  MINIMUM         25    123 AM  -9    1962  19      6       20
  AVERAGE         36                        26     10       34

PRECIPITATION (IN)
  YESTERDAY        0.55                      0.09   0.46     0.37
  MONTH TO DATE    1.73                      0.88   0.85     0.76
  SINCE DEC 1      5.30                      3.87   1.43     4.95
  SINCE JAN 1      1.73                      0.88   0.85     0.76

SNOWFALL (IN)
  YESTERDAY        1.9                       0.6    1.3      0.8
  MONTH TO DATE    5.7                       5.3    0.4      2.2
  SINCE DEC 1     29.0                      20.3    8.7      3.0
  SINCE JUL 1     33.4                      24.7    8.7      3.4
  SNOW DEPTH       3

DEGREE DAYS
 HEATING
  YESTERDAY       29                        39    -10       31
  MONTH TO DATE  411                       390     21      359
  SINCE DEC 1   1490                      1467     23     1049
  SINCE JUL 1   2462                      2796   -334     2051

 COOLING
  YESTERDAY        0                         0      0        0
  MONTH TO DATE    0                         0      0        0
  SINCE DEC 1      0                         0      0        0
  SINCE JAN 1      0                         0      0        0
..................................................................


WIND (MPH)
  HIGHEST WIND SPEED    35   HIGHEST WIND DIRECTION    SW (220)
  HIGHEST GUST SPEED    45   HIGHEST GUST DIRECTION     W (250)
  AVERAGE WIND SPEED    15.5


SKY COVER
  POSSIBLE SUNSHINE  MM
  AVERAGE SKY COVER 1.0


WEATHER CONDITIONS
 THE FOLLOWING WEATHER WAS RECORDED YESTERDAY.
  LIGHT RAIN
  LT FREEZING RAIN
  SNOW
  LIGHT SNOW
  FOG


RELATIVE HUMIDITY (PERCENT)
 HIGHEST    92           700 AM
 LOWEST     46           300 AM
 AVERAGE    69

..........................................................


THE YOUNGSTOWN OH CLIMATE NORMALS FOR TODAY
                         NORMAL    RECORD    YEAR
 MAXIMUM TEMPERATURE (F)   32        55      1975
                                             1939
 MINIMUM TEMPERATURE (F)   19        -8      1982


SUNRISE AND SUNSET
JANUARY 11 2017.......SUNRISE   747 AM EST   SUNSET   514 PM EST
JANUARY 12 2017.......SUNRISE   747 AM EST   SUNSET   515 PM EST


-  INDICATES NEGATIVE NUMBERS.
R  INDICATES RECORD WAS SET OR TIED.
MM INDICATES DATA IS MISSING.
T  INDICATES TRACE AMOUNT.




$$
