000
CDUS41 KCLE 132221
CLIYNG


CLIMATE REPORT
NATIONAL WEATHER SERVICE CLEVELAND OH
520 PM EST TUE FEB 13 2018


...................................

...THE YOUNGSTOWN OH CLIMATE SUMMARY FOR FEBRUARY 13 2018...
VALID TODAY AS OF 0500 PM LOCAL TIME.

CLIMATE NORMAL PERIOD 1981 TO 2010
CLIMATE RECORD PERIOD 1897 TO 2018


WEATHER ITEM   OBSERVED TIME   RECORD YEAR NORMAL DEPARTURE LAST
                VALUE   (LST)  VALUE       VALUE  FROM      YEAR
                                                  NORMAL
..................................................................
TEMPERATURE (F)
 TODAY
  MAXIMUM         39    359 PM  63    1990  36      3       37
  MINIMUM         11    714 AM  -4    2015  20     -9       25
                                      1981
  AVERAGE         25                        28     -3       31

PRECIPITATION (IN)
  TODAY            0.00                      0.07  -0.07      T
  MONTH TO DATE    1.11                      0.97   0.14     1.50
  SINCE DEC 1      6.36                      6.51  -0.15    10.42
  SINCE JAN 1      4.25                      3.52   0.73     6.85

SNOWFALL (IN)
  TODAY            0.0                       0.4   -0.4       T
  MONTH TO DATE   14.1                       5.8    8.3      3.6
  SINCE DEC 1     56.2                      37.4   18.8     40.5
  SINCE JUL 1     57.2                      41.8   15.4     44.9
  SNOW DEPTH       T

DEGREE DAYS
 HEATING
  TODAY           40                        37      3       34
  MONTH TO DATE  528                       494     34      430
  SINCE DEC 1   2928                      2788    140     2511
  SINCE JUL 1   4026                      4117    -91     3483

 COOLING
  TODAY            0                         0      0        0
  MONTH TO DATE    0                         0      0        0
  SINCE DEC 1      0                         0      0        0
  SINCE JAN 1      0                         0      0        0
..................................................................


WIND (MPH)
  HIGHEST WIND SPEED    13   HIGHEST WIND DIRECTION    SE (130)
  HIGHEST GUST SPEED    16   HIGHEST GUST DIRECTION    SE (140)


SKY COVER
  POSSIBLE SUNSHINE  MM
  AVERAGE SKY COVER 0.6


WEATHER CONDITIONS
 THE FOLLOWING WEATHER WAS RECORDED TODAY.
  NO SIGNIFICANT WEATHER WAS OBSERVED.


RELATIVE HUMIDITY (PERCENT)
 HIGHEST    84           700 AM
 LOWEST     35           200 PM
 AVERAGE    60

..........................................................


THE YOUNGSTOWN OH CLIMATE NORMALS FOR TOMORROW
                         NORMAL    RECORD    YEAR
 MAXIMUM TEMPERATURE (F)   36        68      1938
 MINIMUM TEMPERATURE (F)   20        -6      1979


SUNRISE AND SUNSET
FEBRUARY 13 2018......SUNRISE   720 AM EST   SUNSET   554 PM EST
FEBRUARY 14 2018......SUNRISE   719 AM EST   SUNSET   555 PM EST


-  INDICATES NEGATIVE NUMBERS.
R  INDICATES RECORD WAS SET OR TIED.
MM INDICATES DATA IS MISSING.
T  INDICATES TRACE AMOUNT.




$$
