000
CDUS41 KCLE 140547
CLIYNG


CLIMATE REPORT
NATIONAL WEATHER SERVICE CLEVELAND OH
127 AM EDT SUN SEP 14 2014


...................................

...THE YOUNGSTOWN OH CLIMATE SUMMARY FOR SEPTEMBER 13 2014...

CLIMATE NORMAL PERIOD 1981 TO 2010
CLIMATE RECORD PERIOD 1897 TO 2014


WEATHER ITEM   OBSERVED TIME   RECORD YEAR NORMAL DEPARTURE LAST
                VALUE   (LST)  VALUE       VALUE  FROM      YEAR
                                                  NORMAL
..................................................................
TEMPERATURE (F)
 YESTERDAY
  MAXIMUM         63    112 PM  93    1952  74    -11       63
                                      1931
  MINIMUM         43   1151 PM  35    1964  52     -9       49
  AVERAGE         53                        63    -10       56

PRECIPITATION (IN)
  YESTERDAY        T                         0.13  -0.13     0.11
  MONTH TO DATE    1.41                      1.64  -0.23     1.08
  SINCE SEP 1      1.41                      1.64  -0.23     1.08
  SINCE JAN 1     30.97                     27.86   3.11    28.30

SNOWFALL (IN)
  YESTERDAY        0.0                       0.0    0.0      0.0
  MONTH TO DATE    0.0                       0.0    0.0      0.0
  SINCE SEP 1      0.0                       0.0    0.0      0.0
  SINCE JUL 1      0.0                       0.0    0.0      0.0
  SNOW DEPTH       0

DEGREE DAYS
 HEATING
  YESTERDAY       12                         4      8        9
  MONTH TO DATE   31                        34     -3       28
  SINCE SEP 1     31                        34     -3       28
  SINCE JUL 1     83                        72     11       66

 COOLING
  YESTERDAY        0                         2     -2        0
  MONTH TO DATE   49                        33     16       52
  SINCE SEP 1     49                        33     16       52
  SINCE JAN 1    526                       519      7      604
..................................................................


WIND (MPH)
  HIGHEST WIND SPEED    21   HIGHEST WIND DIRECTION     W (290)
  HIGHEST GUST SPEED    30   HIGHEST GUST DIRECTION     W (280)
  AVERAGE WIND SPEED     6.3


SKY COVER
  POSSIBLE SUNSHINE  MM
  AVERAGE SKY COVER 0.8


WEATHER CONDITIONS
 THE FOLLOWING WEATHER WAS RECORDED YESTERDAY.
  LIGHT RAIN


RELATIVE HUMIDITY (PERCENT)
 HIGHEST    96           300 AM
 LOWEST     57           200 PM
 AVERAGE    77

..........................................................


THE YOUNGSTOWN OH CLIMATE NORMALS FOR TODAY
                         NORMAL    RECORD    YEAR
 MAXIMUM TEMPERATURE (F)   73        90      1931
 MINIMUM TEMPERATURE (F)   52        36      1985


SUNRISE AND SUNSET
SEPTEMBER 14 2014.....SUNRISE   702 AM EDT   SUNSET   734 PM EDT
SEPTEMBER 15 2014.....SUNRISE   703 AM EDT   SUNSET   732 PM EDT


-  INDICATES NEGATIVE NUMBERS.
R  INDICATES RECORD WAS SET OR TIED.
MM INDICATES DATA IS MISSING.
T  INDICATES TRACE AMOUNT.




$$
