000
CDUS41 KCLE 252111
CLIYNG


CLIMATE REPORT
NATIONAL WEATHER SERVICE CLEVELAND OH
510 PM EDT SAT JUL 25 2015


...................................

...THE YOUNGSTOWN OH CLIMATE SUMMARY FOR JULY 25 2015...
VALID TODAY AS OF 0500 PM LOCAL TIME.

CLIMATE NORMAL PERIOD 1981 TO 2010
CLIMATE RECORD PERIOD 1897 TO 2015


WEATHER ITEM   OBSERVED TIME   RECORD YEAR NORMAL DEPARTURE LAST
                VALUE   (LST)  VALUE       VALUE  FROM      YEAR
                                                  NORMAL
..................................................................
TEMPERATURE (F)
 TODAY
  MAXIMUM         86    334 PM  97    1934  81      5       77
  MINIMUM         60    520 AM  44    1953  60      0       47
  AVERAGE         73                        71      2       62

PRECIPITATION (IN)
  TODAY            0.00                      0.14  -0.14     0.03
  MONTH TO DATE    4.00                      3.53   0.47     2.26
  SINCE JUN 1     13.02                      7.41   5.61     7.06
  SINCE JAN 1     28.00                     22.20   5.80    22.15

SNOWFALL (IN)
  TODAY            0.0                       0.0    0.0      0.0
  MONTH TO DATE    0.0                       0.0    0.0      0.0
  SINCE JUN 1      0.0                       0.0    0.0      0.0
  SINCE JUL 1      0.0                       0.0    0.0      0.0
  SNOW DEPTH       0

DEGREE DAYS
 HEATING
  TODAY            0                         0      0        3
  MONTH TO DATE    7                         8     -1       21
  SINCE JUN 1     49                        77    -28       49
  SINCE JUL 1      7                         8     -1       21

 COOLING
  TODAY            8                         6      2        0
  MONTH TO DATE  121                       150    -29      114
  SINCE JUN 1    231                       260    -29      267
  SINCE JAN 1    343                       299     44      322
..................................................................


WIND (MPH)
  HIGHEST WIND SPEED    15   HIGHEST WIND DIRECTION    SW (240)
  HIGHEST GUST SPEED    19   HIGHEST GUST DIRECTION    SW (220)


SKY COVER
  POSSIBLE SUNSHINE  MM
  AVERAGE SKY COVER 0.6


WEATHER CONDITIONS
 THE FOLLOWING WEATHER WAS RECORDED TODAY.
  NO SIGNIFICANT WEATHER WAS OBSERVED.


RELATIVE HUMIDITY (PERCENT)
 HIGHEST    84          1200 AM
 LOWEST     43           200 PM
 AVERAGE    64

..........................................................


THE YOUNGSTOWN OH CLIMATE NORMALS FOR TOMORROW
                         NORMAL    RECORD    YEAR
 MAXIMUM TEMPERATURE (F)   81        97      1940
 MINIMUM TEMPERATURE (F)   60        49      1975


SUNRISE AND SUNSET
JULY 25 2015..........SUNRISE   611 AM EDT   SUNSET   847 PM EDT
JULY 26 2015..........SUNRISE   612 AM EDT   SUNSET   846 PM EDT


-  INDICATES NEGATIVE NUMBERS.
R  INDICATES RECORD WAS SET OR TIED.
MM INDICATES DATA IS MISSING.
T  INDICATES TRACE AMOUNT.




$$
