502
CDUS41 KCLE 240527
CLIYNG


CLIMATE REPORT
NATIONAL WEATHER SERVICE CLEVELAND OH
125 AM EDT TUE MAY 24 2016


...................................

...THE YOUNGSTOWN OH CLIMATE SUMMARY FOR MAY 23 2016...

CLIMATE NORMAL PERIOD 1981 TO 2010
CLIMATE RECORD PERIOD 1897 TO 2016


WEATHER ITEM   OBSERVED TIME   RECORD YEAR NORMAL DEPARTURE LAST
                VALUE   (LST)  VALUE       VALUE  FROM      YEAR
                                                  NORMAL
..................................................................
TEMPERATURE (F)
 YESTERDAY
  MAXIMUM         76    400 PM  95    1941  71      5       73
  MINIMUM         43    507 AM  30    2006  49     -6       31
                                      1967
  AVERAGE         60                        60      0       52

PRECIPITATION (IN)
  YESTERDAY        0.00                      0.13  -0.13     0.00
  MONTH TO DATE    2.29                      2.75  -0.46     1.26
  SINCE MAR 1      9.91                      9.05   0.86     6.47
  SINCE JAN 1     15.10                     13.75   1.35    11.70

SNOWFALL (IN)
  YESTERDAY        0.0                       0.0    0.0      0.0
  MONTH TO DATE    0.2                       0.0    0.2      0.0
  SINCE MAR 1     13.3                      13.9   -0.6      9.5
  SINCE JUL 1     44.9                      62.7  -17.8     79.0
  SNOW DEPTH       0

DEGREE DAYS
 HEATING
  YESTERDAY        5                         7     -2       13
  MONTH TO DATE  244                       208     36      133
  SINCE MAR 1   1403                      1587   -184     1564
  SINCE JUL 1   5251                      6235   -984     6682

 COOLING
  YESTERDAY        0                         1     -1        0
  MONTH TO DATE    0                        16    -16       69
  SINCE MAR 1      0                        25    -25       69
  SINCE JAN 1      0                        25    -25       69
..................................................................


WIND (MPH)
  HIGHEST WIND SPEED    15   HIGHEST WIND DIRECTION    NE (30)
  HIGHEST GUST SPEED    21   HIGHEST GUST DIRECTION     N (360)
  AVERAGE WIND SPEED     5.2


SKY COVER
  POSSIBLE SUNSHINE  MM
  AVERAGE SKY COVER 0.2


WEATHER CONDITIONS
 THE FOLLOWING WEATHER WAS RECORDED YESTERDAY.
  NO SIGNIFICANT WEATHER WAS OBSERVED.


RELATIVE HUMIDITY (PERCENT)
 HIGHEST    93           300 AM
 LOWEST     35           500 PM
 AVERAGE    64

..........................................................


THE YOUNGSTOWN OH CLIMATE NORMALS FOR TODAY
                         NORMAL    RECORD    YEAR
 MAXIMUM TEMPERATURE (F)   71        88      1933
 MINIMUM TEMPERATURE (F)   49        25      1963


SUNRISE AND SUNSET
MAY 24 2016...........SUNRISE   556 AM EDT   SUNSET   843 PM EDT
MAY 25 2016...........SUNRISE   556 AM EDT   SUNSET   844 PM EDT


-  INDICATES NEGATIVE NUMBERS.
R  INDICATES RECORD WAS SET OR TIED.
MM INDICATES DATA IS MISSING.
T  INDICATES TRACE AMOUNT.




$$
