000
CDUS41 KCLE 170527
CLIYNG


CLIMATE REPORT
NATIONAL WEATHER SERVICE CLEVELAND OH
1227 AM EST WED DEC 17 2014


...................................

...THE YOUNGSTOWN OH CLIMATE SUMMARY FOR DECEMBER 16 2014...

CLIMATE NORMAL PERIOD 1981 TO 2010
CLIMATE RECORD PERIOD 1897 TO 2014


WEATHER ITEM   OBSERVED TIME   RECORD YEAR NORMAL DEPARTURE LAST
                VALUE   (LST)  VALUE       VALUE  FROM      YEAR
                                                  NORMAL
..................................................................
TEMPERATURE (F)
 YESTERDAY
  MAXIMUM         50    127 PM  61    1984  36     14       24
  MINIMUM         39    122 AM  -9    1951  24     15       10
  AVERAGE         45                        30     15       17

PRECIPITATION (IN)
  YESTERDAY        0.34                      0.09   0.25     0.01
  MONTH TO DATE    1.61                      1.60   0.01     1.18
  SINCE DEC 1      1.61                      1.60   0.01     1.18
  SINCE JAN 1     38.56                     37.52   1.04    36.79

SNOWFALL (IN)
  YESTERDAY        0.0                       0.6   -0.6      0.1
  MONTH TO DATE    0.2                       7.4   -7.2     11.9
  SINCE DEC 1      0.2                       7.4   -7.2     11.9
  SINCE JUL 1     11.8                      11.8    0.0     26.0
  SNOW DEPTH       0

DEGREE DAYS
 HEATING
  YESTERDAY       20                        35    -15       48
  MONTH TO DATE  466                       520    -54      581
  SINCE DEC 1    466                       520    -54      581
  SINCE JUL 1   1876                      1849     27     1963

 COOLING
  YESTERDAY        0                         0      0        0
  MONTH TO DATE    0                         0      0        0
  SINCE DEC 1      0                         0      0        0
  SINCE JAN 1    533                       544    -11      630
..................................................................


WIND (MPH)
  HIGHEST WIND SPEED    20   HIGHEST WIND DIRECTION     W (250)
  HIGHEST GUST SPEED    25   HIGHEST GUST DIRECTION     W (250)
  AVERAGE WIND SPEED    10.2


SKY COVER
  POSSIBLE SUNSHINE  MM
  AVERAGE SKY COVER 1.0


WEATHER CONDITIONS
 THE FOLLOWING WEATHER WAS RECORDED YESTERDAY.
  LIGHT RAIN
  FOG


RELATIVE HUMIDITY (PERCENT)
 HIGHEST   100          1100 AM
 LOWEST     83           700 PM
 AVERAGE    92

..........................................................


THE YOUNGSTOWN OH CLIMATE NORMALS FOR TODAY
                         NORMAL    RECORD    YEAR
 MAXIMUM TEMPERATURE (F)   36        60      1984
 MINIMUM TEMPERATURE (F)   23       -10      1989


SUNRISE AND SUNSET
DECEMBER 17 2014......SUNRISE   743 AM EST   SUNSET   455 PM EST
DECEMBER 18 2014......SUNRISE   743 AM EST   SUNSET   455 PM EST


-  INDICATES NEGATIVE NUMBERS.
R  INDICATES RECORD WAS SET OR TIED.
MM INDICATES DATA IS MISSING.
T  INDICATES TRACE AMOUNT.




$$
