651
CDUS41 KCLE 200545
CLIYNG


CLIMATE REPORT
NATIONAL WEATHER SERVICE CLEVELAND OH
145 AM EDT SUN AUG 20 2017


...................................

...THE YOUNGSTOWN OH CLIMATE SUMMARY FOR AUGUST 19 2017...

CLIMATE NORMAL PERIOD 1981 TO 2010
CLIMATE RECORD PERIOD 1897 TO 2017


WEATHER ITEM   OBSERVED TIME   RECORD YEAR NORMAL DEPARTURE LAST
                VALUE   (LST)  VALUE       VALUE  FROM      YEAR
                                                  NORMAL
..................................................................
TEMPERATURE (F)
 YESTERDAY
  MAXIMUM         81   1248 PM  92    1947  80      1       85
  MINIMUM         59   1159 PM  46    1953  58      1       60
  AVERAGE         70                        69      1       73

PRECIPITATION (IN)
  YESTERDAY        0.01                      0.10  -0.09     0.05
  MONTH TO DATE    1.57                      1.97  -0.40     2.73
  SINCE JUN 1     10.95                     10.16   0.79    10.90
  SINCE JAN 1     32.25                     24.95   7.30    26.00

SNOWFALL (IN)
  YESTERDAY        0.0                       0.0    0.0      0.0
  MONTH TO DATE    0.0                       0.0    0.0      0.0
  SINCE JUN 1      0.0                       0.0    0.0      0.0
  SINCE JUL 1      0.0                       0.0    0.0      0.0
  SNOW DEPTH       0

DEGREE DAYS
 HEATING
  YESTERDAY        0                         1     -1        0
  MONTH TO DATE    0                        14    -14        0
  SINCE JUN 1     44                        96    -52       40
  SINCE JUL 1      0                        27    -27        6

 COOLING
  YESTERDAY        5                         5      0        8
  MONTH TO DATE   83                       103    -20      198
  SINCE JUN 1    450                       398     52      599
  SINCE JAN 1    499                       437     62      654
..................................................................


WIND (MPH)
  HIGHEST WIND SPEED    16   HIGHEST WIND DIRECTION    NW (310)
  HIGHEST GUST SPEED    22   HIGHEST GUST DIRECTION    NW (310)
  AVERAGE WIND SPEED     6.1


SKY COVER
  POSSIBLE SUNSHINE  MM
  AVERAGE SKY COVER 0.4


WEATHER CONDITIONS
 THE FOLLOWING WEATHER WAS RECORDED YESTERDAY.
  LIGHT RAIN
  FOG


RELATIVE HUMIDITY (PERCENT)
 HIGHEST   100           300 AM
 LOWEST     52           500 PM
 AVERAGE    76

..........................................................


THE YOUNGSTOWN OH CLIMATE NORMALS FOR TODAY
                         NORMAL    RECORD    YEAR
 MAXIMUM TEMPERATURE (F)   80        93      1955
 MINIMUM TEMPERATURE (F)   58        45      1998
                                             1992
                                             1949


SUNRISE AND SUNSET
AUGUST 20 2017........SUNRISE   637 AM EDT   SUNSET   814 PM EDT
AUGUST 21 2017........SUNRISE   638 AM EDT   SUNSET   812 PM EDT


-  INDICATES NEGATIVE NUMBERS.
R  INDICATES RECORD WAS SET OR TIED.
MM INDICATES DATA IS MISSING.
T  INDICATES TRACE AMOUNT.




$$
