000
CDUS41 KCLE 110528
CLIYNG


CLIMATE REPORT
NATIONAL WEATHER SERVICE CLEVELAND OH
127 AM EDT THU SEP 11 2014


...................................

...THE YOUNGSTOWN OH CLIMATE SUMMARY FOR SEPTEMBER 10 2014...

CLIMATE NORMAL PERIOD 1981 TO 2010
CLIMATE RECORD PERIOD 1897 TO 2014


WEATHER ITEM   OBSERVED TIME   RECORD YEAR NORMAL DEPARTURE LAST
                VALUE   (LST)  VALUE       VALUE  FROM      YEAR
                                                  NORMAL
..................................................................
TEMPERATURE (F)
 YESTERDAY
  MAXIMUM         80    311 PM  93    1941  75      5       91
                                      1931
  MINIMUM         62    451 AM  37    1956  53      9       70
  AVERAGE         71                        64      7       81

PRECIPITATION (IN)
  YESTERDAY        0.36                      0.13   0.23      T
  MONTH TO DATE    1.23                      1.25  -0.02     0.01
  SINCE SEP 1      1.23                      1.25  -0.02     0.01
  SINCE JAN 1     30.79                     27.47   3.32    27.23

SNOWFALL (IN)
  YESTERDAY        0.0                       0.0    0.0      0.0
  MONTH TO DATE    0.0                       0.0    0.0      0.0
  SINCE SEP 1      0.0                       0.0    0.0      0.0
  SINCE JUL 1      0.0                       0.0    0.0      0.0
  SNOW DEPTH       0

DEGREE DAYS
 HEATING
  YESTERDAY        0                         3     -3        0
  MONTH TO DATE   10                        23    -13       19
  SINCE SEP 1     10                        23    -13       19
  SINCE JUL 1     62                        61      1       57

 COOLING
  YESTERDAY        6                         2      4       16
  MONTH TO DATE   49                        27     22       33
  SINCE SEP 1     49                        27     22       33
  SINCE JAN 1    526                       513     13      585
..................................................................


WIND (MPH)
  HIGHEST WIND SPEED    18   HIGHEST WIND DIRECTION     S (160)
  HIGHEST GUST SPEED    26   HIGHEST GUST DIRECTION     S (170)
  AVERAGE WIND SPEED    11.0


SKY COVER
  POSSIBLE SUNSHINE  MM
  AVERAGE SKY COVER 0.9


WEATHER CONDITIONS
 THE FOLLOWING WEATHER WAS RECORDED YESTERDAY.
  LIGHT RAIN
  FOG


RELATIVE HUMIDITY (PERCENT)
 HIGHEST    93          1200 AM
 LOWEST     62           300 PM
 AVERAGE    78

..........................................................


THE YOUNGSTOWN OH CLIMATE NORMALS FOR TODAY
                         NORMAL    RECORD    YEAR
 MAXIMUM TEMPERATURE (F)   74        93      1931
 MINIMUM TEMPERATURE (F)   53        34      1995
                                             1967


SUNRISE AND SUNSET
SEPTEMBER 11 2014.....SUNRISE   659 AM EDT   SUNSET   739 PM EDT
SEPTEMBER 12 2014.....SUNRISE   700 AM EDT   SUNSET   737 PM EDT


-  INDICATES NEGATIVE NUMBERS.
R  INDICATES RECORD WAS SET OR TIED.
MM INDICATES DATA IS MISSING.
T  INDICATES TRACE AMOUNT.




$$
