000
CDUS41 KCLE 160527
CLIYNG


CLIMATE REPORT
NATIONAL WEATHER SERVICE CLEVELAND OH
126 AM EDT FRI SEP 16 2016


...................................

...THE YOUNGSTOWN OH CLIMATE SUMMARY FOR SEPTEMBER 15 2016...

CLIMATE NORMAL PERIOD 1981 TO 2010
CLIMATE RECORD PERIOD 1897 TO 2016


WEATHER ITEM   OBSERVED TIME   RECORD YEAR NORMAL DEPARTURE LAST
                VALUE   (LST)  VALUE       VALUE  FROM      YEAR
                                                  NORMAL
..................................................................
TEMPERATURE (F)
 YESTERDAY
  MAXIMUM         72    434 PM  92    1942  73     -1       79
                                      1939
  MINIMUM         51   1134 PM  38    1983  52     -1       53
  AVERAGE         62                        62      0       66

PRECIPITATION (IN)
  YESTERDAY        0.00                      0.13  -0.13     0.00
  MONTH TO DATE    2.22                      1.90   0.32     1.87
  SINCE SEP 1      2.22                      1.90   0.32     1.87
  SINCE JAN 1     30.72                     28.12   2.60    32.77

SNOWFALL (IN)
  YESTERDAY        0.0                       0.0    0.0      0.0
  MONTH TO DATE    0.0                       0.0    0.0      0.0
  SINCE SEP 1      0.0                       0.0    0.0      0.0
  SINCE JUL 1      0.0                       0.0    0.0      0.0
  SNOW DEPTH       0

DEGREE DAYS
 HEATING
  YESTERDAY        3                         4     -1        0
  MONTH TO DATE    9                        42    -33       21
  SINCE SEP 1      9                        42    -33       21
  SINCE JUL 1     15                        80    -65       50

 COOLING
  YESTERDAY        0                         2     -2        1
  MONTH TO DATE   68                        37     31      110
  SINCE SEP 1     68                        37     31      110
  SINCE JAN 1    811                       523    288      670
..................................................................


WIND (MPH)
  HIGHEST WIND SPEED    14   HIGHEST WIND DIRECTION    NE (60)
  HIGHEST GUST SPEED    17   HIGHEST GUST DIRECTION    NE (60)
  AVERAGE WIND SPEED     6.9


SKY COVER
  POSSIBLE SUNSHINE  MM
  AVERAGE SKY COVER 0.6


WEATHER CONDITIONS
 THE FOLLOWING WEATHER WAS RECORDED YESTERDAY.
  NO SIGNIFICANT WEATHER WAS OBSERVED.


RELATIVE HUMIDITY (PERCENT)
 HIGHEST    93          1000 PM
 LOWEST     35           200 PM
 AVERAGE    64

..........................................................


THE YOUNGSTOWN OH CLIMATE NORMALS FOR TODAY
                         NORMAL    RECORD    YEAR
 MAXIMUM TEMPERATURE (F)   72        95      1939
 MINIMUM TEMPERATURE (F)   51        37      1966
                                             1959


SUNRISE AND SUNSET
SEPTEMBER 16 2016.....SUNRISE   705 AM EDT   SUNSET   729 PM EDT
SEPTEMBER 17 2016.....SUNRISE   706 AM EDT   SUNSET   728 PM EDT


-  INDICATES NEGATIVE NUMBERS.
R  INDICATES RECORD WAS SET OR TIED.
MM INDICATES DATA IS MISSING.
T  INDICATES TRACE AMOUNT.




$$
