000
CDUS41 KCLE 150545
CLIYNG


CLIMATE REPORT
NATIONAL WEATHER SERVICE CLEVELAND OH
145 AM EDT MON MAY 15 2017


...................................

...THE YOUNGSTOWN OH CLIMATE SUMMARY FOR MAY 14 2017...

CLIMATE NORMAL PERIOD 1981 TO 2010
CLIMATE RECORD PERIOD 1897 TO 2017


WEATHER ITEM   OBSERVED TIME   RECORD YEAR NORMAL DEPARTURE LAST
                VALUE   (LST)  VALUE       VALUE  FROM      YEAR
                                                  NORMAL
..................................................................
TEMPERATURE (F)
 YESTERDAY
  MAXIMUM         64    213 PM  89    1962  68     -4       54
  MINIMUM         43   1159 PM  28    2013  46     -3       39
  AVERAGE         54                        57     -3       47

PRECIPITATION (IN)
  YESTERDAY        T                         0.12  -0.12     0.37
  MONTH TO DATE    2.06                      1.62   0.44     1.67
  SINCE MAR 1     10.94                      7.92   3.02     9.29
  SINCE JAN 1     18.82                     12.62   6.20    14.48

SNOWFALL (IN)
  YESTERDAY       MM                         0.0   MM        0.0
  MONTH TO DATE    0.0                       0.0    0.0      0.0
  SINCE MAR 1     22.1                      13.9    8.2     13.1
  SINCE JUL 1     69.5                      62.7    6.8     44.7
  SNOW DEPTH       0

DEGREE DAYS
 HEATING
  YESTERDAY       11                         9      2       18
  MONTH TO DATE  197                       141     56      141
  SINCE MAR 1   1378                      1520   -142     1300
  SINCE JUL 1   5162                      6168  -1006     5148

 COOLING
  YESTERDAY        0                         1     -1        0
  MONTH TO DATE    0                         7     -7        0
  SINCE MAR 1     16                        16      0        0
  SINCE JAN 1     16                        16      0        0
..................................................................


WIND (MPH)
  HIGHEST WIND SPEED    22   HIGHEST WIND DIRECTION    NW (320)
  HIGHEST GUST SPEED    27   HIGHEST GUST DIRECTION    NW (320)
  AVERAGE WIND SPEED     9.9


SKY COVER
  POSSIBLE SUNSHINE  MM
  AVERAGE SKY COVER 0.7


WEATHER CONDITIONS
 THE FOLLOWING WEATHER WAS RECORDED YESTERDAY.
  FOG


RELATIVE HUMIDITY (PERCENT)
 HIGHEST   100           600 AM
 LOWEST     47           600 PM
 AVERAGE    74

..........................................................


THE YOUNGSTOWN OH CLIMATE NORMALS FOR TODAY
                         NORMAL    RECORD    YEAR
 MAXIMUM TEMPERATURE (F)   69        87      1991
                                             1962
 MINIMUM TEMPERATURE (F)   46        33      1969


SUNRISE AND SUNSET
MAY 15 2017...........SUNRISE   604 AM EDT   SUNSET   835 PM EDT
MAY 16 2017...........SUNRISE   603 AM EDT   SUNSET   836 PM EDT


-  INDICATES NEGATIVE NUMBERS.
R  INDICATES RECORD WAS SET OR TIED.
MM INDICATES DATA IS MISSING.
T  INDICATES TRACE AMOUNT.




$$
