000
CDUS41 KCLE 120527
CLIYNG


CLIMATE REPORT
NATIONAL WEATHER SERVICE CLEVELAND OH
1227 AM EST FRI DEC 12 2014


...................................

...THE YOUNGSTOWN OH CLIMATE SUMMARY FOR DECEMBER 11 2014...

CLIMATE NORMAL PERIOD 1981 TO 2010
CLIMATE RECORD PERIOD 1897 TO 2014


WEATHER ITEM   OBSERVED TIME   RECORD YEAR NORMAL DEPARTURE LAST
                VALUE   (LST)  VALUE       VALUE  FROM      YEAR
                                                  NORMAL
..................................................................
TEMPERATURE (F)
 YESTERDAY
  MAXIMUM         32    830 PM  61    1979  38     -6       24
  MINIMUM         28   1102 AM  -5    1958  25      3       17
  AVERAGE         30                        32     -2       21

PRECIPITATION (IN)
  YESTERDAY        T                         0.10  -0.10     0.10
  MONTH TO DATE    1.20                      1.12   0.08     0.62
  SINCE DEC 1      1.20                      1.12   0.08     0.62
  SINCE JAN 1     38.15                     37.04   1.11    36.23

SNOWFALL (IN)
  YESTERDAY        T                         0.5   -0.5      2.2
  MONTH TO DATE    0.2                       4.8   -4.6      5.8
  SINCE DEC 1      0.2                       4.8   -4.6      5.8
  SINCE JUL 1     11.8                       9.2    2.6     19.9
  SNOW DEPTH       0

DEGREE DAYS
 HEATING
  YESTERDAY       35                        33      2       44
  MONTH TO DATE  335                       347    -12      362
  SINCE DEC 1    335                       347    -12      362
  SINCE JUL 1   1745                      1676     69     1744

 COOLING
  YESTERDAY        0                         0      0        0
  MONTH TO DATE    0                         0      0        0
  SINCE DEC 1      0                         0      0        0
  SINCE JAN 1    533                       544    -11      630
..................................................................


WIND (MPH)
  HIGHEST WIND SPEED    23   HIGHEST WIND DIRECTION     W (280)
  HIGHEST GUST SPEED    34   HIGHEST GUST DIRECTION     W (270)
  AVERAGE WIND SPEED    15.0


SKY COVER
  POSSIBLE SUNSHINE  MM
  AVERAGE SKY COVER 0.9


WEATHER CONDITIONS
 THE FOLLOWING WEATHER WAS RECORDED YESTERDAY.
  LIGHT SNOW


RELATIVE HUMIDITY (PERCENT)
 HIGHEST    78          1200 AM
 LOWEST     49           500 PM
 AVERAGE    64

..........................................................


THE YOUNGSTOWN OH CLIMATE NORMALS FOR TODAY
                         NORMAL    RECORD    YEAR
 MAXIMUM TEMPERATURE (F)   37        60      1949
 MINIMUM TEMPERATURE (F)   25        -5      1962


SUNRISE AND SUNSET
DECEMBER 12 2014......SUNRISE   739 AM EST   SUNSET   454 PM EST
DECEMBER 13 2014......SUNRISE   740 AM EST   SUNSET   454 PM EST


-  INDICATES NEGATIVE NUMBERS.
R  INDICATES RECORD WAS SET OR TIED.
MM INDICATES DATA IS MISSING.
T  INDICATES TRACE AMOUNT.




$$
