000
CDUS41 KCLE 240527
CLIYNG


CLIMATE REPORT
NATIONAL WEATHER SERVICE CLEVELAND OH
1227 AM EST TUE FEB 24 2015


...................................

...THE YOUNGSTOWN OH CLIMATE SUMMARY FOR FEBRUARY 23 2015...

CLIMATE NORMAL PERIOD 1981 TO 2010
CLIMATE RECORD PERIOD 1897 TO 2015


WEATHER ITEM   OBSERVED TIME   RECORD YEAR NORMAL DEPARTURE LAST
                VALUE   (LST)  VALUE       VALUE  FROM      YEAR
                                                  NORMAL
..................................................................
TEMPERATURE (F)
 YESTERDAY
  MAXIMUM         15   1225 AM  66    1943  38    -23       41
  MINIMUM        -11R  1150 PM  -4    1965  22    -33       24
  AVERAGE          2                        30    -28       33

PRECIPITATION (IN)
  YESTERDAY        0.01                      0.08  -0.07     0.02
  MONTH TO DATE    2.00                      1.73   0.27     2.06
  SINCE DEC 1      7.48                      7.27   0.21     8.01
  SINCE JAN 1      5.16                      4.28   0.88     4.49

SNOWFALL (IN)
  YESTERDAY        0.2                       0.4   -0.2      0.2
  MONTH TO DATE   26.2                      10.4   15.8     18.5
  SINCE DEC 1     56.2                      42.0   14.2     62.0
  SINCE JUL 1     67.8                      46.4   21.4     76.1
  SNOW DEPTH      13

DEGREE DAYS
 HEATING
  YESTERDAY       63                        35     28       32
  MONTH TO DATE 1153                       854    299      976
  SINCE DEC 1   3429                      3148    281     3433
  SINCE JUL 1   4839                      4477    362     4815

 COOLING
  YESTERDAY        0                         0      0        0
  MONTH TO DATE    0                         0      0        0
  SINCE DEC 1      0                         0      0        0
  SINCE JAN 1      0                         0      0        0
..................................................................


WIND (MPH)
  HIGHEST WIND SPEED    22   HIGHEST WIND DIRECTION     N (340)
  HIGHEST GUST SPEED    23   HIGHEST GUST DIRECTION     N (350)
  AVERAGE WIND SPEED     9.3


SKY COVER
  POSSIBLE SUNSHINE  MM
  AVERAGE SKY COVER 0.2


WEATHER CONDITIONS
 THE FOLLOWING WEATHER WAS RECORDED YESTERDAY.
  LIGHT SNOW


RELATIVE HUMIDITY (PERCENT)
 HIGHEST    87           600 AM
 LOWEST     40           600 PM
 AVERAGE    64

..........................................................


THE YOUNGSTOWN OH CLIMATE NORMALS FOR TODAY
                         NORMAL    RECORD    YEAR
 MAXIMUM TEMPERATURE (F)   38        67      1961
 MINIMUM TEMPERATURE (F)   22        -1      1934


SUNRISE AND SUNSET
FEBRUARY 24 2015......SUNRISE   705 AM EST   SUNSET   607 PM EST
FEBRUARY 25 2015......SUNRISE   704 AM EST   SUNSET   608 PM EST


-  INDICATES NEGATIVE NUMBERS.
R  INDICATES RECORD WAS SET OR TIED.
MM INDICATES DATA IS MISSING.
T  INDICATES TRACE AMOUNT.




$$
