000
CDUS41 KCLE 012111
CLIYNG


CLIMATE REPORT
NATIONAL WEATHER SERVICE CLEVELAND OH
511 PM EDT SUN MAY 1 2016


...................................

...THE YOUNGSTOWN OH CLIMATE SUMMARY FOR MAY 1 2016...
VALID TODAY AS OF 0500 PM LOCAL TIME.

CLIMATE NORMAL PERIOD 1981 TO 2010
CLIMATE RECORD PERIOD 1897 TO 2016


WEATHER ITEM   OBSERVED TIME   RECORD YEAR NORMAL DEPARTURE LAST
                VALUE   (LST)  VALUE       VALUE  FROM      YEAR
                                                  NORMAL
..................................................................
TEMPERATURE (F)
 TODAY
  MAXIMUM         72    309 PM  85    1970  65      7       67
  MINIMUM         52    156 AM  25    1978  43      9       38
  AVERAGE         62                        54      8       53

PRECIPITATION (IN)
  TODAY            0.04                      0.11  -0.07     0.00
  MONTH TO DATE    0.04                      0.11  -0.07     0.00
  SINCE MAR 1      7.66                      6.41   1.25     5.21
  SINCE JAN 1     12.85                     11.11   1.74    10.44

SNOWFALL (IN)
  TODAY            0.0                       0.0    0.0      0.0
  MONTH TO DATE    0.0                       0.0    0.0      0.0
  SINCE MAR 1     13.1                      13.9   -0.8      9.5
  SINCE JUL 1     44.7                      62.7  -18.0     79.0
  SNOW DEPTH       0

DEGREE DAYS
 HEATING
  TODAY            3                        12     -9       12
  MONTH TO DATE    3                        12     -9       12
  SINCE MAR 1   1162                      1391   -229     1443
  SINCE JUL 1   5010                      6039  -1029     6561

 COOLING
  TODAY            0                         0      0        0
  MONTH TO DATE    0                         0      0        0
  SINCE MAR 1      0                         9     -9        0
  SINCE JAN 1      0                         9     -9        0
..................................................................


WIND (MPH)
  HIGHEST WIND SPEED    15   HIGHEST WIND DIRECTION     W (250)
  HIGHEST GUST SPEED    20   HIGHEST GUST DIRECTION    SW (240)


SKY COVER
  POSSIBLE SUNSHINE  MM
  AVERAGE SKY COVER 0.9


WEATHER CONDITIONS
 THE FOLLOWING WEATHER WAS RECORDED TODAY.
  RAIN
  LIGHT RAIN
  FOG


RELATIVE HUMIDITY (PERCENT)
 HIGHEST    96          1200 AM
 LOWEST     57           300 PM
 AVERAGE    77

..........................................................


THE YOUNGSTOWN OH CLIMATE NORMALS FOR TOMORROW
                         NORMAL    RECORD    YEAR
 MAXIMUM TEMPERATURE (F)   65        92      1942
 MINIMUM TEMPERATURE (F)   43        29      1963
                                             1961


SUNRISE AND SUNSET
MAY  1 2016...........SUNRISE   620 AM EDT   SUNSET   820 PM EDT
MAY  2 2016...........SUNRISE   618 AM EDT   SUNSET   822 PM EDT


-  INDICATES NEGATIVE NUMBERS.
R  INDICATES RECORD WAS SET OR TIED.
MM INDICATES DATA IS MISSING.
T  INDICATES TRACE AMOUNT.




$$
