000
CDUS41 KCLE 162114
CLIYNG


CLIMATE REPORT
NATIONAL WEATHER SERVICE CLEVELAND OH
512 PM EDT SAT JUL 16 2016


...................................

...THE YOUNGSTOWN OH CLIMATE SUMMARY FOR JULY 16 2016...
VALID TODAY AS OF 0500 PM LOCAL TIME.

CLIMATE NORMAL PERIOD 1981 TO 2010
CLIMATE RECORD PERIOD 1897 TO 2016


WEATHER ITEM   OBSERVED TIME   RECORD YEAR NORMAL DEPARTURE LAST
                VALUE   (LST)  VALUE       VALUE  FROM      YEAR
                                                  NORMAL
..................................................................
TEMPERATURE (F)
 TODAY
  MAXIMUM         78    352 PM 100    1988  82     -4       79
  MINIMUM         60    206 AM  46    2015  60      0       46
  AVERAGE         69                        71     -2       63

PRECIPITATION (IN)
  TODAY            T                         0.15  -0.15     0.00
  MONTH TO DATE    1.84                      2.24  -0.40     3.23
  SINCE JUN 1      4.78                      6.12  -1.34    12.25
  SINCE JAN 1     19.88                     20.91  -1.03    27.23

SNOWFALL (IN)
  TODAY            0.0                       0.0    0.0      0.0
  MONTH TO DATE    0.0                       0.0    0.0      0.0
  SINCE JUN 1      0.0                       0.0    0.0      0.0
  SINCE JUL 1      0.0                       0.0    0.0      0.0
  SNOW DEPTH       0

DEGREE DAYS
 HEATING
  TODAY            0                         0      0        2
  MONTH TO DATE    6                         8     -2        7
  SINCE JUN 1     40                        77    -37       49
  SINCE JUL 1      6                         8     -2        7

 COOLING
  TODAY            4                         6     -2        0
  MONTH TO DATE  122                        96     26       56
  SINCE JUN 1    264                       206     58      166
  SINCE JAN 1    319                       245     74      278
..................................................................


WIND (MPH)
  HIGHEST WIND SPEED    14   HIGHEST WIND DIRECTION     N (340)
  HIGHEST GUST SPEED    18   HIGHEST GUST DIRECTION     N (360)


SKY COVER
  POSSIBLE SUNSHINE  MM
  AVERAGE SKY COVER 0.7


WEATHER CONDITIONS
 THE FOLLOWING WEATHER WAS RECORDED TODAY.
  LIGHT RAIN


RELATIVE HUMIDITY (PERCENT)
 HIGHEST    93           300 AM
 LOWEST     54           400 PM
 AVERAGE    74

..........................................................


THE YOUNGSTOWN OH CLIMATE NORMALS FOR TOMORROW
                         NORMAL    RECORD    YEAR
 MAXIMUM TEMPERATURE (F)   82        98      1931
 MINIMUM TEMPERATURE (F)   60        47      1974


SUNRISE AND SUNSET
JULY 16 2016..........SUNRISE   604 AM EDT   SUNSET   853 PM EDT
JULY 17 2016..........SUNRISE   605 AM EDT   SUNSET   853 PM EDT


-  INDICATES NEGATIVE NUMBERS.
R  INDICATES RECORD WAS SET OR TIED.
MM INDICATES DATA IS MISSING.
T  INDICATES TRACE AMOUNT.




$$
