000
CDUS41 KCLE 072117
CLIYNG


CLIMATE REPORT
NATIONAL WEATHER SERVICE CLEVELAND OH
516 PM EDT MON APR 7 2014


...................................

...THE YOUNGSTOWN OH CLIMATE SUMMARY FOR APRIL 7 2014...
VALID TODAY AS OF 0500 PM LOCAL TIME.

CLIMATE NORMAL PERIOD 1981 TO 2010
CLIMATE RECORD PERIOD 1897 TO 2014


WEATHER ITEM   OBSERVED TIME   RECORD YEAR NORMAL DEPARTURE LAST
                VALUE   (LST)  VALUE       VALUE  FROM      YEAR
                                                  NORMAL
..................................................................
TEMPERATURE (F)
 TODAY
  MAXIMUM         52        MM  81    2010  56     -4       73
                                      2001
                                      1991
  MINIMUM         42        MM  18    1972  35      7       41
  AVERAGE         47                        45      2       57

PRECIPITATION (IN)
  TODAY            0.12                      0.12   0.00     0.00
  MONTH TO DATE    1.10                      0.81   0.29     0.06
  SINCE MAR 1      3.04                      3.75  -0.71     2.77
  SINCE JAN 1      7.73                      8.45  -0.72     7.07

SNOWFALL (IN)
  TODAY            0.0                       0.2   -0.2      0.0
  MONTH TO DATE    T                         1.3   -1.3      0.6
  SINCE MAR 1      7.9                      12.2   -4.3     20.5
  SINCE JUL 1     88.9                      61.0   27.9     80.9
  SNOW DEPTH       0

DEGREE DAYS
 HEATING
  TODAY           18                        20     -2        8
  MONTH TO DATE  131                       147    -16      191
  SINCE MAR 1   1209                      1023    186     1165
  SINCE JUL 1   6277                      5671    606     5607

 COOLING
  TODAY            0                         0      0        0
  MONTH TO DATE    0                         0      0        0
  SINCE MAR 1      0                         1     -1        0
  SINCE JAN 1      0                         1     -1        0
..................................................................


WIND (MPH)
  HIGHEST WIND SPEED    17   HIGHEST WIND DIRECTION    SE (130)
  HIGHEST GUST SPEED    23   HIGHEST GUST DIRECTION     E (90)


SKY COVER
  POSSIBLE SUNSHINE  MM
  AVERAGE SKY COVER 1.0


WEATHER CONDITIONS
 THE FOLLOWING WEATHER WAS RECORDED TODAY.
  RAIN
  LIGHT RAIN
  FOG


RELATIVE HUMIDITY (PERCENT)
 HIGHEST    96           400 PM
 LOWEST     44          1100 AM
 AVERAGE    70

..........................................................


THE YOUNGSTOWN OH CLIMATE NORMALS FOR TOMORROW
                         NORMAL    RECORD    YEAR
 MAXIMUM TEMPERATURE (F)   56        81      2001
 MINIMUM TEMPERATURE (F)   36        14      1982


SUNRISE AND SUNSET
APRIL  7 2014.........SUNRISE   656 AM EDT   SUNSET   754 PM EDT
APRIL  8 2014.........SUNRISE   654 AM EDT   SUNSET   755 PM EDT


-  INDICATES NEGATIVE NUMBERS.
R  INDICATES RECORD WAS SET OR TIED.
MM INDICATES DATA IS MISSING.
T  INDICATES TRACE AMOUNT.




$$
