532
CDUS41 KCLE 130528
CLIYNG


CLIMATE REPORT
NATIONAL WEATHER SERVICE CLEVELAND OH
1226 AM EST MON NOV 13 2017


...................................

...THE YOUNGSTOWN OH CLIMATE SUMMARY FOR NOVEMBER 12 2017...

CLIMATE NORMAL PERIOD 1981 TO 2010
CLIMATE RECORD PERIOD 1897 TO 2017


WEATHER ITEM   OBSERVED TIME   RECORD YEAR NORMAL DEPARTURE LAST
                VALUE   (LST)  VALUE       VALUE  FROM      YEAR
                                                  NORMAL
..................................................................
TEMPERATURE (F)
 YESTERDAY
  MAXIMUM         43    400 PM  73    1949  51     -8       48
  MINIMUM         23    635 AM  19    1950  35    -12       27
  AVERAGE         33                        43    -10       38

PRECIPITATION (IN)
  YESTERDAY        0.01                      0.10  -0.09     0.00
  MONTH TO DATE    2.77                      1.22   1.55     0.51
  SINCE SEP 1      6.48                      7.74  -1.26    10.82
  SINCE JAN 1     39.20                     33.96   5.24    39.32

SNOWFALL (IN)
  YESTERDAY        0.0                       0.1   -0.1      0.0
  MONTH TO DATE    0.3                       0.8   -0.5      0.0
  SINCE SEP 1      0.3                       1.6   -1.3      0.0
  SINCE JUL 1      0.3                       1.6   -1.3      0.0
  SNOW DEPTH       0

DEGREE DAYS
 HEATING
  YESTERDAY       32                        22     10       27
  MONTH TO DATE  278                       244     34      176
  SINCE SEP 1    643                       827   -184      541
  SINCE JUL 1    659                       865   -206      547

 COOLING
  YESTERDAY        0                         0      0        0
  MONTH TO DATE    0                         0      0        3
  SINCE SEP 1    125                        58     67      136
  SINCE JAN 1    658                       544    114      879
..................................................................


WIND (MPH)
  HIGHEST WIND SPEED     8   HIGHEST WIND DIRECTION     E (110)
  HIGHEST GUST SPEED    10   HIGHEST GUST DIRECTION    SE (120)
  AVERAGE WIND SPEED     3.6


SKY COVER
  POSSIBLE SUNSHINE  MM
  AVERAGE SKY COVER 0.9


WEATHER CONDITIONS
 THE FOLLOWING WEATHER WAS RECORDED YESTERDAY.
  LIGHT RAIN


RELATIVE HUMIDITY (PERCENT)
 HIGHEST    74           700 AM
 LOWEST     39           300 PM
 AVERAGE    57

..........................................................


THE YOUNGSTOWN OH CLIMATE NORMALS FOR TODAY
                         NORMAL    RECORD    YEAR
 MAXIMUM TEMPERATURE (F)   50        71      1989
 MINIMUM TEMPERATURE (F)   35        17      1986


SUNRISE AND SUNSET
NOVEMBER 13 2017......SUNRISE   709 AM EST   SUNSET   505 PM EST
NOVEMBER 14 2017......SUNRISE   710 AM EST   SUNSET   504 PM EST


-  INDICATES NEGATIVE NUMBERS.
R  INDICATES RECORD WAS SET OR TIED.
MM INDICATES DATA IS MISSING.
T  INDICATES TRACE AMOUNT.




$$
