000
CDUS41 KCLE 262115
CLIYNG


CLIMATE REPORT
NATIONAL WEATHER SERVICE CLEVELAND OH
514 PM EDT TUE AUG 26 2014


...................................

...THE YOUNGSTOWN OH CLIMATE SUMMARY FOR AUGUST 26 2014...
VALID TODAY AS OF 0500 PM LOCAL TIME.

CLIMATE NORMAL PERIOD 1981 TO 2010
CLIMATE RECORD PERIOD 1897 TO 2014


WEATHER ITEM   OBSERVED TIME   RECORD YEAR NORMAL DEPARTURE LAST
                VALUE   (LST)  VALUE       VALUE  FROM      YEAR
                                                  NORMAL
..................................................................
TEMPERATURE (F)
 TODAY
  MAXIMUM         85    317 PM  95    1948  79      6       86
  MINIMUM         63    622 AM  40    1897  57      6       64
  AVERAGE         74                        68      6       75

PRECIPITATION (IN)
  TODAY            0.00                      0.11  -0.11     0.05
  MONTH TO DATE    5.82                      2.70   3.12     1.24
  SINCE JUN 1     14.03                     10.89   3.14    14.06
  SINCE JAN 1     29.12                     25.68   3.44    25.83

SNOWFALL (IN)
  TODAY            0.0                       0.0    0.0      0.0
  MONTH TO DATE    0.0                       0.0    0.0      0.0
  SINCE JUN 1      0.0                       0.0    0.0       T
  SINCE JUL 1      0.0                       0.0    0.0      0.0
  SNOW DEPTH       0

DEGREE DAYS
 HEATING
  TODAY            0                         1     -1        0
  MONTH TO DATE   17                        21     -4       25
  SINCE JUN 1     73                       103    -30       94
  SINCE JUL 1     45                        34     11       38

 COOLING
  TODAY            9                         4      5       10
  MONTH TO DATE  115                       134    -19       76
  SINCE JUN 1    398                       429    -31      414
  SINCE JAN 1    453                       468    -15      502
..................................................................


WIND (MPH)
  HIGHEST WIND SPEED    10   HIGHEST WIND DIRECTION    SW (220)
  HIGHEST GUST SPEED    15   HIGHEST GUST DIRECTION    SW (210)


SKY COVER
  POSSIBLE SUNSHINE  MM
  AVERAGE SKY COVER 0.5


WEATHER CONDITIONS
 THE FOLLOWING WEATHER WAS RECORDED TODAY.
  NO SIGNIFICANT WEATHER WAS OBSERVED.


RELATIVE HUMIDITY (PERCENT)
 HIGHEST    84           100 AM
 LOWEST     55           200 PM
 AVERAGE    70

..........................................................


THE YOUNGSTOWN OH CLIMATE NORMALS FOR TOMORROW
                         NORMAL    RECORD    YEAR
 MAXIMUM TEMPERATURE (F)   79        96      1948
 MINIMUM TEMPERATURE (F)   57        43      1969


SUNRISE AND SUNSET
AUGUST 26 2014........SUNRISE   643 AM EDT   SUNSET   805 PM EDT
AUGUST 27 2014........SUNRISE   644 AM EDT   SUNSET   804 PM EDT


-  INDICATES NEGATIVE NUMBERS.
R  INDICATES RECORD WAS SET OR TIED.
MM INDICATES DATA IS MISSING.
T  INDICATES TRACE AMOUNT.




$$
