762
CDUS41 KCLE 240545
CLIYNG


CLIMATE REPORT
NATIONAL WEATHER SERVICE CLEVELAND OH
145 AM EDT MON APR 24 2017


...................................

...THE YOUNGSTOWN OH CLIMATE SUMMARY FOR APRIL 23 2017...

CLIMATE NORMAL PERIOD 1981 TO 2010
CLIMATE RECORD PERIOD 1897 TO 2017


WEATHER ITEM   OBSERVED TIME   RECORD YEAR NORMAL DEPARTURE LAST
                VALUE   (LST)  VALUE       VALUE  FROM      YEAR
                                                  NORMAL
..................................................................
TEMPERATURE (F)
 YESTERDAY
  MAXIMUM         70    357 PM  85    1985  62      8       54
  MINIMUM         31    600 AM  25    1986  40     -9       39
  AVERAGE         51                        51      0       47

PRECIPITATION (IN)
  YESTERDAY        0.00                      0.11  -0.11     0.00
  MONTH TO DATE    2.15                      2.62  -0.47     3.05
  SINCE MAR 1      7.19                      5.56   1.63     6.86
  SINCE JAN 1     15.07                     10.26   4.81    12.05

SNOWFALL (IN)
  YESTERDAY        0.0                       0.1   -0.1      0.0
  MONTH TO DATE    2.0                       2.9   -0.9      8.8
  SINCE MAR 1     22.1                      13.8    8.3     13.1
  SINCE JUL 1     69.5                      62.6    6.9     44.7
  SNOW DEPTH       0

DEGREE DAYS
 HEATING
  YESTERDAY       14                        14      0       18
  MONTH TO DATE  275                       412   -137      445
  SINCE MAR 1   1145                      1288   -143     1059
  SINCE JUL 1   4929                      5936  -1007     4907

 COOLING
  YESTERDAY        0                         0      0        0
  MONTH TO DATE   14                         0     14        0
  SINCE MAR 1     14                         1     13        0
  SINCE JAN 1     14                         1     13        0
..................................................................


WIND (MPH)
  HIGHEST WIND SPEED    14   HIGHEST WIND DIRECTION     N (360)
  HIGHEST GUST SPEED    17   HIGHEST GUST DIRECTION     E (110)
  AVERAGE WIND SPEED     6.2


SKY COVER
  POSSIBLE SUNSHINE  MM
  AVERAGE SKY COVER 0.4


WEATHER CONDITIONS
 THE FOLLOWING WEATHER WAS RECORDED YESTERDAY.
  NO SIGNIFICANT WEATHER WAS OBSERVED.


RELATIVE HUMIDITY (PERCENT)
 HIGHEST   100           600 AM
 LOWEST     22           300 PM
 AVERAGE    61

..........................................................


THE YOUNGSTOWN OH CLIMATE NORMALS FOR TODAY
                         NORMAL    RECORD    YEAR
 MAXIMUM TEMPERATURE (F)   63        88      1897
 MINIMUM TEMPERATURE (F)   41        26      2003


SUNRISE AND SUNSET
APRIL 24 2017.........SUNRISE   629 AM EDT   SUNSET   813 PM EDT
APRIL 25 2017.........SUNRISE   628 AM EDT   SUNSET   814 PM EDT


-  INDICATES NEGATIVE NUMBERS.
R  INDICATES RECORD WAS SET OR TIED.
MM INDICATES DATA IS MISSING.
T  INDICATES TRACE AMOUNT.




$$
