000
CDUS41 KCLE 140529
CLIYNG


CLIMATE REPORT
NATIONAL WEATHER SERVICE CLEVELAND OH
128 AM EDT MON APR 14 2014


...................................

...THE YOUNGSTOWN OH CLIMATE SUMMARY FOR APRIL 13 2014...

CLIMATE NORMAL PERIOD 1981 TO 2010
CLIMATE RECORD PERIOD 1897 TO 2014


WEATHER ITEM   OBSERVED TIME   RECORD YEAR NORMAL DEPARTURE LAST
                VALUE   (LST)  VALUE       VALUE  FROM      YEAR
                                                  NORMAL
..................................................................
TEMPERATURE (F)
 YESTERDAY
  MAXIMUM         80    230 PM  81    1977  58     22       44
                                      1941
  MINIMUM         61    606 AM  16    1950  37     24       32
  AVERAGE         71                        48     23       38

PRECIPITATION (IN)
  YESTERDAY        0.00                      0.12  -0.12      T
  MONTH TO DATE    2.13                      1.51   0.62     1.79
  SINCE MAR 1      4.07                      4.45  -0.38     4.50
  SINCE JAN 1      8.76                      9.15  -0.39     8.80

SNOWFALL (IN)
  YESTERDAY        0.0                       0.2   -0.2      0.0
  MONTH TO DATE    T                         2.2   -2.2      0.6
  SINCE MAR 1      7.9                      13.1   -5.2     20.5
  SINCE JUL 1     88.9                      61.9   27.0     80.9
  SNOW DEPTH       0

DEGREE DAYS
 HEATING
  YESTERDAY        0                        17    -17       27
  MONTH TO DATE  207                       257    -50      270
  SINCE MAR 1   1285                      1133    152     1244
  SINCE JUL 1   6353                      5781    572     5686

 COOLING
  YESTERDAY        6                         0      6        0
  MONTH TO DATE    6                         0      6        0
  SINCE MAR 1      6                         1      5        0
  SINCE JAN 1      6                         1      5        0
..................................................................


WIND (MPH)
  HIGHEST WIND SPEED    28   HIGHEST WIND DIRECTION    SW (220)
  HIGHEST GUST SPEED    36   HIGHEST GUST DIRECTION    SW (230)
  AVERAGE WIND SPEED    12.5


SKY COVER
  POSSIBLE SUNSHINE  MM
  AVERAGE SKY COVER 0.9


WEATHER CONDITIONS
 THE FOLLOWING WEATHER WAS RECORDED YESTERDAY.
  NO SIGNIFICANT WEATHER WAS OBSERVED.


RELATIVE HUMIDITY (PERCENT)
 HIGHEST    56           700 AM
 LOWEST     35           500 PM
 AVERAGE    46

..........................................................


THE YOUNGSTOWN OH CLIMATE NORMALS FOR TODAY
                         NORMAL    RECORD    YEAR
 MAXIMUM TEMPERATURE (F)   59        85      1941
 MINIMUM TEMPERATURE (F)   38        11      1950


SUNRISE AND SUNSET
APRIL 14 2014.........SUNRISE   645 AM EDT   SUNSET   802 PM EDT
APRIL 15 2014.........SUNRISE   643 AM EDT   SUNSET   803 PM EDT


-  INDICATES NEGATIVE NUMBERS.
R  INDICATES RECORD WAS SET OR TIED.
MM INDICATES DATA IS MISSING.
T  INDICATES TRACE AMOUNT.




$$
