000
CDUS41 KCLE 110530
CLIYNG


CLIMATE REPORT
NATIONAL WEATHER SERVICE CLEVELAND OH
1229 AM EST THU JAN 11 2018


...................................

...THE YOUNGSTOWN OH CLIMATE SUMMARY FOR JANUARY 10 2018...

CLIMATE NORMAL PERIOD 1981 TO 2010
CLIMATE RECORD PERIOD 1897 TO 2018


WEATHER ITEM   OBSERVED TIME   RECORD YEAR NORMAL DEPARTURE LAST
                VALUE   (LST)  VALUE       VALUE  FROM      YEAR
                                                  NORMAL
..................................................................
TEMPERATURE (F)
 YESTERDAY
  MAXIMUM         49   1156 PM  60    1939  32     17       47
                                      1935
  MINIMUM         22    256 AM  -9    1962  19      3       25
  AVERAGE         36                        26     10       36

PRECIPITATION (IN)
  YESTERDAY        0.01                      0.09  -0.08     0.55
  MONTH TO DATE    0.41                      0.88  -0.47     1.73
  SINCE DEC 1      2.52                      3.87  -1.35     5.30
  SINCE JAN 1      0.41                      0.88  -0.47     1.73

SNOWFALL (IN)
  YESTERDAY        0.0                       0.6   -0.6      1.9
  MONTH TO DATE    6.8                       5.3    1.5      5.7
  SINCE DEC 1     25.8                      20.3    5.5     29.0
  SINCE JUL 1     26.8                      24.7    2.1     33.4
  SNOW DEPTH       3

DEGREE DAYS
 HEATING
  YESTERDAY       29                        39    -10       29
  MONTH TO DATE  504                       390    114      411
  SINCE DEC 1   1655                      1467    188     1490
  SINCE JUL 1   2753                      2796    -43     2462

 COOLING
  YESTERDAY        0                         0      0        0
  MONTH TO DATE    0                         0      0        0
  SINCE DEC 1      0                         0      0        0
  SINCE JAN 1      0                         0      0        0
..................................................................


WIND (MPH)
  HIGHEST WIND SPEED    16   HIGHEST WIND DIRECTION     E (110)
  HIGHEST GUST SPEED    23   HIGHEST GUST DIRECTION    SE (150)
  AVERAGE WIND SPEED     9.6


SKY COVER
  POSSIBLE SUNSHINE  MM
  AVERAGE SKY COVER 0.8


WEATHER CONDITIONS
 THE FOLLOWING WEATHER WAS RECORDED YESTERDAY.
  LIGHT RAIN
  FOG
  HAZE


RELATIVE HUMIDITY (PERCENT)
 HIGHEST    92           300 AM
 LOWEST     70           300 PM
 AVERAGE    81

..........................................................


THE YOUNGSTOWN OH CLIMATE NORMALS FOR TODAY
                         NORMAL    RECORD    YEAR
 MAXIMUM TEMPERATURE (F)   32        56      2017
 MINIMUM TEMPERATURE (F)   19        -8      1982


SUNRISE AND SUNSET
JANUARY 11 2018.......SUNRISE   747 AM EST   SUNSET   514 PM EST
JANUARY 12 2018.......SUNRISE   747 AM EST   SUNSET   515 PM EST


-  INDICATES NEGATIVE NUMBERS.
R  INDICATES RECORD WAS SET OR TIED.
MM INDICATES DATA IS MISSING.
T  INDICATES TRACE AMOUNT.




$$
