000
CDUS41 KCLE 250531
CLIYNG


CLIMATE REPORT
NATIONAL WEATHER SERVICE CLEVELAND OH
130 AM EDT MON AUG 25 2014


...................................

...THE YOUNGSTOWN OH CLIMATE SUMMARY FOR AUGUST 24 2014...

CLIMATE NORMAL PERIOD 1981 TO 2010
CLIMATE RECORD PERIOD 1897 TO 2014


WEATHER ITEM   OBSERVED TIME   RECORD YEAR NORMAL DEPARTURE LAST
                VALUE   (LST)  VALUE       VALUE  FROM      YEAR
                                                  NORMAL
..................................................................
TEMPERATURE (F)
 YESTERDAY
  MAXIMUM         79    417 PM  94    1936  79      0       80
                                      1898
  MINIMUM         62    512 AM  42    1971  58      4       49
  AVERAGE         71                        68      3       65

PRECIPITATION (IN)
  YESTERDAY        0.00                      0.10  -0.10     0.00
  MONTH TO DATE    5.82                      2.48   3.34     1.19
  SINCE JUN 1     14.03                     10.67   3.36    14.01
  SINCE JAN 1     29.12                     25.46   3.66    25.78

SNOWFALL (IN)
  YESTERDAY        0.0                       0.0    0.0      0.0
  MONTH TO DATE    0.0                       0.0    0.0      0.0
  SINCE JUN 1      0.0                       0.0    0.0       T
  SINCE JUL 1      0.0                       0.0    0.0      0.0
  SNOW DEPTH       0

DEGREE DAYS
 HEATING
  YESTERDAY        0                         1     -1        0
  MONTH TO DATE   17                        19     -2       25
  SINCE JUN 1     73                       101    -28       94
  SINCE JUL 1     45                        32     13       38

 COOLING
  YESTERDAY        6                         4      2        0
  MONTH TO DATE  101                       126    -25       63
  SINCE JUN 1    384                       421    -37      401
  SINCE JAN 1    439                       460    -21      489
..................................................................


WIND (MPH)
  HIGHEST WIND SPEED    15   HIGHEST WIND DIRECTION    SE (130)
  HIGHEST GUST SPEED    17   HIGHEST GUST DIRECTION    SE (140)
  AVERAGE WIND SPEED     6.9


SKY COVER
  POSSIBLE SUNSHINE  MM
  AVERAGE SKY COVER 0.7


WEATHER CONDITIONS
 THE FOLLOWING WEATHER WAS RECORDED YESTERDAY.
  NO SIGNIFICANT WEATHER WAS OBSERVED.


RELATIVE HUMIDITY (PERCENT)
 HIGHEST    93           300 AM
 LOWEST     60           600 PM
 AVERAGE    77

..........................................................


THE YOUNGSTOWN OH CLIMATE NORMALS FOR TODAY
                         NORMAL    RECORD    YEAR
 MAXIMUM TEMPERATURE (F)   79        94      1948
 MINIMUM TEMPERATURE (F)   57        42      1987


SUNRISE AND SUNSET
AUGUST 25 2014........SUNRISE   642 AM EDT   SUNSET   807 PM EDT
AUGUST 26 2014........SUNRISE   643 AM EDT   SUNSET   805 PM EDT


-  INDICATES NEGATIVE NUMBERS.
R  INDICATES RECORD WAS SET OR TIED.
MM INDICATES DATA IS MISSING.
T  INDICATES TRACE AMOUNT.




$$
