000
CDUS41 KCLE 050532
CLIYNG


CLIMATE REPORT
NATIONAL WEATHER SERVICE CLEVELAND OH
1231 AM EST FRI FEB 5 2016


...................................

...THE YOUNGSTOWN OH CLIMATE SUMMARY FOR FEBRUARY 4 2016...

CLIMATE NORMAL PERIOD 1981 TO 2010
CLIMATE RECORD PERIOD 1897 TO 2016


WEATHER ITEM   OBSERVED TIME   RECORD YEAR NORMAL DEPARTURE LAST
                VALUE   (LST)  VALUE       VALUE  FROM      YEAR
                                                  NORMAL
..................................................................
TEMPERATURE (F)
 YESTERDAY
  MAXIMUM         38   1248 AM  62    1991  34      4       36
  MINIMUM         28   1159 PM  -9    1978  19      9       20
  AVERAGE         33                        27      6       28

PRECIPITATION (IN)
  YESTERDAY        0.10                      0.08   0.02     0.26
  MONTH TO DATE    1.02                      0.30   0.72     1.18
  SINCE DEC 1      6.62                      5.84   0.78     6.66
  SINCE JAN 1      2.43                      2.85  -0.42     4.34

SNOWFALL (IN)
  YESTERDAY        1.0                       0.5    0.5      3.7
  MONTH TO DATE    1.0                       1.9   -0.9     11.8
  SINCE DEC 1     13.6                      33.5  -19.9     41.8
  SINCE JUL 1     14.0                      37.9  -23.9     53.4
  SNOW DEPTH       0

DEGREE DAYS
 HEATING
  YESTERDAY       32                        38     -6       37
  MONTH TO DATE  101                       155    -54      167
  SINCE DEC 1   1990                      2449   -459     2443
  SINCE JUL 1   2992                      3778   -786     3853

 COOLING
  YESTERDAY        0                         0      0        0
  MONTH TO DATE    0                         0      0        0
  SINCE DEC 1      0                         0      0        0
  SINCE JAN 1      0                         0      0        0
..................................................................


WIND (MPH)
  HIGHEST WIND SPEED    17   HIGHEST WIND DIRECTION     W (260)
  HIGHEST GUST SPEED    24   HIGHEST GUST DIRECTION     W (260)
  AVERAGE WIND SPEED     8.1


SKY COVER
  POSSIBLE SUNSHINE  MM
  AVERAGE SKY COVER 1.0


WEATHER CONDITIONS
 THE FOLLOWING WEATHER WAS RECORDED YESTERDAY.
  LIGHT SNOW
  SLEET
  FOG


RELATIVE HUMIDITY (PERCENT)
 HIGHEST    89           500 AM
 LOWEST     64           100 AM
 AVERAGE    77

..........................................................


THE YOUNGSTOWN OH CLIMATE NORMALS FOR TODAY
                         NORMAL    RECORD    YEAR
 MAXIMUM TEMPERATURE (F)   34        58      2008
 MINIMUM TEMPERATURE (F)   20        -5      2007


SUNRISE AND SUNSET
FEBRUARY  5 2016......SUNRISE   730 AM EST   SUNSET   544 PM EST
FEBRUARY  6 2016......SUNRISE   729 AM EST   SUNSET   545 PM EST


-  INDICATES NEGATIVE NUMBERS.
R  INDICATES RECORD WAS SET OR TIED.
MM INDICATES DATA IS MISSING.
T  INDICATES TRACE AMOUNT.




$$
