000
CDUS41 KCLE 210546
CLIYNG


CLIMATE REPORT
NATIONAL WEATHER SERVICE CLEVELAND OH
145 AM EDT THU APR 21 2016


...................................

...THE YOUNGSTOWN OH CLIMATE SUMMARY FOR APRIL 20 2016...

CLIMATE NORMAL PERIOD 1981 TO 2010
CLIMATE RECORD PERIOD 1897 TO 2016


WEATHER ITEM   OBSERVED TIME   RECORD YEAR NORMAL DEPARTURE LAST
                VALUE   (LST)  VALUE       VALUE  FROM      YEAR
                                                  NORMAL
..................................................................
TEMPERATURE (F)
 YESTERDAY
  MAXIMUM         71    543 PM  85    1941  61     10       68
  MINIMUM         35    556 AM  24    1953  40     -5       46
  AVERAGE         53                        50      3       57

PRECIPITATION (IN)
  YESTERDAY        0.00                      0.11  -0.11     0.44
  MONTH TO DATE    2.59                      2.29   0.30     2.60
  SINCE MAR 1      6.40                      5.23   1.17     4.93
  SINCE JAN 1     11.59                      9.93   1.66    10.16

SNOWFALL (IN)
  YESTERDAY        0.0                       0.1   -0.1      0.0
  MONTH TO DATE    6.4                       2.8    3.6      0.2
  SINCE MAR 1     10.7                      13.7   -3.0      8.8
  SINCE JUL 1     42.3                      62.5  -20.2     78.3
  SNOW DEPTH       0

DEGREE DAYS
 HEATING
  YESTERDAY       12                        15     -3        8
  MONTH TO DATE  418                       369     49      229
  SINCE MAR 1   1032                      1245   -213     1217
  SINCE JUL 1   4880                      5893  -1013     6335

 COOLING
  YESTERDAY        0                         0      0        0
  MONTH TO DATE    0                         0      0        0
  SINCE MAR 1      0                         1     -1        0
  SINCE JAN 1      0                         1     -1        0
..................................................................


WIND (MPH)
  HIGHEST WIND SPEED    17   HIGHEST WIND DIRECTION     E (110)
  HIGHEST GUST SPEED    23   HIGHEST GUST DIRECTION     E (100)
  AVERAGE WIND SPEED     7.8


SKY COVER
  POSSIBLE SUNSHINE  MM
  AVERAGE SKY COVER 0.6


WEATHER CONDITIONS
 THE FOLLOWING WEATHER WAS RECORDED YESTERDAY.
  NO SIGNIFICANT WEATHER WAS OBSERVED.


RELATIVE HUMIDITY (PERCENT)
 HIGHEST    75           600 AM
 LOWEST     15           400 PM
 AVERAGE    45

..........................................................


THE YOUNGSTOWN OH CLIMATE NORMALS FOR TODAY
                         NORMAL    RECORD    YEAR
 MAXIMUM TEMPERATURE (F)   61        85      1985
 MINIMUM TEMPERATURE (F)   40        23      2013


SUNRISE AND SUNSET
APRIL 21 2016.........SUNRISE   633 AM EDT   SUNSET   810 PM EDT
APRIL 22 2016.........SUNRISE   632 AM EDT   SUNSET   811 PM EDT


-  INDICATES NEGATIVE NUMBERS.
R  INDICATES RECORD WAS SET OR TIED.
MM INDICATES DATA IS MISSING.
T  INDICATES TRACE AMOUNT.




$$
