000
CDUS41 KCLE 232110
CLIYNG


CLIMATE REPORT
NATIONAL WEATHER SERVICE CLEVELAND OH
510 PM EDT SAT AUG 23 2014


...................................

...THE YOUNGSTOWN OH CLIMATE SUMMARY FOR AUGUST 23 2014...
VALID TODAY AS OF 0500 PM LOCAL TIME.

CLIMATE NORMAL PERIOD 1981 TO 2010
CLIMATE RECORD PERIOD 1897 TO 2014


WEATHER ITEM   OBSERVED TIME   RECORD YEAR NORMAL DEPARTURE LAST
                VALUE   (LST)  VALUE       VALUE  FROM      YEAR
                                                  NORMAL
..................................................................
TEMPERATURE (F)
 TODAY
  MAXIMUM         82    357 PM  95    1898  79      3       81
  MINIMUM         64    638 AM  43    1973  58      6       56
  AVERAGE         73                        68      5       69

PRECIPITATION (IN)
  TODAY            0.00                      0.11  -0.11      T
  MONTH TO DATE    5.82                      2.38   3.44     1.19
  SINCE JUN 1     14.03                     10.57   3.46    14.01
  SINCE JAN 1     29.12                     25.36   3.76    25.78

SNOWFALL (IN)
  TODAY            0.0                       0.0    0.0      0.0
  MONTH TO DATE    0.0                       0.0    0.0      0.0
  SINCE JUN 1      0.0                       0.0    0.0       T
  SINCE JUL 1      0.0                       0.0    0.0      0.0
  SNOW DEPTH       0

DEGREE DAYS
 HEATING
  TODAY            0                         1     -1        0
  MONTH TO DATE   17                        18     -1       25
  SINCE JUN 1     73                       100    -27       94
  SINCE JUL 1     45                        31     14       38

 COOLING
  TODAY            8                         4      4        4
  MONTH TO DATE   95                       122    -27       63
  SINCE JUN 1    378                       417    -39      401
  SINCE JAN 1    433                       456    -23      489
..................................................................


WIND (MPH)
  HIGHEST WIND SPEED    12   HIGHEST WIND DIRECTION    NW (320)
  HIGHEST GUST SPEED    15   HIGHEST GUST DIRECTION     N (10)


SKY COVER
  POSSIBLE SUNSHINE  MM
  AVERAGE SKY COVER 0.6


WEATHER CONDITIONS
 THE FOLLOWING WEATHER WAS RECORDED TODAY.
  FOG
  FOG W/VISIBILITY <= 1/4 MILE
  HAZE


RELATIVE HUMIDITY (PERCENT)
 HIGHEST    93           200 AM
 LOWEST     58           200 PM
 AVERAGE    76

..........................................................


THE YOUNGSTOWN OH CLIMATE NORMALS FOR TOMORROW
                         NORMAL    RECORD    YEAR
 MAXIMUM TEMPERATURE (F)   79        94      1936
                                             1898
 MINIMUM TEMPERATURE (F)   58        42      1971


SUNRISE AND SUNSET
AUGUST 23 2014........SUNRISE   640 AM EDT   SUNSET   810 PM EDT
AUGUST 24 2014........SUNRISE   641 AM EDT   SUNSET   808 PM EDT


-  INDICATES NEGATIVE NUMBERS.
R  INDICATES RECORD WAS SET OR TIED.
MM INDICATES DATA IS MISSING.
T  INDICATES TRACE AMOUNT.




$$
