141
CDUS41 KCLE 080541
CLIYNG


CLIMATE REPORT
NATIONAL WEATHER SERVICE CLEVELAND OH
1241 AM EST FRI DEC 8 2017


...................................

...THE YOUNGSTOWN OH CLIMATE SUMMARY FOR DECEMBER 7 2017...

CLIMATE NORMAL PERIOD 1981 TO 2010
CLIMATE RECORD PERIOD 1897 TO 2017


WEATHER ITEM   OBSERVED TIME   RECORD YEAR NORMAL DEPARTURE LAST
                VALUE   (LST)  VALUE       VALUE  FROM      YEAR
                                                  NORMAL
..................................................................
TEMPERATURE (F)
 YESTERDAY
  MAXIMUM         36    126 PM  67    1998  39     -3       38
  MINIMUM         22   1124 PM   7    1977  27     -5       31
                                      1958
  AVERAGE         29                        33     -4       35

PRECIPITATION (IN)
  YESTERDAY        T                         0.10  -0.10      T
  MONTH TO DATE    0.18                      0.70  -0.52     0.52
  SINCE DEC 1      0.18                      0.70  -0.52     0.52
  SINCE JAN 1     42.04                     36.62   5.42    41.29

SNOWFALL (IN)
  YESTERDAY        0.1                       0.5   -0.4      0.0
  MONTH TO DATE    0.1                       2.9   -2.8      0.7
  SINCE DEC 1      0.1                       2.9   -2.8      0.7
  SINCE JUL 1      1.1                       7.3   -6.2      5.1
  SNOW DEPTH       0

DEGREE DAYS
 HEATING
  YESTERDAY       36                        32      4       30
  MONTH TO DATE  195                       216    -21      207
  SINCE DEC 1    195                       216    -21      207
  SINCE JUL 1   1293                      1545   -252     1179

 COOLING
  YESTERDAY        0                         0      0        0
  MONTH TO DATE    0                         0      0        0
  SINCE DEC 1      0                         0      0        0
  SINCE JAN 1    658                       544    114      879
..................................................................


WIND (MPH)
  HIGHEST WIND SPEED    20   HIGHEST WIND DIRECTION    SW (220)
  HIGHEST GUST SPEED    27   HIGHEST GUST DIRECTION    SW (220)
  AVERAGE WIND SPEED    12.1


SKY COVER
  POSSIBLE SUNSHINE  MM
  AVERAGE SKY COVER 0.7


WEATHER CONDITIONS
 THE FOLLOWING WEATHER WAS RECORDED YESTERDAY.
  LIGHT SNOW


RELATIVE HUMIDITY (PERCENT)
 HIGHEST    68           700 PM
 LOWEST     43           200 PM
 AVERAGE    56

..........................................................


THE YOUNGSTOWN OH CLIMATE NORMALS FOR TODAY
                         NORMAL    RECORD    YEAR
 MAXIMUM TEMPERATURE (F)   39        65      1966
 MINIMUM TEMPERATURE (F)   26         1      2005


SUNRISE AND SUNSET
DECEMBER  8 2017......SUNRISE   736 AM EST   SUNSET   453 PM EST
DECEMBER  9 2017......SUNRISE   737 AM EST   SUNSET   453 PM EST


-  INDICATES NEGATIVE NUMBERS.
R  INDICATES RECORD WAS SET OR TIED.
MM INDICATES DATA IS MISSING.
T  INDICATES TRACE AMOUNT.




$$
