000
CDUS41 KCLE 150527
CLIYNG


CLIMATE REPORT
NATIONAL WEATHER SERVICE CLEVELAND OH
127 AM EDT SUN MAY 15 2016


...................................

...THE YOUNGSTOWN OH CLIMATE SUMMARY FOR MAY 14 2016...

CLIMATE NORMAL PERIOD 1981 TO 2010
CLIMATE RECORD PERIOD 1897 TO 2016


WEATHER ITEM   OBSERVED TIME   RECORD YEAR NORMAL DEPARTURE LAST
                VALUE   (LST)  VALUE       VALUE  FROM      YEAR
                                                  NORMAL
..................................................................
TEMPERATURE (F)
 YESTERDAY
  MAXIMUM         54    945 AM  89    1962  68    -14       67
  MINIMUM         39   1159 PM  28    2013  46     -7       32
  AVERAGE         47                        57    -10       50

PRECIPITATION (IN)
  YESTERDAY        0.37                      0.12   0.25     0.00
  MONTH TO DATE    1.67                      1.62   0.05     1.04
  SINCE MAR 1      9.29                      7.92   1.37     6.25
  SINCE JAN 1     14.48                     12.62   1.86    11.48

SNOWFALL (IN)
  YESTERDAY        0.0                       0.0    0.0      0.0
  MONTH TO DATE    0.0                       0.0    0.0      0.0
  SINCE MAR 1     13.1                      13.9   -0.8      9.5
  SINCE JUL 1     44.7                      62.7  -18.0     79.0
  SNOW DEPTH       0

DEGREE DAYS
 HEATING
  YESTERDAY       18                         9      9       15
  MONTH TO DATE  141                       141      0       67
  SINCE MAR 1   1300                      1520   -220     1498
  SINCE JUL 1   5148                      6168  -1020     6616

 COOLING
  YESTERDAY        0                         1     -1        0
  MONTH TO DATE    0                         7     -7       47
  SINCE MAR 1      0                        16    -16       47
  SINCE JAN 1      0                        16    -16       47
..................................................................


WIND (MPH)
  HIGHEST WIND SPEED    25   HIGHEST WIND DIRECTION     W (270)
  HIGHEST GUST SPEED    35   HIGHEST GUST DIRECTION     W (250)
  AVERAGE WIND SPEED    11.5


SKY COVER
  POSSIBLE SUNSHINE  MM
  AVERAGE SKY COVER 0.9


WEATHER CONDITIONS
 THE FOLLOWING WEATHER WAS RECORDED YESTERDAY.
  RAIN
  LIGHT RAIN
  FOG


RELATIVE HUMIDITY (PERCENT)
 HIGHEST    93           100 PM
 LOWEST     65           500 PM
 AVERAGE    79

..........................................................


THE YOUNGSTOWN OH CLIMATE NORMALS FOR TODAY
                         NORMAL    RECORD    YEAR
 MAXIMUM TEMPERATURE (F)   69        87      1991
                                             1962
 MINIMUM TEMPERATURE (F)   46        33      1969


SUNRISE AND SUNSET
MAY 15 2016...........SUNRISE   604 AM EDT   SUNSET   835 PM EDT
MAY 16 2016...........SUNRISE   603 AM EDT   SUNSET   836 PM EDT


-  INDICATES NEGATIVE NUMBERS.
R  INDICATES RECORD WAS SET OR TIED.
MM INDICATES DATA IS MISSING.
T  INDICATES TRACE AMOUNT.




$$
