000
CDUS41 KCLE 142112
CLIYNG


CLIMATE REPORT
NATIONAL WEATHER SERVICE CLEVELAND OH
511 PM EDT THU JUL 14 2016


...................................

...THE YOUNGSTOWN OH CLIMATE SUMMARY FOR JULY 14 2016...
VALID TODAY AS OF 0500 PM LOCAL TIME.

CLIMATE NORMAL PERIOD 1981 TO 2010
CLIMATE RECORD PERIOD 1897 TO 2016


WEATHER ITEM   OBSERVED TIME   RECORD YEAR NORMAL DEPARTURE LAST
                VALUE   (LST)  VALUE       VALUE  FROM      YEAR
                                                  NORMAL
..................................................................
TEMPERATURE (F)
 TODAY
  MAXIMUM         86    357 PM 100    1954  82      4       78
  MINIMUM         68    707 AM  49    2009  60      8       66
                                      2007
  AVERAGE         77                        71      6       72

PRECIPITATION (IN)
  TODAY            0.06                      0.15  -0.09     1.68
  MONTH TO DATE    1.84                      1.95  -0.11     3.16
  SINCE JUN 1      4.78                      5.83  -1.05    12.18
  SINCE JAN 1     19.88                     20.62  -0.74    27.16

SNOWFALL (IN)
  TODAY            0.0                       0.0    0.0      0.0
  MONTH TO DATE    0.0                       0.0    0.0      0.0
  SINCE JUN 1      0.0                       0.0    0.0      0.0
  SINCE JUL 1      0.0                       0.0    0.0      0.0
  SNOW DEPTH       0

DEGREE DAYS
 HEATING
  TODAY            0                         0      0        0
  MONTH TO DATE    6                         8     -2        2
  SINCE JUN 1     40                        77    -37       44
  SINCE JUL 1      6                         8     -2        2

 COOLING
  TODAY           12                         6      6        7
  MONTH TO DATE  108                        84     24       56
  SINCE JUN 1    250                       194     56      166
  SINCE JAN 1    305                       233     72      278
..................................................................


WIND (MPH)
  HIGHEST WIND SPEED    17   HIGHEST WIND DIRECTION    SW (240)
  HIGHEST GUST SPEED    23   HIGHEST GUST DIRECTION     W (270)


SKY COVER
  POSSIBLE SUNSHINE  MM
  AVERAGE SKY COVER 0.9


WEATHER CONDITIONS
 THE FOLLOWING WEATHER WAS RECORDED TODAY.
  THUNDERSTORM
  LIGHT RAIN
  FOG


RELATIVE HUMIDITY (PERCENT)
 HIGHEST    90          1200 AM
 LOWEST     51           300 PM
 AVERAGE    71

..........................................................


THE YOUNGSTOWN OH CLIMATE NORMALS FOR TOMORROW
                         NORMAL    RECORD    YEAR
 MAXIMUM TEMPERATURE (F)   82       102      1936
 MINIMUM TEMPERATURE (F)   60        46      1960


SUNRISE AND SUNSET
JULY 14 2016..........SUNRISE   602 AM EDT   SUNSET   855 PM EDT
JULY 15 2016..........SUNRISE   603 AM EDT   SUNSET   854 PM EDT


-  INDICATES NEGATIVE NUMBERS.
R  INDICATES RECORD WAS SET OR TIED.
MM INDICATES DATA IS MISSING.
T  INDICATES TRACE AMOUNT.




$$
