000
CDUS41 KCLE 052113
CLIYNG


CLIMATE REPORT
NATIONAL WEATHER SERVICE CLEVELAND OH
510 PM EDT THU OCT 5 2017


...................................

...THE YOUNGSTOWN OH CLIMATE SUMMARY FOR OCTOBER 5 2017...
VALID TODAY AS OF 0500 PM LOCAL TIME.

CLIMATE NORMAL PERIOD 1981 TO 2010
CLIMATE RECORD PERIOD 1897 TO 2017


WEATHER ITEM   OBSERVED TIME   RECORD YEAR NORMAL DEPARTURE LAST
                VALUE   (LST)  VALUE       VALUE  FROM      YEAR
                                                  NORMAL
..................................................................
TEMPERATURE (F)
 TODAY
  MAXIMUM         70    133 AM  87    1951  64      6       73
  MINIMUM         62    823 AM  29    1980  45     17       54
                                      1897
  AVERAGE         66                        54     12       64

PRECIPITATION (IN)
  TODAY            0.03                      0.10  -0.07     0.00
  MONTH TO DATE    0.03                      0.49  -0.46     0.11
  SINCE SEP 1      0.97                      4.24  -3.27     4.31
  SINCE JAN 1     33.69                     30.46   3.23    32.81

SNOWFALL (IN)
  TODAY            0.0                       0.0    0.0      0.0
  MONTH TO DATE    0.0                       0.0    0.0      0.0
  SINCE SEP 1      0.0                       0.0    0.0      0.0
  SINCE JUL 1      0.0                       0.0    0.0      0.0
  SNOW DEPTH       0

DEGREE DAYS
 HEATING
  TODAY            0                        11    -11        1
  MONTH TO DATE   20                        52    -32       24
  SINCE SEP 1    118                       197    -79       64
  SINCE JUL 1    134                       235   -101       70

 COOLING
  TODAY            1                         0      1        0
  MONTH TO DATE    5                         3      2        0
  SINCE SEP 1    108                        55     53      116
  SINCE JAN 1    641                       541    100      859
..................................................................


WIND (MPH)
  HIGHEST WIND SPEED    16   HIGHEST WIND DIRECTION    NW (320)
  HIGHEST GUST SPEED    19   HIGHEST GUST DIRECTION    NW (330)


SKY COVER
  POSSIBLE SUNSHINE  MM
  AVERAGE SKY COVER 1.0


WEATHER CONDITIONS
 THE FOLLOWING WEATHER WAS RECORDED TODAY.
  THUNDERSTORM
  LIGHT RAIN
  FOG


RELATIVE HUMIDITY (PERCENT)
 HIGHEST   100           400 AM
 LOWEST     68           400 PM
 AVERAGE    84

..........................................................


THE YOUNGSTOWN OH CLIMATE NORMALS FOR TOMORROW
                         NORMAL    RECORD    YEAR
 MAXIMUM TEMPERATURE (F)   64        86      1946
 MINIMUM TEMPERATURE (F)   44        28      1965


SUNRISE AND SUNSET
OCTOBER  5 2017.......SUNRISE   724 AM EDT   SUNSET   657 PM EDT
OCTOBER  6 2017.......SUNRISE   725 AM EDT   SUNSET   656 PM EDT


-  INDICATES NEGATIVE NUMBERS.
R  INDICATES RECORD WAS SET OR TIED.
MM INDICATES DATA IS MISSING.
T  INDICATES TRACE AMOUNT.




$$
