000
CDUS41 KCLE 010530
CLIYNG


CLIMATE REPORT
NATIONAL WEATHER SERVICE CLEVELAND OH
1229 AM EST MON FEB 1 2016


...................................

...THE YOUNGSTOWN OH CLIMATE SUMMARY FOR JANUARY 31 2016...

CLIMATE NORMAL PERIOD 1981 TO 2010
CLIMATE RECORD PERIOD 1897 TO 2016


WEATHER ITEM   OBSERVED TIME   RECORD YEAR NORMAL DEPARTURE LAST
                VALUE   (LST)  VALUE       VALUE  FROM      YEAR
                                                  NORMAL
..................................................................
TEMPERATURE (F)
 YESTERDAY
  MAXIMUM         59   1233 PM  61    2002  33     26       28
  MINIMUM         47    101 AM  -9    1948  19     28        2
  AVERAGE         53                        26     27       15

PRECIPITATION (IN)
  YESTERDAY        T                         0.08  -0.08     0.00
  MONTH TO DATE    1.41                      2.55  -1.14     3.16
  SINCE DEC 1      5.60                      5.54   0.06     5.48
  SINCE JAN 1      1.41                      2.55  -1.14     3.16

SNOWFALL (IN)
  YESTERDAY        0.0                       0.5   -0.5      0.0
  MONTH TO DATE   11.8                      16.6   -4.8     29.3
  SINCE DEC 1     12.6                      31.6  -19.0     30.0
  SINCE JUL 1     13.0                      36.0  -23.0     41.6
  SNOW DEPTH       0

DEGREE DAYS
 HEATING
  YESTERDAY       12                        39    -27       50
  MONTH TO DATE 1199                      1215    -16     1343
  SINCE DEC 1   1889                      2294   -405     2276
  SINCE JUL 1   2891                      3623   -732     3686

 COOLING
  YESTERDAY        0                         0      0        0
  MONTH TO DATE    0                         0      0        0
  SINCE DEC 1      0                         0      0        0
  SINCE JAN 1      0                         0      0        0
..................................................................


WIND (MPH)
  HIGHEST WIND SPEED    21   HIGHEST WIND DIRECTION    SW (220)
  HIGHEST GUST SPEED    32   HIGHEST GUST DIRECTION    SW (220)
  AVERAGE WIND SPEED    10.8


SKY COVER
  POSSIBLE SUNSHINE  MM
  AVERAGE SKY COVER 1.0


WEATHER CONDITIONS
 THE FOLLOWING WEATHER WAS RECORDED YESTERDAY.
  NO SIGNIFICANT WEATHER WAS OBSERVED.


RELATIVE HUMIDITY (PERCENT)
 HIGHEST    66           400 PM
 LOWEST     46          1200 AM
 AVERAGE    56

..........................................................


THE YOUNGSTOWN OH CLIMATE NORMALS FOR TODAY
                         NORMAL    RECORD    YEAR
 MAXIMUM TEMPERATURE (F)   33        60      1989
 MINIMUM TEMPERATURE (F)   19        -7      1971


SUNRISE AND SUNSET
FEBRUARY  1 2016......SUNRISE   734 AM EST   SUNSET   539 PM EST
FEBRUARY  2 2016......SUNRISE   733 AM EST   SUNSET   540 PM EST


-  INDICATES NEGATIVE NUMBERS.
R  INDICATES RECORD WAS SET OR TIED.
MM INDICATES DATA IS MISSING.
T  INDICATES TRACE AMOUNT.




$$
