000
CDUS41 KCLE 110535
CLIYNG


CLIMATE REPORT
NATIONAL WEATHER SERVICE CLEVELAND OH
134 AM EDT FRI APR 11 2014


...................................

...THE YOUNGSTOWN OH CLIMATE SUMMARY FOR APRIL 10 2014...

CLIMATE NORMAL PERIOD 1981 TO 2010
CLIMATE RECORD PERIOD 1897 TO 2014


WEATHER ITEM   OBSERVED TIME   RECORD YEAR NORMAL DEPARTURE LAST
                VALUE   (LST)  VALUE       VALUE  FROM      YEAR
                                                  NORMAL
..................................................................
TEMPERATURE (F)
 YESTERDAY
  MAXIMUM         69    536 PM  80    2011  57     12       77
                                      1945
  MINIMUM         40    349 AM  16    1997  36      4       45
  AVERAGE         55                        47      8       61

PRECIPITATION (IN)
  YESTERDAY        0.05                      0.12  -0.07     1.10
  MONTH TO DATE    1.59                      1.16   0.43     1.17
  SINCE MAR 1      3.53                      4.10  -0.57     3.88
  SINCE JAN 1      8.22                      8.80  -0.58     8.18

SNOWFALL (IN)
  YESTERDAY        0.0                       0.1   -0.1       T
  MONTH TO DATE    T                         1.7   -1.7      0.6
  SINCE MAR 1      7.9                      12.6   -4.7     20.5
  SINCE JUL 1     88.9                      61.4   27.5     80.9
  SNOW DEPTH       0

DEGREE DAYS
 HEATING
  YESTERDAY       10                        19     -9        4
  MONTH TO DATE  180                       204    -24      211
  SINCE MAR 1   1258                      1080    178     1185
  SINCE JUL 1   6326                      5728    598     5627

 COOLING
  YESTERDAY        0                         0      0        0
  MONTH TO DATE    0                         0      0        0
  SINCE MAR 1      0                         1     -1        0
  SINCE JAN 1      0                         1     -1        0
..................................................................


WIND (MPH)
  HIGHEST WIND SPEED    26   HIGHEST WIND DIRECTION    SW (210)
  HIGHEST GUST SPEED    38   HIGHEST GUST DIRECTION    SW (220)
  AVERAGE WIND SPEED    13.3


SKY COVER
  POSSIBLE SUNSHINE  MM
  AVERAGE SKY COVER 0.5


WEATHER CONDITIONS
 THE FOLLOWING WEATHER WAS RECORDED YESTERDAY.
  RAIN
  LIGHT RAIN
  FOG


RELATIVE HUMIDITY (PERCENT)
 HIGHEST    72          1100 PM
 LOWEST     23           500 PM
 AVERAGE    48

..........................................................


THE YOUNGSTOWN OH CLIMATE NORMALS FOR TODAY
                         NORMAL    RECORD    YEAR
 MAXIMUM TEMPERATURE (F)   57        82      1977
 MINIMUM TEMPERATURE (F)   37        22      1975
                                             1970


SUNRISE AND SUNSET
APRIL 11 2014.........SUNRISE   650 AM EDT   SUNSET   759 PM EDT
APRIL 12 2014.........SUNRISE   648 AM EDT   SUNSET   800 PM EDT


-  INDICATES NEGATIVE NUMBERS.
R  INDICATES RECORD WAS SET OR TIED.
MM INDICATES DATA IS MISSING.
T  INDICATES TRACE AMOUNT.




$$
