000
CDUS41 KCLE 040531
CLIYNG


CLIMATE REPORT
NATIONAL WEATHER SERVICE CLEVELAND OH
1230 AM EST SUN DEC 4 2016


...................................

...THE YOUNGSTOWN OH CLIMATE SUMMARY FOR DECEMBER 3 2016...

CLIMATE NORMAL PERIOD 1981 TO 2010
CLIMATE RECORD PERIOD 1897 TO 2016


WEATHER ITEM   OBSERVED TIME   RECORD YEAR NORMAL DEPARTURE LAST
                VALUE   (LST)  VALUE       VALUE  FROM      YEAR
                                                  NORMAL
..................................................................
TEMPERATURE (F)
 YESTERDAY
  MAXIMUM         38    258 PM  76    1982  41     -3       40
  MINIMUM         35   1159 PM  -6    1976  28      7       32
  AVERAGE         37                        34      3       36

PRECIPITATION (IN)
  YESTERDAY        T                         0.10  -0.10     0.07
  MONTH TO DATE    0.02                      0.30  -0.28     0.26
  SINCE DEC 1      0.02                      0.30  -0.28     0.26
  SINCE JAN 1     40.79                     36.22   4.57    40.45

SNOWFALL (IN)
  YESTERDAY        T                         0.4   -0.4      0.7
  MONTH TO DATE    T                         1.2   -1.2      0.7
  SINCE DEC 1      T                         1.2   -1.2      0.7
  SINCE JUL 1      4.4                       5.6   -1.2      1.1
  SNOW DEPTH       0

DEGREE DAYS
 HEATING
  YESTERDAY       28                        30     -2       29
  MONTH TO DATE   83                        90     -7       67
  SINCE DEC 1     83                        90     -7       67
  SINCE JUL 1   1055                      1419   -364     1069

 COOLING
  YESTERDAY        0                         0      0        0
  MONTH TO DATE    0                         0      0        0
  SINCE DEC 1      0                         0      0        0
  SINCE JAN 1    879                       544    335      681
..................................................................


WIND (MPH)
  HIGHEST WIND SPEED    17   HIGHEST WIND DIRECTION     W (270)
  HIGHEST GUST SPEED    24   HIGHEST GUST DIRECTION     W (280)
  AVERAGE WIND SPEED     8.5


SKY COVER
  POSSIBLE SUNSHINE  MM
  AVERAGE SKY COVER 1.0


WEATHER CONDITIONS
 THE FOLLOWING WEATHER WAS RECORDED YESTERDAY.
  LIGHT SNOW


RELATIVE HUMIDITY (PERCENT)
 HIGHEST    82           800 AM
 LOWEST     70          1100 PM
 AVERAGE    76

..........................................................


THE YOUNGSTOWN OH CLIMATE NORMALS FOR TODAY
                         NORMAL    RECORD    YEAR
 MAXIMUM TEMPERATURE (F)   40        67      1982
 MINIMUM TEMPERATURE (F)   28         3      1966


SUNRISE AND SUNSET
DECEMBER  4 2016......SUNRISE   732 AM EST   SUNSET   454 PM EST
DECEMBER  5 2016......SUNRISE   733 AM EST   SUNSET   454 PM EST


-  INDICATES NEGATIVE NUMBERS.
R  INDICATES RECORD WAS SET OR TIED.
MM INDICATES DATA IS MISSING.
T  INDICATES TRACE AMOUNT.




$$
