000
CDUS41 KCLE 120546
CLIYNG


CLIMATE REPORT
NATIONAL WEATHER SERVICE CLEVELAND OH
145 AM EDT FRI AUG 12 2016


...................................

...THE YOUNGSTOWN OH CLIMATE SUMMARY FOR AUGUST 11 2016...

CLIMATE NORMAL PERIOD 1981 TO 2010
CLIMATE RECORD PERIOD 1897 TO 2016


WEATHER ITEM   OBSERVED TIME   RECORD YEAR NORMAL DEPARTURE LAST
                VALUE   (LST)  VALUE       VALUE  FROM      YEAR
                                                  NORMAL
..................................................................
TEMPERATURE (F)
 YESTERDAY
  MAXIMUM         86   1101 AM  93    1944  81      5       77
  MINIMUM         72    821 PM  44    1972  59     13       62
  AVERAGE         79                        70      9       70

PRECIPITATION (IN)
  YESTERDAY        0.92                      0.10   0.82     0.02
  MONTH TO DATE    1.44                      1.20   0.24     1.43
  SINCE JUN 1      9.61                      9.39   0.22    14.52
  SINCE JAN 1     24.71                     24.18   0.53    29.50

SNOWFALL (IN)
  YESTERDAY        0.0                       0.0    0.0      0.0
  MONTH TO DATE    0.0                       0.0    0.0      0.0
  SINCE JUN 1      0.0                       0.0    0.0      0.0
  SINCE JUL 1      0.0                       0.0    0.0      0.0
  SNOW DEPTH       0

DEGREE DAYS
 HEATING
  YESTERDAY        0                         1     -1        0
  MONTH TO DATE    0                         6     -6        2
  SINCE JUN 1     40                        88    -48       51
  SINCE JUL 1      6                        19    -13        9

 COOLING
  YESTERDAY       14                         5      9        5
  MONTH TO DATE  107                        63     44       61
  SINCE JUN 1    508                       358    150      356
  SINCE JAN 1    563                       397    166      468
..................................................................


WIND (MPH)
  HIGHEST WIND SPEED    26   HIGHEST WIND DIRECTION    SW (230)
  HIGHEST GUST SPEED    33   HIGHEST GUST DIRECTION    SW (230)
  AVERAGE WIND SPEED     5.0


SKY COVER
  POSSIBLE SUNSHINE  MM
  AVERAGE SKY COVER 0.8


WEATHER CONDITIONS
 THE FOLLOWING WEATHER WAS RECORDED YESTERDAY.
  THUNDERSTORM
  HEAVY RAIN
  RAIN
  LIGHT RAIN
  FOG


RELATIVE HUMIDITY (PERCENT)
 HIGHEST   100           200 AM
 LOWEST     70          1000 AM
 AVERAGE    85

..........................................................


THE YOUNGSTOWN OH CLIMATE NORMALS FOR TODAY
                         NORMAL    RECORD    YEAR
 MAXIMUM TEMPERATURE (F)   80        94      1943
 MINIMUM TEMPERATURE (F)   59        42      1967


SUNRISE AND SUNSET
AUGUST 12 2016........SUNRISE   629 AM EDT   SUNSET   825 PM EDT
AUGUST 13 2016........SUNRISE   630 AM EDT   SUNSET   824 PM EDT


-  INDICATES NEGATIVE NUMBERS.
R  INDICATES RECORD WAS SET OR TIED.
MM INDICATES DATA IS MISSING.
T  INDICATES TRACE AMOUNT.




$$
