000
CDUS41 KCLE 100539
CLIYNG


CLIMATE REPORT
NATIONAL WEATHER SERVICE CLEVELAND OH
138 AM EDT WED SEP 10 2014


...................................

...THE YOUNGSTOWN OH CLIMATE SUMMARY FOR SEPTEMBER 9 2014...

CLIMATE NORMAL PERIOD 1981 TO 2010
CLIMATE RECORD PERIOD 1897 TO 2014


WEATHER ITEM   OBSERVED TIME   RECORD YEAR NORMAL DEPARTURE LAST
                VALUE   (LST)  VALUE       VALUE  FROM      YEAR
                                                  NORMAL
..................................................................
TEMPERATURE (F)
 YESTERDAY
  MAXIMUM         77    339 PM  92    1959  75      2       79
  MINIMUM         60    641 AM  37    1979  54      6       50
  AVERAGE         69                        64      5       65

PRECIPITATION (IN)
  YESTERDAY        0.00                      0.13  -0.13      T
  MONTH TO DATE    0.87                      1.12  -0.25     0.01
  SINCE SEP 1      0.87                      1.12  -0.25     0.01
  SINCE JAN 1     30.43                     27.34   3.09    27.23

SNOWFALL (IN)
  YESTERDAY        0.0                       0.0    0.0      0.0
  MONTH TO DATE    0.0                       0.0    0.0      0.0
  SINCE SEP 1      0.0                       0.0    0.0      0.0
  SINCE JUL 1      0.0                       0.0    0.0      0.0
  SNOW DEPTH       0

DEGREE DAYS
 HEATING
  YESTERDAY        0                         3     -3        0
  MONTH TO DATE   10                        20    -10       19
  SINCE SEP 1     10                        20    -10       19
  SINCE JUL 1     62                        58      4       57

 COOLING
  YESTERDAY        4                         2      2        0
  MONTH TO DATE   43                        25     18       17
  SINCE SEP 1     43                        25     18       17
  SINCE JAN 1    520                       511      9      569
..................................................................


WIND (MPH)
  HIGHEST WIND SPEED    13   HIGHEST WIND DIRECTION    SE (140)
  HIGHEST GUST SPEED    17   HIGHEST GUST DIRECTION    SE (130)
  AVERAGE WIND SPEED     6.2


SKY COVER
  POSSIBLE SUNSHINE  MM
  AVERAGE SKY COVER 0.8


WEATHER CONDITIONS
 THE FOLLOWING WEATHER WAS RECORDED YESTERDAY.
  FOG


RELATIVE HUMIDITY (PERCENT)
 HIGHEST    93           800 PM
 LOWEST     64          1200 PM
 AVERAGE    79

..........................................................


THE YOUNGSTOWN OH CLIMATE NORMALS FOR TODAY
                         NORMAL    RECORD    YEAR
 MAXIMUM TEMPERATURE (F)   75        93      1941
                                             1931
 MINIMUM TEMPERATURE (F)   53        37      1956


SUNRISE AND SUNSET
SEPTEMBER 10 2014.....SUNRISE   658 AM EDT   SUNSET   740 PM EDT
SEPTEMBER 11 2014.....SUNRISE   659 AM EDT   SUNSET   739 PM EDT


-  INDICATES NEGATIVE NUMBERS.
R  INDICATES RECORD WAS SET OR TIED.
MM INDICATES DATA IS MISSING.
T  INDICATES TRACE AMOUNT.




$$
