000
CDUS41 KCLE 130529
CLIYNG


CLIMATE REPORT
NATIONAL WEATHER SERVICE CLEVELAND OH
1228 AM EST MON FEB 13 2017


...................................

...THE YOUNGSTOWN OH CLIMATE SUMMARY FOR FEBRUARY 12 2017...

CLIMATE NORMAL PERIOD 1981 TO 2010
CLIMATE RECORD PERIOD 1897 TO 2017


WEATHER ITEM   OBSERVED TIME   RECORD YEAR NORMAL DEPARTURE LAST
                VALUE   (LST)  VALUE       VALUE  FROM      YEAR
                                                  NORMAL
..................................................................
TEMPERATURE (F)
 YESTERDAY
  MAXIMUM         45    152 AM  65    1999  35     10       20
                                      1984
  MINIMUM         30   1157 PM  -7    1981  20     10        4
  AVERAGE         38                        28     10       12

PRECIPITATION (IN)
  YESTERDAY        0.37                      0.08   0.29     0.05
  MONTH TO DATE    1.50                      0.90   0.60     1.48
  SINCE DEC 1     10.42                      6.44   3.98     7.08
  SINCE JAN 1      6.85                      3.45   3.40     2.89

SNOWFALL (IN)
  YESTERDAY        0.2                       0.5   -0.3      1.2
  MONTH TO DATE    3.6                       5.4   -1.8      8.8
  SINCE DEC 1     40.5                      37.0    3.5     21.4
  SINCE JUL 1     44.9                      41.4    3.5     21.8
  SNOW DEPTH       0

DEGREE DAYS
 HEATING
  YESTERDAY       27                        37    -10       53
  MONTH TO DATE  396                       457    -61      412
  SINCE DEC 1   2477                      2751   -274     2301
  SINCE JUL 1   3449                      4080   -631     3303

 COOLING
  YESTERDAY        0                         0      0        0
  MONTH TO DATE    0                         0      0        0
  SINCE DEC 1      0                         0      0        0
  SINCE JAN 1      0                         0      0        0
..................................................................


WIND (MPH)
  HIGHEST WIND SPEED    32   HIGHEST WIND DIRECTION     W (290)
  HIGHEST GUST SPEED    43   HIGHEST GUST DIRECTION     W (290)
  AVERAGE WIND SPEED    11.7


SKY COVER
  POSSIBLE SUNSHINE  MM
  AVERAGE SKY COVER 1.0


WEATHER CONDITIONS
 THE FOLLOWING WEATHER WAS RECORDED YESTERDAY.
  RAIN
  LIGHT RAIN
  LIGHT SNOW
  FOG


RELATIVE HUMIDITY (PERCENT)
 HIGHEST    96           600 AM
 LOWEST     64           800 PM
 AVERAGE    80

..........................................................


THE YOUNGSTOWN OH CLIMATE NORMALS FOR TODAY
                         NORMAL    RECORD    YEAR
 MAXIMUM TEMPERATURE (F)   36        63      1990
 MINIMUM TEMPERATURE (F)   20        -4      2015
                                             1981


SUNRISE AND SUNSET
FEBRUARY 13 2017......SUNRISE   720 AM EST   SUNSET   555 PM EST
FEBRUARY 14 2017......SUNRISE   718 AM EST   SUNSET   556 PM EST


-  INDICATES NEGATIVE NUMBERS.
R  INDICATES RECORD WAS SET OR TIED.
MM INDICATES DATA IS MISSING.
T  INDICATES TRACE AMOUNT.




$$
