000
CDUS41 KCLE 260527
CLIYNG


CLIMATE REPORT
NATIONAL WEATHER SERVICE CLEVELAND OH
1226 AM EST THU FEB 26 2015


...................................

...THE YOUNGSTOWN OH CLIMATE SUMMARY FOR FEBRUARY 25 2015...

CLIMATE NORMAL PERIOD 1981 TO 2010
CLIMATE RECORD PERIOD 1897 TO 2015


WEATHER ITEM   OBSERVED TIME   RECORD YEAR NORMAL DEPARTURE LAST
                VALUE   (LST)  VALUE       VALUE  FROM      YEAR
                                                  NORMAL
..................................................................
TEMPERATURE (F)
 YESTERDAY
  MAXIMUM         23    411 PM  66    2000  39    -16       23
                                      1976
  MINIMUM          9   1159 PM  -3    1963  22    -13       15
  AVERAGE         16                        30    -14       19

PRECIPITATION (IN)
  YESTERDAY        0.03                      0.09  -0.06     0.05
  MONTH TO DATE    2.03                      1.90   0.13     2.11
  SINCE DEC 1      7.51                      7.44   0.07     8.06
  SINCE JAN 1      5.19                      4.45   0.74     4.54

SNOWFALL (IN)
  YESTERDAY        0.5                       0.5    0.0      1.4
  MONTH TO DATE   26.7                      11.4   15.3     19.9
  SINCE DEC 1     56.7                      43.0   13.7     63.4
  SINCE JUL 1     68.3                      47.4   20.9     77.5
  SNOW DEPTH      11

DEGREE DAYS
 HEATING
  YESTERDAY       49                        34     15       46
  MONTH TO DATE 1260                       923    337     1063
  SINCE DEC 1   3536                      3217    319     3520
  SINCE JUL 1   4946                      4546    400     4902

 COOLING
  YESTERDAY        0                         0      0        0
  MONTH TO DATE    0                         0      0        0
  SINCE DEC 1      0                         0      0        0
  SINCE JAN 1      0                         0      0        0
..................................................................


WIND (MPH)
  HIGHEST WIND SPEED    18   HIGHEST WIND DIRECTION    NW (320)
  HIGHEST GUST SPEED    24   HIGHEST GUST DIRECTION    SW (210)
  AVERAGE WIND SPEED    10.6


SKY COVER
  POSSIBLE SUNSHINE  MM
  AVERAGE SKY COVER 0.8


WEATHER CONDITIONS
 THE FOLLOWING WEATHER WAS RECORDED YESTERDAY.
  LIGHT SNOW
  FOG


RELATIVE HUMIDITY (PERCENT)
 HIGHEST    84           800 AM
 LOWEST     49           600 PM
 AVERAGE    67

..........................................................


THE YOUNGSTOWN OH CLIMATE NORMALS FOR TODAY
                         NORMAL    RECORD    YEAR
 MAXIMUM TEMPERATURE (F)   39        73      2000
 MINIMUM TEMPERATURE (F)   23        -8      1963


SUNRISE AND SUNSET
FEBRUARY 26 2015......SUNRISE   702 AM EST   SUNSET   610 PM EST
FEBRUARY 27 2015......SUNRISE   701 AM EST   SUNSET   611 PM EST


-  INDICATES NEGATIVE NUMBERS.
R  INDICATES RECORD WAS SET OR TIED.
MM INDICATES DATA IS MISSING.
T  INDICATES TRACE AMOUNT.




$$
