000
CDUS41 KCLE 100533
CLIYNG


CLIMATE REPORT
NATIONAL WEATHER SERVICE CLEVELAND OH
1233 AM EST TUE JAN 10 2017


...................................

...THE YOUNGSTOWN OH CLIMATE SUMMARY FOR JANUARY 9 2017...

CLIMATE NORMAL PERIOD 1981 TO 2010
CLIMATE RECORD PERIOD 1897 TO 2017


WEATHER ITEM   OBSERVED TIME   RECORD YEAR NORMAL DEPARTURE LAST
                VALUE   (LST)  VALUE       VALUE  FROM      YEAR
                                                  NORMAL
..................................................................
TEMPERATURE (F)
 YESTERDAY
  MAXIMUM         26   1158 PM  66    1937  32     -6       50
  MINIMUM          7   1248 AM  -7    1981  19    -12       42
                                      1970
  AVERAGE         17                        26     -9       46

PRECIPITATION (IN)
  YESTERDAY        0.01                      0.08  -0.07     0.03
  MONTH TO DATE    1.18                      0.79   0.39     0.39
  SINCE DEC 1      4.75                      3.78   0.97     4.58
  SINCE JAN 1      1.18                      0.79   0.39     0.39

SNOWFALL (IN)
  YESTERDAY        0.3                       0.5   -0.2      0.0
  MONTH TO DATE    3.8                       4.7   -0.9      1.4
  SINCE DEC 1     27.1                      19.7    7.4      2.2
  SINCE JUL 1     31.5                      24.1    7.4      2.6
  SNOW DEPTH       3

DEGREE DAYS
 HEATING
  YESTERDAY       48                        39      9       19
  MONTH TO DATE  382                       351     31      328
  SINCE DEC 1   1461                      1428     33     1018
  SINCE JUL 1   2433                      2757   -324     2020

 COOLING
  YESTERDAY        0                         0      0        0
  MONTH TO DATE    0                         0      0        0
  SINCE DEC 1      0                         0      0        0
  SINCE JAN 1      0                         0      0        0
..................................................................


WIND (MPH)
  HIGHEST WIND SPEED    16   HIGHEST WIND DIRECTION     S (190)
  HIGHEST GUST SPEED    22   HIGHEST GUST DIRECTION    SE (150)
  AVERAGE WIND SPEED     8.8


SKY COVER
  POSSIBLE SUNSHINE  MM
  AVERAGE SKY COVER 1.0


WEATHER CONDITIONS
 THE FOLLOWING WEATHER WAS RECORDED YESTERDAY.
  LIGHT SNOW


RELATIVE HUMIDITY (PERCENT)
 HIGHEST    76           900 AM
 LOWEST     46           200 PM
 AVERAGE    61

..........................................................


THE YOUNGSTOWN OH CLIMATE NORMALS FOR TODAY
                         NORMAL    RECORD    YEAR
 MAXIMUM TEMPERATURE (F)   32        60      1939
                                             1935
 MINIMUM TEMPERATURE (F)   19        -9      1962


SUNRISE AND SUNSET
JANUARY 10 2017.......SUNRISE   748 AM EST   SUNSET   513 PM EST
JANUARY 11 2017.......SUNRISE   747 AM EST   SUNSET   514 PM EST


-  INDICATES NEGATIVE NUMBERS.
R  INDICATES RECORD WAS SET OR TIED.
MM INDICATES DATA IS MISSING.
T  INDICATES TRACE AMOUNT.




$$
