992
CDUS41 KCLE 190525
CLIYNG


CLIMATE REPORT
NATIONAL WEATHER SERVICE CLEVELAND OH
1225 AM EST SUN FEB 19 2017


...................................

...THE YOUNGSTOWN OH CLIMATE SUMMARY FOR FEBRUARY 18 2017...

CLIMATE NORMAL PERIOD 1981 TO 2010
CLIMATE RECORD PERIOD 1897 TO 2017


WEATHER ITEM   OBSERVED TIME   RECORD YEAR NORMAL DEPARTURE LAST
                VALUE   (LST)  VALUE       VALUE  FROM      YEAR
                                                  NORMAL
..................................................................
TEMPERATURE (F)
 YESTERDAY
  MAXIMUM         66R   407 PM  59    2011  37     29       31
                                      1994
  MINIMUM         45    747 AM  -8    1979  21     24        8
  AVERAGE         56                        29     27       20

PRECIPITATION (IN)
  YESTERDAY        0.00                      0.07  -0.07      T
  MONTH TO DATE    1.65                      1.34   0.31     2.28
  SINCE DEC 1     10.57                      6.88   3.69     7.88
  SINCE JAN 1      7.00                      3.89   3.11     3.69

SNOWFALL (IN)
  YESTERDAY        0.0                       0.5   -0.5       T
  MONTH TO DATE    6.0                       8.1   -2.1     17.3
  SINCE DEC 1     42.9                      39.7    3.2     29.9
  SINCE JUL 1     47.3                      44.1    3.2     30.3
  SNOW DEPTH       0

DEGREE DAYS
 HEATING
  YESTERDAY        9                        36    -27       45
  MONTH TO DATE  578                       677    -99      686
  SINCE DEC 1   2659                      2971   -312     2575
  SINCE JUL 1   3631                      4300   -669     3577

 COOLING
  YESTERDAY        0                         0      0        0
  MONTH TO DATE    0                         0      0        0
  SINCE DEC 1      0                         0      0        0
  SINCE JAN 1      0                         0      0        0
..................................................................


WIND (MPH)
  HIGHEST WIND SPEED    23   HIGHEST WIND DIRECTION    SW (230)
  HIGHEST GUST SPEED    29   HIGHEST GUST DIRECTION    SW (220)
  AVERAGE WIND SPEED    12.1


SKY COVER
  POSSIBLE SUNSHINE  MM
  AVERAGE SKY COVER 0.3


WEATHER CONDITIONS
 THE FOLLOWING WEATHER WAS RECORDED YESTERDAY.
  NO SIGNIFICANT WEATHER WAS OBSERVED.


RELATIVE HUMIDITY (PERCENT)
 HIGHEST    60           100 AM
 LOWEST     37           300 PM
 AVERAGE    49

..........................................................


THE YOUNGSTOWN OH CLIMATE NORMALS FOR TODAY
                         NORMAL    RECORD    YEAR
 MAXIMUM TEMPERATURE (F)   37        64      1994
 MINIMUM TEMPERATURE (F)   21        -8      2015


SUNRISE AND SUNSET
FEBRUARY 19 2017......SUNRISE   712 AM EST   SUNSET   602 PM EST
FEBRUARY 20 2017......SUNRISE   710 AM EST   SUNSET   603 PM EST


-  INDICATES NEGATIVE NUMBERS.
R  INDICATES RECORD WAS SET OR TIED.
MM INDICATES DATA IS MISSING.
T  INDICATES TRACE AMOUNT.




$$
