000
CDUS41 KCLE 090545
CLIYNG


CLIMATE REPORT
NATIONAL WEATHER SERVICE CLEVELAND OH
145 AM EDT SUN JUL 9 2017


...................................

...THE YOUNGSTOWN OH CLIMATE SUMMARY FOR JULY 8 2017...

CLIMATE NORMAL PERIOD 1981 TO 2010
CLIMATE RECORD PERIOD 1897 TO 2017


WEATHER ITEM   OBSERVED TIME   RECORD YEAR NORMAL DEPARTURE LAST
                VALUE   (LST)  VALUE       VALUE  FROM      YEAR
                                                  NORMAL
..................................................................
TEMPERATURE (F)
 YESTERDAY
  MAXIMUM         77   1234 PM  99    1988  82     -5       87
  MINIMUM         55   1158 PM  44    1984  60     -5       71
  AVERAGE         66                        71     -5       79

PRECIPITATION (IN)
  YESTERDAY        0.02                      0.14  -0.12     0.07
  MONTH TO DATE    0.16                      1.08  -0.92     1.54
  SINCE JUN 1      7.00                      4.96   2.04     4.48
  SINCE JAN 1     28.30                     19.75   8.55    19.58

SNOWFALL (IN)
  YESTERDAY        0.0                       0.0    0.0      0.0
  MONTH TO DATE    0.0                       0.0    0.0      0.0
  SINCE JUN 1      0.0                       0.0    0.0      0.0
  SINCE JUL 1      0.0                       0.0    0.0      0.0
  SNOW DEPTH       0

DEGREE DAYS
 HEATING
  YESTERDAY        0                         1     -1        0
  MONTH TO DATE    0                         8     -8        6
  SINCE JUN 1     44                        77    -33       40
  SINCE JUL 1      0                         8     -8        6

 COOLING
  YESTERDAY        1                         6     -5       14
  MONTH TO DATE   52                        48      4       53
  SINCE JUN 1    206                       158     48      195
  SINCE JAN 1    255                       197     58      250
..................................................................


WIND (MPH)
  HIGHEST WIND SPEED    18   HIGHEST WIND DIRECTION    NW (320)
  HIGHEST GUST SPEED    27   HIGHEST GUST DIRECTION    NW (300)
  AVERAGE WIND SPEED     9.2


SKY COVER
  POSSIBLE SUNSHINE  MM
  AVERAGE SKY COVER 0.7


WEATHER CONDITIONS
 THE FOLLOWING WEATHER WAS RECORDED YESTERDAY.
  THUNDERSTORM
  LIGHT RAIN
  FOG


RELATIVE HUMIDITY (PERCENT)
 HIGHEST    87          1200 AM
 LOWEST     50           400 PM
 AVERAGE    69

..........................................................


THE YOUNGSTOWN OH CLIMATE NORMALS FOR TODAY
                         NORMAL    RECORD    YEAR
 MAXIMUM TEMPERATURE (F)   82        98      1936
 MINIMUM TEMPERATURE (F)   60        44      1963


SUNRISE AND SUNSET
JULY  9 2017..........SUNRISE   558 AM EDT   SUNSET   857 PM EDT
JULY 10 2017..........SUNRISE   559 AM EDT   SUNSET   857 PM EDT


-  INDICATES NEGATIVE NUMBERS.
R  INDICATES RECORD WAS SET OR TIED.
MM INDICATES DATA IS MISSING.
T  INDICATES TRACE AMOUNT.




$$
