000
CDUS41 KCLE 140525
CLIYNG


CLIMATE REPORT
NATIONAL WEATHER SERVICE CLEVELAND OH
125 AM EDT SAT MAY 14 2016


...................................

...THE YOUNGSTOWN OH CLIMATE SUMMARY FOR MAY 13 2016...

CLIMATE NORMAL PERIOD 1981 TO 2010
CLIMATE RECORD PERIOD 1897 TO 2016


WEATHER ITEM   OBSERVED TIME   RECORD YEAR NORMAL DEPARTURE LAST
                VALUE   (LST)  VALUE       VALUE  FROM      YEAR
                                                  NORMAL
..................................................................
TEMPERATURE (F)
 YESTERDAY
  MAXIMUM         68    507 PM  88    1936  68      0       52
  MINIMUM         52   1115 PM  29    2013  46      6       38
  AVERAGE         60                        57      3       45

PRECIPITATION (IN)
  YESTERDAY        0.12                      0.12   0.00     0.03
  MONTH TO DATE    1.30                      1.50  -0.20     1.04
  SINCE MAR 1      8.92                      7.80   1.12     6.25
  SINCE JAN 1     14.11                     12.50   1.61    11.48

SNOWFALL (IN)
  YESTERDAY        0.0                       0.0    0.0      0.0
  MONTH TO DATE    0.0                       0.0    0.0      0.0
  SINCE MAR 1     13.1                      13.9   -0.8      9.5
  SINCE JUL 1     44.7                      62.7  -18.0     79.0
  SNOW DEPTH       0

DEGREE DAYS
 HEATING
  YESTERDAY        5                         9     -4       20
  MONTH TO DATE  123                       132     -9       52
  SINCE MAR 1   1282                      1511   -229     1483
  SINCE JUL 1   5130                      6159  -1029     6601

 COOLING
  YESTERDAY        0                         1     -1        0
  MONTH TO DATE    0                         6     -6       47
  SINCE MAR 1      0                        15    -15       47
  SINCE JAN 1      0                        15    -15       47
..................................................................


WIND (MPH)
  HIGHEST WIND SPEED    21   HIGHEST WIND DIRECTION     W (290)
  HIGHEST GUST SPEED    27   HIGHEST GUST DIRECTION     W (280)
  AVERAGE WIND SPEED     9.2


SKY COVER
  POSSIBLE SUNSHINE  MM
  AVERAGE SKY COVER 0.8


WEATHER CONDITIONS
 THE FOLLOWING WEATHER WAS RECORDED YESTERDAY.
  LIGHT RAIN
  FOG


RELATIVE HUMIDITY (PERCENT)
 HIGHEST   100           400 AM
 LOWEST     45           400 PM
 AVERAGE    73

..........................................................


THE YOUNGSTOWN OH CLIMATE NORMALS FOR TODAY
                         NORMAL    RECORD    YEAR
 MAXIMUM TEMPERATURE (F)   68        89      1962
 MINIMUM TEMPERATURE (F)   46        28      2013


SUNRISE AND SUNSET
MAY 14 2016...........SUNRISE   605 AM EDT   SUNSET   834 PM EDT
MAY 15 2016...........SUNRISE   604 AM EDT   SUNSET   835 PM EDT


-  INDICATES NEGATIVE NUMBERS.
R  INDICATES RECORD WAS SET OR TIED.
MM INDICATES DATA IS MISSING.
T  INDICATES TRACE AMOUNT.




$$
