000
CDUS41 KCLE 020545
CLIYNG


CLIMATE REPORT
NATIONAL WEATHER SERVICE CLEVELAND OH
145 AM EDT WED AUG 2 2017


...................................

...THE YOUNGSTOWN OH CLIMATE SUMMARY FOR AUGUST 1 2017...

CLIMATE NORMAL PERIOD 1981 TO 2010
CLIMATE RECORD PERIOD 1897 TO 2017


WEATHER ITEM   OBSERVED TIME   RECORD YEAR NORMAL DEPARTURE LAST
                VALUE   (LST)  VALUE       VALUE  FROM      YEAR
                                                  NORMAL
..................................................................
TEMPERATURE (F)
 YESTERDAY
  MAXIMUM         86    221 PM  96    1933  81      5       84
  MINIMUM         58    328 AM  46    1998  60     -2       63
  AVERAGE         72                        70      2       74

PRECIPITATION (IN)
  YESTERDAY        0.03                      0.11  -0.08     0.12
  MONTH TO DATE    0.03                      0.11  -0.08     0.12
  SINCE JUN 1      9.41                      8.30   1.11     8.29
  SINCE JAN 1     30.71                     23.09   7.62    23.39

SNOWFALL (IN)
  YESTERDAY        0.0                       0.0    0.0      0.0
  MONTH TO DATE    0.0                       0.0    0.0      0.0
  SINCE JUN 1      0.0                       0.0    0.0      0.0
  SINCE JUL 1      0.0                       0.0    0.0      0.0
  SNOW DEPTH       0

DEGREE DAYS
 HEATING
  YESTERDAY        0                         0      0        0
  MONTH TO DATE    0                         0      0        0
  SINCE JUN 1     44                        82    -38       40
  SINCE JUL 1      0                        13    -13        6

 COOLING
  YESTERDAY        7                         6      1        9
  MONTH TO DATE    7                         6      1        9
  SINCE JUN 1    374                       301     73      410
  SINCE JAN 1    423                       340     83      465
..................................................................


WIND (MPH)
  HIGHEST WIND SPEED    13   HIGHEST WIND DIRECTION     E (100)
  HIGHEST GUST SPEED    17   HIGHEST GUST DIRECTION    SE (140)
  AVERAGE WIND SPEED     3.5


SKY COVER
  POSSIBLE SUNSHINE  MM
  AVERAGE SKY COVER 0.6


WEATHER CONDITIONS
 THE FOLLOWING WEATHER WAS RECORDED YESTERDAY.
  THUNDERSTORM
  LIGHT RAIN
  FOG


RELATIVE HUMIDITY (PERCENT)
 HIGHEST    93          1200 AM
 LOWEST     40           400 PM
 AVERAGE    67

..........................................................


THE YOUNGSTOWN OH CLIMATE NORMALS FOR TODAY
                         NORMAL    RECORD    YEAR
 MAXIMUM TEMPERATURE (F)   81        96      1988
                                             1930
 MINIMUM TEMPERATURE (F)   60        47      1959


SUNRISE AND SUNSET
AUGUST  2 2017........SUNRISE   619 AM EDT   SUNSET   838 PM EDT
AUGUST  3 2017........SUNRISE   620 AM EDT   SUNSET   837 PM EDT


-  INDICATES NEGATIVE NUMBERS.
R  INDICATES RECORD WAS SET OR TIED.
MM INDICATES DATA IS MISSING.
T  INDICATES TRACE AMOUNT.




$$
