000
CDUS41 KCLE 230530
CLIYNG


CLIMATE REPORT
NATIONAL WEATHER SERVICE CLEVELAND OH
1230 AM EST MON FEB 23 2015


...................................

...THE YOUNGSTOWN OH CLIMATE SUMMARY FOR FEBRUARY 22 2015...

CLIMATE NORMAL PERIOD 1981 TO 2010
CLIMATE RECORD PERIOD 1897 TO 2015


WEATHER ITEM   OBSERVED TIME   RECORD YEAR NORMAL DEPARTURE LAST
                VALUE   (LST)  VALUE       VALUE  FROM      YEAR
                                                  NORMAL
..................................................................
TEMPERATURE (F)
 YESTERDAY
  MAXIMUM         31    251 PM  64    1983  38     -7       46
  MINIMUM         13    746 AM -10    1963  22     -9       34
  AVERAGE         22                        30     -8       40

PRECIPITATION (IN)
  YESTERDAY        0.02                      0.08  -0.06      T
  MONTH TO DATE    1.99                      1.65   0.34     2.04
  SINCE DEC 1      7.47                      7.19   0.28     7.99
  SINCE JAN 1      5.15                      4.20   0.95     4.47

SNOWFALL (IN)
  YESTERDAY        0.4                       0.5   -0.1      0.0
  MONTH TO DATE   26.0                      10.0   16.0     18.3
  SINCE DEC 1     56.0                      41.6   14.4     61.8
  SINCE JUL 1     67.6                      46.0   21.6     75.9
  SNOW DEPTH      14

DEGREE DAYS
 HEATING
  YESTERDAY       43                        35      8       25
  MONTH TO DATE 1090                       819    271      944
  SINCE DEC 1   3366                      3113    253     3401
  SINCE JUL 1   4776                      4442    334     4783

 COOLING
  YESTERDAY        0                         0      0        0
  MONTH TO DATE    0                         0      0        0
  SINCE DEC 1      0                         0      0        0
  SINCE JAN 1      0                         0      0        0
..................................................................


WIND (MPH)
  HIGHEST WIND SPEED    21   HIGHEST WIND DIRECTION     N (340)
  HIGHEST GUST SPEED    24   HIGHEST GUST DIRECTION    NW (330)
  AVERAGE WIND SPEED     7.2


SKY COVER
  POSSIBLE SUNSHINE  MM
  AVERAGE SKY COVER 0.9


WEATHER CONDITIONS
 THE FOLLOWING WEATHER WAS RECORDED YESTERDAY.
  LIGHT SNOW
  FOG
  FOG W/VISIBILITY <= 1/4 MILE


RELATIVE HUMIDITY (PERCENT)
 HIGHEST   100           600 AM
 LOWEST     58           300 PM
 AVERAGE    79

..........................................................


THE YOUNGSTOWN OH CLIMATE NORMALS FOR TODAY
                         NORMAL    RECORD    YEAR
 MAXIMUM TEMPERATURE (F)   38        66      1943
 MINIMUM TEMPERATURE (F)   22        -4      1965


SUNRISE AND SUNSET
FEBRUARY 23 2015......SUNRISE   707 AM EST   SUNSET   606 PM EST
FEBRUARY 24 2015......SUNRISE   705 AM EST   SUNSET   607 PM EST


-  INDICATES NEGATIVE NUMBERS.
R  INDICATES RECORD WAS SET OR TIED.
MM INDICATES DATA IS MISSING.
T  INDICATES TRACE AMOUNT.




$$
