000
CDUS41 KCLE 080543
CLIYNG


CLIMATE REPORT
NATIONAL WEATHER SERVICE CLEVELAND OH
133 AM EDT MON MAY 8 2017


...................................

...THE YOUNGSTOWN OH CLIMATE SUMMARY FOR MAY 7 2017...

CLIMATE NORMAL PERIOD 1981 TO 2010
CLIMATE RECORD PERIOD 1897 TO 2017


WEATHER ITEM   OBSERVED TIME   RECORD YEAR NORMAL DEPARTURE LAST
                VALUE   (LST)  VALUE       VALUE  FROM      YEAR
                                                  NORMAL
..................................................................
TEMPERATURE (F)
 YESTERDAY
  MAXIMUM         53    237 PM  85    2015  67    -14       73
                                      2000
                                      1939
  MINIMUM         35   1154 PM  24    1970  44     -9       41
  AVERAGE         44                        55    -11       57

PRECIPITATION (IN)
  YESTERDAY        0.02                      0.11  -0.09     0.02
  MONTH TO DATE    1.86                      0.78   1.08     0.68
  SINCE MAR 1     10.74                      7.08   3.66     8.30
  SINCE JAN 1     18.62                     11.78   6.84    13.49

SNOWFALL (IN)
  YESTERDAY        0.0                       0.0    0.0      0.0
  MONTH TO DATE    0.0                       0.0    0.0      0.0
  SINCE MAR 1     22.1                      13.9    8.2     13.1
  SINCE JUL 1     69.5                      62.7    6.8     44.7
  SNOW DEPTH       0

DEGREE DAYS
 HEATING
  YESTERDAY       21                        10     11        8
  MONTH TO DATE  103                        76     27       82
  SINCE MAR 1   1284                      1455   -171     1241
  SINCE JUL 1   5068                      6103  -1035     5089

 COOLING
  YESTERDAY        0                         0      0        0
  MONTH TO DATE    0                         0      0        0
  SINCE MAR 1     16                         9      7        0
  SINCE JAN 1     16                         9      7        0
..................................................................


WIND (MPH)
  HIGHEST WIND SPEED    24   HIGHEST WIND DIRECTION    NW (320)
  HIGHEST GUST SPEED    33   HIGHEST GUST DIRECTION     N (340)
  AVERAGE WIND SPEED    10.4


SKY COVER
  POSSIBLE SUNSHINE  MM
  AVERAGE SKY COVER 0.6


WEATHER CONDITIONS
 THE FOLLOWING WEATHER WAS RECORDED YESTERDAY.
  LIGHT RAIN


RELATIVE HUMIDITY (PERCENT)
 HIGHEST    92           400 AM
 LOWEST     39           500 PM
 AVERAGE    66

..........................................................


THE YOUNGSTOWN OH CLIMATE NORMALS FOR TODAY
                         NORMAL    RECORD    YEAR
 MAXIMUM TEMPERATURE (F)   67        89      2015
 MINIMUM TEMPERATURE (F)   45        28      1950


SUNRISE AND SUNSET
MAY  8 2017...........SUNRISE   611 AM EDT   SUNSET   828 PM EDT
MAY  9 2017...........SUNRISE   610 AM EDT   SUNSET   829 PM EDT


-  INDICATES NEGATIVE NUMBERS.
R  INDICATES RECORD WAS SET OR TIED.
MM INDICATES DATA IS MISSING.
T  INDICATES TRACE AMOUNT.




$$
