532
CDUS41 KCLE 210527
CLIYNG


CLIMATE REPORT
NATIONAL WEATHER SERVICE CLEVELAND OH
126 AM EDT TUE MAR 21 2017


...................................

...THE YOUNGSTOWN OH CLIMATE SUMMARY FOR MARCH 20 2017...

CLIMATE NORMAL PERIOD 1981 TO 2010
CLIMATE RECORD PERIOD 1897 TO 2017


WEATHER ITEM   OBSERVED TIME   RECORD YEAR NORMAL DEPARTURE LAST
                VALUE   (LST)  VALUE       VALUE  FROM      YEAR
                                                  NORMAL
..................................................................
TEMPERATURE (F)
 YESTERDAY
  MAXIMUM         47    451 PM  80    2012  47      0       41
  MINIMUM         33    702 AM   7    1965  29      4       29
  AVERAGE         40                        38      2       35

PRECIPITATION (IN)
  YESTERDAY        0.07                      0.10  -0.03      T
  MONTH TO DATE    2.97                      1.80   1.17     2.38
  SINCE MAR 1      2.97                      1.80   1.17     2.38
  SINCE JAN 1     10.85                      6.50   4.35     7.57

SNOWFALL (IN)
  YESTERDAY        0.0                       0.3   -0.3       T
  MONTH TO DATE   20.1                       7.9   12.2      4.3
  SINCE MAR 1     20.1                       7.9   12.2      4.3
  SINCE JUL 1     67.5                      56.7   10.8     35.9
  SNOW DEPTH       0

DEGREE DAYS
 HEATING
  YESTERDAY       25                        27     -2       30
  MONTH TO DATE  672                       607     65      435
  SINCE MAR 1    672                       607     65      435
  SINCE JUL 1   4456                      5255   -799     4283

 COOLING
  YESTERDAY        0                         0      0        0
  MONTH TO DATE    0                         0      0        0
  SINCE MAR 1      0                         0      0        0
  SINCE JAN 1      0                         0      0        0
..................................................................


WIND (MPH)
  HIGHEST WIND SPEED    17   HIGHEST WIND DIRECTION    SW (230)
  HIGHEST GUST SPEED    21   HIGHEST GUST DIRECTION    SW (240)
  AVERAGE WIND SPEED     5.3


SKY COVER
  POSSIBLE SUNSHINE  MM
  AVERAGE SKY COVER 1.0


WEATHER CONDITIONS
 THE FOLLOWING WEATHER WAS RECORDED YESTERDAY.
  LIGHT RAIN


RELATIVE HUMIDITY (PERCENT)
 HIGHEST    89          1200 AM
 LOWEST     60           400 PM
 AVERAGE    75

..........................................................


THE YOUNGSTOWN OH CLIMATE NORMALS FOR TODAY
                         NORMAL    RECORD    YEAR
 MAXIMUM TEMPERATURE (F)   48        80      2012
 MINIMUM TEMPERATURE (F)   29         7      1988


SUNRISE AND SUNSET
MARCH 21 2017.........SUNRISE   724 AM EDT   SUNSET   736 PM EDT
MARCH 22 2017.........SUNRISE   722 AM EDT   SUNSET   737 PM EDT


-  INDICATES NEGATIVE NUMBERS.
R  INDICATES RECORD WAS SET OR TIED.
MM INDICATES DATA IS MISSING.
T  INDICATES TRACE AMOUNT.




$$
