000
CDUS41 KCLE 030545
CLIYNG


CLIMATE REPORT
NATIONAL WEATHER SERVICE CLEVELAND OH
145 AM EDT TUE OCT 3 2017


...................................

...THE YOUNGSTOWN OH CLIMATE SUMMARY FOR OCTOBER 2 2017...

CLIMATE NORMAL PERIOD 1981 TO 2010
CLIMATE RECORD PERIOD 1897 TO 2017


WEATHER ITEM   OBSERVED TIME   RECORD YEAR NORMAL DEPARTURE LAST
                VALUE   (LST)  VALUE       VALUE  FROM      YEAR
                                                  NORMAL
..................................................................
TEMPERATURE (F)
 YESTERDAY
  MAXIMUM         77    306 PM  85    1937  66     11       66
  MINIMUM         40    647 AM  30    1958  46     -6       50
  AVERAGE         59                        56      3       58

PRECIPITATION (IN)
  YESTERDAY        0.00                      0.10  -0.10     0.02
  MONTH TO DATE    0.00                      0.20  -0.20     0.11
  SINCE SEP 1      0.94                      3.95  -3.01     4.31
  SINCE JAN 1     33.66                     30.17   3.49    32.81

SNOWFALL (IN)
  YESTERDAY        0.0                       0.0    0.0      0.0
  MONTH TO DATE    0.0                       0.0    0.0      0.0
  SINCE SEP 1      0.0                       0.0    0.0      0.0
  SINCE JUL 1      0.0                       0.0    0.0      0.0
  SNOW DEPTH       0

DEGREE DAYS
 HEATING
  YESTERDAY        6                        10     -4        7
  MONTH TO DATE   19                        20     -1       12
  SINCE SEP 1    117                       165    -48       52
  SINCE JUL 1    133                       203    -70       58

 COOLING
  YESTERDAY        0                         1     -1        0
  MONTH TO DATE    0                         2     -2        0
  SINCE SEP 1    103                        54     49      116
  SINCE JAN 1    636                       540     96      859
..................................................................


WIND (MPH)
  HIGHEST WIND SPEED    12   HIGHEST WIND DIRECTION    SE (130)
  HIGHEST GUST SPEED    14   HIGHEST GUST DIRECTION    SE (130)
  AVERAGE WIND SPEED     5.9


SKY COVER
  POSSIBLE SUNSHINE  MM
  AVERAGE SKY COVER 0.6


WEATHER CONDITIONS
 THE FOLLOWING WEATHER WAS RECORDED YESTERDAY.
  NO SIGNIFICANT WEATHER WAS OBSERVED.


RELATIVE HUMIDITY (PERCENT)
 HIGHEST    93          1200 AM
 LOWEST     27           300 PM
 AVERAGE    60

..........................................................


THE YOUNGSTOWN OH CLIMATE NORMALS FOR TODAY
                         NORMAL    RECORD    YEAR
 MAXIMUM TEMPERATURE (F)   65        87      1898
 MINIMUM TEMPERATURE (F)   45        31      1974
                                             1897


SUNRISE AND SUNSET
OCTOBER  3 2017.......SUNRISE   722 AM EDT   SUNSET   701 PM EDT
OCTOBER  4 2017.......SUNRISE   723 AM EDT   SUNSET   659 PM EDT


-  INDICATES NEGATIVE NUMBERS.
R  INDICATES RECORD WAS SET OR TIED.
MM INDICATES DATA IS MISSING.
T  INDICATES TRACE AMOUNT.




$$
