000
CDUS41 KCLE 160529
CLIYNG


CLIMATE REPORT
NATIONAL WEATHER SERVICE CLEVELAND OH
1229 AM EST FRI JAN 16 2015


...................................

...THE YOUNGSTOWN OH CLIMATE SUMMARY FOR JANUARY 15 2015...

CLIMATE NORMAL PERIOD 1981 TO 2010
CLIMATE RECORD PERIOD 1897 TO 2015


WEATHER ITEM   OBSERVED TIME   RECORD YEAR NORMAL DEPARTURE LAST
                VALUE   (LST)  VALUE       VALUE  FROM      YEAR
                                                  NORMAL
..................................................................
TEMPERATURE (F)
 YESTERDAY
  MAXIMUM         29   1159 PM  66    1932  32     -3       39
  MINIMUM          5   1234 AM  -8    1972  19    -14       23
  AVERAGE         17                        26     -9       31

PRECIPITATION (IN)
  YESTERDAY        0.00                      0.08  -0.08     0.03
  MONTH TO DATE    2.08                      1.30   0.78     1.76
  SINCE DEC 1      4.40                      4.29   0.11     5.28
  SINCE JAN 1      2.08                      1.30   0.78     1.76

SNOWFALL (IN)
  YESTERDAY        0.0                       0.6   -0.6      0.4
  MONTH TO DATE   15.2                       8.1    7.1     10.0
  SINCE DEC 1     15.9                      23.1   -7.2     30.5
  SINCE JUL 1     27.5                      27.5    0.0     44.6
  SNOW DEPTH       6

DEGREE DAYS
 HEATING
  YESTERDAY       48                        40      8       34
  MONTH TO DATE  691                       587    104      603
  SINCE DEC 1   1624                      1664    -40     1665
  SINCE JUL 1   3034                      2993     41     3047

 COOLING
  YESTERDAY        0                         0      0        0
  MONTH TO DATE    0                         0      0        0
  SINCE DEC 1      0                         0      0        0
  SINCE JAN 1      0                         0      0        0
..................................................................


WIND (MPH)
  HIGHEST WIND SPEED    20   HIGHEST WIND DIRECTION    SW (230)
  HIGHEST GUST SPEED    26   HIGHEST GUST DIRECTION    SW (220)
  AVERAGE WIND SPEED    10.3


SKY COVER
  POSSIBLE SUNSHINE  MM
  AVERAGE SKY COVER 0.7


WEATHER CONDITIONS
 THE FOLLOWING WEATHER WAS RECORDED YESTERDAY.
  FOG


RELATIVE HUMIDITY (PERCENT)
 HIGHEST    92           800 AM
 LOWEST     46           400 PM
 AVERAGE    69

..........................................................


THE YOUNGSTOWN OH CLIMATE NORMALS FOR TODAY
                         NORMAL    RECORD    YEAR
 MAXIMUM TEMPERATURE (F)   32        56      1953
 MINIMUM TEMPERATURE (F)   19       -14      1982


SUNRISE AND SUNSET
JANUARY 16 2015.......SUNRISE   746 AM EST   SUNSET   519 PM EST
JANUARY 17 2015.......SUNRISE   745 AM EST   SUNSET   521 PM EST


-  INDICATES NEGATIVE NUMBERS.
R  INDICATES RECORD WAS SET OR TIED.
MM INDICATES DATA IS MISSING.
T  INDICATES TRACE AMOUNT.




$$
