000
CDUS41 KCLE 122112
CLIYNG


CLIMATE REPORT
NATIONAL WEATHER SERVICE CLEVELAND OH
512 PM EDT TUE JUL 12 2016


...................................

...THE YOUNGSTOWN OH CLIMATE SUMMARY FOR JULY 12 2016...
VALID TODAY AS OF 0500 PM LOCAL TIME.

CLIMATE NORMAL PERIOD 1981 TO 2010
CLIMATE RECORD PERIOD 1897 TO 2016


WEATHER ITEM   OBSERVED TIME   RECORD YEAR NORMAL DEPARTURE LAST
                VALUE   (LST)  VALUE       VALUE  FROM      YEAR
                                                  NORMAL
..................................................................
TEMPERATURE (F)
 TODAY
  MAXIMUM         90    347 PM  99    1936  82      8       79
  MINIMUM         61    442 AM  44    1978  60      1       57
  AVERAGE         76                        71      5       68

PRECIPITATION (IN)
  TODAY            0.00                      0.15  -0.15      T
  MONTH TO DATE    1.55                      1.66  -0.11     1.47
  SINCE JUN 1      4.49                      5.54  -1.05    10.49
  SINCE JAN 1     19.59                     20.33  -0.74    25.47

SNOWFALL (IN)
  TODAY            0.0                       0.0    0.0      0.0
  MONTH TO DATE    0.0                       0.0    0.0      0.0
  SINCE JUN 1      0.0                       0.0    0.0      0.0
  SINCE JUL 1      0.0                       0.0    0.0      0.0
  SNOW DEPTH       0

DEGREE DAYS
 HEATING
  TODAY            0                         0      0        0
  MONTH TO DATE    6                         8     -2        2
  SINCE JUN 1     40                        77    -37       44
  SINCE JUL 1      6                         8     -2        2

 COOLING
  TODAY           11                         6      5        3
  MONTH TO DATE   81                        72      9       39
  SINCE JUN 1    223                       182     41      149
  SINCE JAN 1    278                       221     57      261
..................................................................


WIND (MPH)
  HIGHEST WIND SPEED    16   HIGHEST WIND DIRECTION    SE (150)
  HIGHEST GUST SPEED    23   HIGHEST GUST DIRECTION     S (160)


SKY COVER
  POSSIBLE SUNSHINE  MM
  AVERAGE SKY COVER 0.3


WEATHER CONDITIONS
 THE FOLLOWING WEATHER WAS RECORDED TODAY.
  NO SIGNIFICANT WEATHER WAS OBSERVED.


RELATIVE HUMIDITY (PERCENT)
 HIGHEST    90           500 AM
 LOWEST     36           200 PM
 AVERAGE    63

..........................................................


THE YOUNGSTOWN OH CLIMATE NORMALS FOR TOMORROW
                         NORMAL    RECORD    YEAR
 MAXIMUM TEMPERATURE (F)   82       102      1936
 MINIMUM TEMPERATURE (F)   60        48      1959


SUNRISE AND SUNSET
JULY 12 2016..........SUNRISE   601 AM EDT   SUNSET   856 PM EDT
JULY 13 2016..........SUNRISE   601 AM EDT   SUNSET   855 PM EDT


-  INDICATES NEGATIVE NUMBERS.
R  INDICATES RECORD WAS SET OR TIED.
MM INDICATES DATA IS MISSING.
T  INDICATES TRACE AMOUNT.




$$
