618
CDUS41 KCLE 180546
CLIYNG


CLIMATE REPORT
NATIONAL WEATHER SERVICE CLEVELAND OH
145 AM EDT THU AUG 18 2016


...................................

...THE YOUNGSTOWN OH CLIMATE SUMMARY FOR AUGUST 17 2016...

CLIMATE NORMAL PERIOD 1981 TO 2010
CLIMATE RECORD PERIOD 1897 TO 2016


WEATHER ITEM   OBSERVED TIME   RECORD YEAR NORMAL DEPARTURE LAST
                VALUE   (LST)  VALUE       VALUE  FROM      YEAR
                                                  NORMAL
..................................................................
TEMPERATURE (F)
 YESTERDAY
  MAXIMUM         80    524 PM  97    1988  80      0       89
  MINIMUM         68   1159 PM  43    1981  58     10       64
  AVERAGE         74                        69      5       77

PRECIPITATION (IN)
  YESTERDAY        0.01                      0.10  -0.09     0.00
  MONTH TO DATE    2.68                      1.77   0.91     1.44
  SINCE JUN 1     10.85                      9.96   0.89    14.53
  SINCE JAN 1     25.95                     24.75   1.20    29.51

SNOWFALL (IN)
  YESTERDAY        0.0                       0.0    0.0      0.0
  MONTH TO DATE    0.0                       0.0    0.0      0.0
  SINCE JUN 1      0.0                       0.0    0.0      0.0
  SINCE JUL 1      0.0                       0.0    0.0      0.0
  SNOW DEPTH       0

DEGREE DAYS
 HEATING
  YESTERDAY        0                         1     -1        0
  MONTH TO DATE    0                        12    -12        3
  SINCE JUN 1     40                        94    -54       52
  SINCE JUL 1      6                        25    -19       10

 COOLING
  YESTERDAY        9                         5      4       12
  MONTH TO DATE  182                        93     89      100
  SINCE JUN 1    583                       388    195      395
  SINCE JAN 1    638                       427    211      507
..................................................................


WIND (MPH)
  HIGHEST WIND SPEED     9   HIGHEST WIND DIRECTION     W (280)
  HIGHEST GUST SPEED    16   HIGHEST GUST DIRECTION     S (200)
  AVERAGE WIND SPEED     2.8


SKY COVER
  POSSIBLE SUNSHINE  MM
  AVERAGE SKY COVER 0.9


WEATHER CONDITIONS
 THE FOLLOWING WEATHER WAS RECORDED YESTERDAY.
  LIGHT RAIN
  FOG
  FOG W/VISIBILITY <= 1/4 MILE


RELATIVE HUMIDITY (PERCENT)
 HIGHEST   100           300 AM
 LOWEST     67           300 PM
 AVERAGE    84

..........................................................


THE YOUNGSTOWN OH CLIMATE NORMALS FOR TODAY
                         NORMAL    RECORD    YEAR
 MAXIMUM TEMPERATURE (F)   80        94      1937
 MINIMUM TEMPERATURE (F)   58        41      1981


SUNRISE AND SUNSET
AUGUST 18 2016........SUNRISE   635 AM EDT   SUNSET   817 PM EDT
AUGUST 19 2016........SUNRISE   636 AM EDT   SUNSET   815 PM EDT


-  INDICATES NEGATIVE NUMBERS.
R  INDICATES RECORD WAS SET OR TIED.
MM INDICATES DATA IS MISSING.
T  INDICATES TRACE AMOUNT.




$$
