000
CDUS41 KCLE 140529
CLIYNG


CLIMATE REPORT
NATIONAL WEATHER SERVICE CLEVELAND OH
128 AM EDT THU APR 14 2016


...................................

...THE YOUNGSTOWN OH CLIMATE SUMMARY FOR APRIL 13 2016...

CLIMATE NORMAL PERIOD 1981 TO 2010
CLIMATE RECORD PERIOD 1897 TO 2016


WEATHER ITEM   OBSERVED TIME   RECORD YEAR NORMAL DEPARTURE LAST
                VALUE   (LST)  VALUE       VALUE  FROM      YEAR
                                                  NORMAL
..................................................................
TEMPERATURE (F)
 YESTERDAY
  MAXIMUM         54    335 PM  81    1977  58     -4       80
                                      1941
  MINIMUM         26    430 AM  16    1950  37    -11       50
  AVERAGE         40                        48     -8       65

PRECIPITATION (IN)
  YESTERDAY        0.00                      0.12  -0.12     0.30
  MONTH TO DATE    2.59                      1.51   1.08     1.80
  SINCE MAR 1      6.40                      4.45   1.95     4.13
  SINCE JAN 1     11.59                      9.15   2.44     9.36

SNOWFALL (IN)
  YESTERDAY        0.0                       0.2   -0.2      0.0
  MONTH TO DATE    6.4                       2.2    4.2      0.2
  SINCE MAR 1     10.7                      13.1   -2.4      8.8
  SINCE JUL 1     42.3                      61.9  -19.6     78.3
  SNOW DEPTH       0

DEGREE DAYS
 HEATING
  YESTERDAY       25                        17      8        0
  MONTH TO DATE  353                       257     96      170
  SINCE MAR 1    967                      1133   -166     1158
  SINCE JUL 1   4815                      5781   -966     6276

 COOLING
  YESTERDAY        0                         0      0        0
  MONTH TO DATE    0                         0      0        0
  SINCE MAR 1      0                         1     -1        0
  SINCE JAN 1      0                         1     -1        0
..................................................................


WIND (MPH)
  HIGHEST WIND SPEED    16   HIGHEST WIND DIRECTION     N (20)
  HIGHEST GUST SPEED    19   HIGHEST GUST DIRECTION     N (20)
  AVERAGE WIND SPEED     6.8


SKY COVER
  POSSIBLE SUNSHINE  MM
  AVERAGE SKY COVER 0.4


WEATHER CONDITIONS
 THE FOLLOWING WEATHER WAS RECORDED YESTERDAY.
  NO SIGNIFICANT WEATHER WAS OBSERVED.


RELATIVE HUMIDITY (PERCENT)
 HIGHEST    85           500 AM
 LOWEST     26           400 PM
 AVERAGE    56

..........................................................


THE YOUNGSTOWN OH CLIMATE NORMALS FOR TODAY
                         NORMAL    RECORD    YEAR
 MAXIMUM TEMPERATURE (F)   59        85      1941
 MINIMUM TEMPERATURE (F)   38        11      1950


SUNRISE AND SUNSET
APRIL 14 2016.........SUNRISE   644 AM EDT   SUNSET   802 PM EDT
APRIL 15 2016.........SUNRISE   642 AM EDT   SUNSET   803 PM EDT


-  INDICATES NEGATIVE NUMBERS.
R  INDICATES RECORD WAS SET OR TIED.
MM INDICATES DATA IS MISSING.
T  INDICATES TRACE AMOUNT.




$$
