000
CDUS41 KCLE 120534
CLIYNG


CLIMATE REPORT
NATIONAL WEATHER SERVICE CLEVELAND OH
1234 AM EST FRI JAN 12 2018


...................................

...THE YOUNGSTOWN OH CLIMATE SUMMARY FOR JANUARY 11 2018...

CLIMATE NORMAL PERIOD 1981 TO 2010
CLIMATE RECORD PERIOD 1897 TO 2018


WEATHER ITEM   OBSERVED TIME   RECORD YEAR NORMAL DEPARTURE LAST
                VALUE   (LST)  VALUE       VALUE  FROM      YEAR
                                                  NORMAL
..................................................................
TEMPERATURE (F)
 YESTERDAY
  MAXIMUM         62R   205 PM  56    2017  32     30       56
  MINIMUM         48    506 AM  -8    1982  19     29       34
  AVERAGE         55                        26     29       45

PRECIPITATION (IN)
  YESTERDAY        0.61                      0.08   0.53     0.17
  MONTH TO DATE    1.02                      0.96   0.06     1.90
  SINCE DEC 1      3.13                      3.95  -0.82     5.47
  SINCE JAN 1      1.02                      0.96   0.06     1.90

SNOWFALL (IN)
  YESTERDAY        0.0                       0.5   -0.5      0.0
  MONTH TO DATE    6.8                       5.8    1.0      5.7
  SINCE DEC 1     25.8                      20.8    5.0     29.0
  SINCE JUL 1     26.8                      25.2    1.6     33.4
  SNOW DEPTH       0

DEGREE DAYS
 HEATING
  YESTERDAY       10                        39    -29       20
  MONTH TO DATE  514                       429     85      431
  SINCE DEC 1   1665                      1506    159     1510
  SINCE JUL 1   2763                      2835    -72     2482

 COOLING
  YESTERDAY        0                         0      0        0
  MONTH TO DATE    0                         0      0        0
  SINCE DEC 1      0                         0      0        0
  SINCE JAN 1      0                         0      0        0
..................................................................


WIND (MPH)
  HIGHEST WIND SPEED    18   HIGHEST WIND DIRECTION     S (180)
  HIGHEST GUST SPEED    27   HIGHEST GUST DIRECTION     S (160)
  AVERAGE WIND SPEED    10.9


SKY COVER
  POSSIBLE SUNSHINE  MM
  AVERAGE SKY COVER 1.0


WEATHER CONDITIONS
 THE FOLLOWING WEATHER WAS RECORDED YESTERDAY.
  RAIN
  LIGHT RAIN
  FOG


RELATIVE HUMIDITY (PERCENT)
 HIGHEST   100           700 PM
 LOWEST     64           100 PM
 AVERAGE    82

..........................................................


THE YOUNGSTOWN OH CLIMATE NORMALS FOR TODAY
                         NORMAL    RECORD    YEAR
 MAXIMUM TEMPERATURE (F)   32        64      1898
 MINIMUM TEMPERATURE (F)   19        -7      1981


SUNRISE AND SUNSET
JANUARY 12 2018.......SUNRISE   747 AM EST   SUNSET   515 PM EST
JANUARY 13 2018.......SUNRISE   747 AM EST   SUNSET   516 PM EST


-  INDICATES NEGATIVE NUMBERS.
R  INDICATES RECORD WAS SET OR TIED.
MM INDICATES DATA IS MISSING.
T  INDICATES TRACE AMOUNT.




$$
