000
CDUS41 KCLE 070545
CLIYNG


CLIMATE REPORT
NATIONAL WEATHER SERVICE CLEVELAND OH
145 AM EDT MON APR 7 2014


...................................

...THE YOUNGSTOWN OH CLIMATE SUMMARY FOR APRIL 6 2014...

CLIMATE NORMAL PERIOD 1981 TO 2010
CLIMATE RECORD PERIOD 1897 TO 2014


WEATHER ITEM   OBSERVED TIME   RECORD YEAR NORMAL DEPARTURE LAST
                VALUE   (LST)  VALUE       VALUE  FROM      YEAR
                                                  NORMAL
..................................................................
TEMPERATURE (F)
 YESTERDAY
  MAXIMUM         55        MM  87    2010  55      0       55
  MINIMUM         22        MM  18    1982  35    -13       21
  AVERAGE         39                        45     -6       38

PRECIPITATION (IN)
  YESTERDAY        0.00                      0.11  -0.11     0.00
  MONTH TO DATE    0.98                      0.69   0.29     0.06
  SINCE MAR 1      2.92                      3.63  -0.71     2.77
  SINCE JAN 1      7.61                      8.33  -0.72     7.07

SNOWFALL (IN)
  YESTERDAY        0.0                       0.1   -0.1      0.0
  MONTH TO DATE    T                         1.1   -1.1      0.6
  SINCE MAR 1      7.9                      12.0   -4.1     20.5
  SINCE JUL 1     88.9                      60.8   28.1     80.9
  SNOW DEPTH       0

DEGREE DAYS
 HEATING
  YESTERDAY       26                        20      6       27
  MONTH TO DATE  113                       127    -14      183
  SINCE MAR 1   1191                      1003    188     1157
  SINCE JUL 1   6259                      5651    608     5599

 COOLING
  YESTERDAY        0                         0      0        0
  MONTH TO DATE    0                         0      0        0
  SINCE MAR 1      0                         1     -1        0
  SINCE JAN 1      0                         1     -1        0
..................................................................


WIND (MPH)
  HIGHEST WIND SPEED     8   HIGHEST WIND DIRECTION     E (90)
  HIGHEST GUST SPEED    MM   HIGHEST GUST DIRECTION    MM
  AVERAGE WIND SPEED     4.2


SKY COVER
  POSSIBLE SUNSHINE  MM
  AVERAGE SKY COVER 0.4


WEATHER CONDITIONS
 THE FOLLOWING WEATHER WAS RECORDED YESTERDAY.
  NO SIGNIFICANT WEATHER WAS OBSERVED.


RELATIVE HUMIDITY (PERCENT)
 HIGHEST    88           400 AM
 LOWEST     26           500 PM
 AVERAGE    57

..........................................................


THE YOUNGSTOWN OH CLIMATE NORMALS FOR TODAY
                         NORMAL    RECORD    YEAR
 MAXIMUM TEMPERATURE (F)   56        81      2010
                                             2001
                                             1991
 MINIMUM TEMPERATURE (F)   35        18      1972


SUNRISE AND SUNSET
APRIL  7 2014.........SUNRISE   656 AM EDT   SUNSET   754 PM EDT
APRIL  8 2014.........SUNRISE   654 AM EDT   SUNSET   755 PM EDT


-  INDICATES NEGATIVE NUMBERS.
R  INDICATES RECORD WAS SET OR TIED.
MM INDICATES DATA IS MISSING.
T  INDICATES TRACE AMOUNT.




$$
