000
CDUS41 KCLE 220545
CLIYNG


CLIMATE REPORT
NATIONAL WEATHER SERVICE CLEVELAND OH
145 AM EDT SAT AUG 22 2015


...................................

...THE YOUNGSTOWN OH CLIMATE SUMMARY FOR AUGUST 21 2015...

CLIMATE NORMAL PERIOD 1981 TO 2010
CLIMATE RECORD PERIOD 1897 TO 2015


WEATHER ITEM   OBSERVED TIME   RECORD YEAR NORMAL DEPARTURE LAST
                VALUE   (LST)  VALUE       VALUE  FROM      YEAR
                                                  NORMAL
..................................................................
TEMPERATURE (F)
 YESTERDAY
  MAXIMUM         77    439 PM  93    1955  80     -3       81
                                      1937
  MINIMUM         51   1151 PM  42    1992  58     -7       64
  AVERAGE         64                        69     -5       73

PRECIPITATION (IN)
  YESTERDAY        0.00                      0.11  -0.11     0.20
  MONTH TO DATE    2.49                      2.18   0.31     5.82
  SINCE JUN 1     15.58                     10.37   5.21    14.03
  SINCE JAN 1     30.56                     25.16   5.40    29.12

SNOWFALL (IN)
  YESTERDAY        0.0                       0.0    0.0      0.0
  MONTH TO DATE    0.0                       0.0    0.0      0.0
  SINCE JUN 1      0.0                       0.0    0.0      0.0
  SINCE JUL 1      0.0                       0.0    0.0      0.0
  SNOW DEPTH       0

DEGREE DAYS
 HEATING
  YESTERDAY        1                         1      0        0
  MONTH TO DATE    4                        16    -12       17
  SINCE JUN 1     53                        98    -45       73
  SINCE JUL 1     11                        29    -18       45

 COOLING
  YESTERDAY        0                         5     -5        8
  MONTH TO DATE  126                       113     13       76
  SINCE JUN 1    421                       408     13      359
  SINCE JAN 1    533                       447     86      414
..................................................................


WIND (MPH)
  HIGHEST WIND SPEED    14   HIGHEST WIND DIRECTION     N (340)
  HIGHEST GUST SPEED    17   HIGHEST GUST DIRECTION    NW (310)
  AVERAGE WIND SPEED     5.3


SKY COVER
  POSSIBLE SUNSHINE  MM
  AVERAGE SKY COVER 0.4


WEATHER CONDITIONS
 THE FOLLOWING WEATHER WAS RECORDED YESTERDAY.
  NO SIGNIFICANT WEATHER WAS OBSERVED.


RELATIVE HUMIDITY (PERCENT)
 HIGHEST    96           600 AM
 LOWEST     41           500 PM
 AVERAGE    69

..........................................................


THE YOUNGSTOWN OH CLIMATE NORMALS FOR TODAY
                         NORMAL    RECORD    YEAR
 MAXIMUM TEMPERATURE (F)   80        96      1936
 MINIMUM TEMPERATURE (F)   58        39      1988


SUNRISE AND SUNSET
AUGUST 22 2015........SUNRISE   639 AM EDT   SUNSET   812 PM EDT
AUGUST 23 2015........SUNRISE   640 AM EDT   SUNSET   810 PM EDT


-  INDICATES NEGATIVE NUMBERS.
R  INDICATES RECORD WAS SET OR TIED.
MM INDICATES DATA IS MISSING.
T  INDICATES TRACE AMOUNT.




$$
