000
CDUS41 KCLE 072130
CLIYNG


CLIMATE REPORT
NATIONAL WEATHER SERVICE CLEVELAND OH
530 PM EDT FRI APR 7 2017


...................................

...THE YOUNGSTOWN OH CLIMATE SUMMARY FOR APRIL 7 2017...
VALID TODAY AS OF 0500 PM LOCAL TIME.

CLIMATE NORMAL PERIOD 1981 TO 2010
CLIMATE RECORD PERIOD 1897 TO 2017


WEATHER ITEM   OBSERVED TIME   RECORD YEAR NORMAL DEPARTURE LAST
                VALUE   (LST)  VALUE       VALUE  FROM      YEAR
                                                  NORMAL
..................................................................
TEMPERATURE (F)
 TODAY
  MAXIMUM         37    359 PM  81    2010  56    -19       50
                                      2001
                                      1991
  MINIMUM         32   1054 AM  18    1972  35     -3       32
  AVERAGE         35                        45    -10       41

PRECIPITATION (IN)
  TODAY            0.12                      0.12   0.00     0.40
  MONTH TO DATE    1.00                      0.81   0.19     1.00
  SINCE MAR 1      6.04                      3.75   2.29     4.81
  SINCE JAN 1     13.92                      8.45   5.47    10.00

SNOWFALL (IN)
  TODAY            1.7                       0.2    1.5      0.4
  MONTH TO DATE    2.0                       1.3    0.7      2.0
  SINCE MAR 1     22.1                      12.2    9.9      6.3
  SINCE JUL 1     69.5                      61.0    8.5     37.9
  SNOW DEPTH       1

DEGREE DAYS
 HEATING
  TODAY           30                        20     10       24
  MONTH TO DATE  128                       147    -19      180
  SINCE MAR 1    998                      1023    -25      794
  SINCE JUL 1   4782                      5671   -889     4642

 COOLING
  TODAY            0                         0      0        0
  MONTH TO DATE    0                         0      0        0
  SINCE MAR 1      0                         1     -1        0
  SINCE JAN 1      0                         1     -1        0
..................................................................


WIND (MPH)
  HIGHEST WIND SPEED    28   HIGHEST WIND DIRECTION    NW (320)
  HIGHEST GUST SPEED    35   HIGHEST GUST DIRECTION    NW (330)


SKY COVER
  POSSIBLE SUNSHINE  MM
  AVERAGE SKY COVER 1.0


WEATHER CONDITIONS
 THE FOLLOWING WEATHER WAS RECORDED TODAY.
  SNOW
  LIGHT SNOW
  FOG


RELATIVE HUMIDITY (PERCENT)
 HIGHEST    96          1200 AM
 LOWEST     64           400 PM
 AVERAGE    80

..........................................................


THE YOUNGSTOWN OH CLIMATE NORMALS FOR TOMORROW
                         NORMAL    RECORD    YEAR
 MAXIMUM TEMPERATURE (F)   56        81      2001
 MINIMUM TEMPERATURE (F)   36        14      1982


SUNRISE AND SUNSET
APRIL  7 2017.........SUNRISE   656 AM EDT   SUNSET   755 PM EDT
APRIL  8 2017.........SUNRISE   654 AM EDT   SUNSET   756 PM EDT


-  INDICATES NEGATIVE NUMBERS.
R  INDICATES RECORD WAS SET OR TIED.
MM INDICATES DATA IS MISSING.
T  INDICATES TRACE AMOUNT.




$$
