000
CDUS41 KCLE 020540
CLIYNG


CLIMATE REPORT
NATIONAL WEATHER SERVICE CLEVELAND OH
1240 AM EST FRI DEC 2 2016


...................................

...THE YOUNGSTOWN OH CLIMATE SUMMARY FOR DECEMBER 1 2016...

CLIMATE NORMAL PERIOD 1981 TO 2010
CLIMATE RECORD PERIOD 1897 TO 2016


WEATHER ITEM   OBSERVED TIME   RECORD YEAR NORMAL DEPARTURE LAST
                VALUE   (LST)  VALUE       VALUE  FROM      YEAR
                                                  NORMAL
..................................................................
TEMPERATURE (F)
 YESTERDAY
  MAXIMUM         41    127 AM  71    1934  42     -1       57
  MINIMUM         35   1019 AM   9    1964  29      6       42
                                      1936
  AVERAGE         38                        35      3       50

PRECIPITATION (IN)
  YESTERDAY        T                         0.10  -0.10     0.11
  MONTH TO DATE    T                         0.10  -0.10     0.11
  SINCE DEC 1      T                         0.10  -0.10     0.11
  SINCE JAN 1     40.77                     36.02   4.75    40.30

SNOWFALL (IN)
  YESTERDAY        T                         0.4   -0.4      0.0
  MONTH TO DATE    T                         0.4   -0.4      0.0
  SINCE DEC 1      T                         0.4   -0.4      0.0
  SINCE JUL 1      4.4                       4.8   -0.4      0.4
  SNOW DEPTH       0

DEGREE DAYS
 HEATING
  YESTERDAY       27                        30     -3       15
  MONTH TO DATE   27                        30     -3       15
  SINCE DEC 1     27                        30     -3       15
  SINCE JUL 1    999                      1359   -360     1017

 COOLING
  YESTERDAY        0                         0      0        0
  MONTH TO DATE    0                         0      0        0
  SINCE DEC 1      0                         0      0        0
  SINCE JAN 1    879                       544    335      681
..................................................................


WIND (MPH)
  HIGHEST WIND SPEED    22   HIGHEST WIND DIRECTION    SW (230)
  HIGHEST GUST SPEED    32   HIGHEST GUST DIRECTION     W (250)
  AVERAGE WIND SPEED    14.1


SKY COVER
  POSSIBLE SUNSHINE  MM
  AVERAGE SKY COVER 1.0


WEATHER CONDITIONS
 THE FOLLOWING WEATHER WAS RECORDED YESTERDAY.
  LIGHT RAIN
  SNOW
  LIGHT SNOW
  FOG


RELATIVE HUMIDITY (PERCENT)
 HIGHEST    79           100 AM
 LOWEST     64          1200 PM
 AVERAGE    72

..........................................................


THE YOUNGSTOWN OH CLIMATE NORMALS FOR TODAY
                         NORMAL    RECORD    YEAR
 MAXIMUM TEMPERATURE (F)   41        68      1982
 MINIMUM TEMPERATURE (F)   29        -4      1976


SUNRISE AND SUNSET
DECEMBER  2 2016......SUNRISE   730 AM EST   SUNSET   454 PM EST
DECEMBER  3 2016......SUNRISE   731 AM EST   SUNSET   454 PM EST


-  INDICATES NEGATIVE NUMBERS.
R  INDICATES RECORD WAS SET OR TIED.
MM INDICATES DATA IS MISSING.
T  INDICATES TRACE AMOUNT.




$$
