348
CDUS41 KCLE 040537
CLIYNG


CLIMATE REPORT
NATIONAL WEATHER SERVICE CLEVELAND OH
1237 AM EST THU FEB 4 2016


...................................

...THE YOUNGSTOWN OH CLIMATE SUMMARY FOR FEBRUARY 3 2016...

CLIMATE NORMAL PERIOD 1981 TO 2010
CLIMATE RECORD PERIOD 1897 TO 2016


WEATHER ITEM   OBSERVED TIME   RECORD YEAR NORMAL DEPARTURE LAST
                VALUE   (LST)  VALUE       VALUE  FROM      YEAR
                                                  NORMAL
..................................................................
TEMPERATURE (F)
 YESTERDAY
  MAXIMUM         62R   305 PM  55    1991  34     28       25
  MINIMUM         36   1146 PM -11    1951  19     17        2
  AVERAGE         49                        26     23       14

PRECIPITATION (IN)
  YESTERDAY        0.63                      0.07   0.56     0.01
  MONTH TO DATE    0.92                      0.22   0.70     0.92
  SINCE DEC 1      6.52                      5.76   0.76     6.40
  SINCE JAN 1      2.33                      2.77  -0.44     4.08

SNOWFALL (IN)
  YESTERDAY        0.0                       0.5   -0.5      0.2
  MONTH TO DATE    0.0                       1.4   -1.4      8.1
  SINCE DEC 1     12.6                      33.0  -20.4     38.1
  SINCE JUL 1     13.0                      37.4  -24.4     49.7
  SNOW DEPTH       0

DEGREE DAYS
 HEATING
  YESTERDAY       16                        39    -23       51
  MONTH TO DATE   69                       117    -48      130
  SINCE DEC 1   1958                      2411   -453     2406
  SINCE JUL 1   2960                      3740   -780     3816

 COOLING
  YESTERDAY        0                         0      0        0
  MONTH TO DATE    0                         0      0        0
  SINCE DEC 1      0                         0      0        0
  SINCE JAN 1      0                         0      0        0
..................................................................


WIND (MPH)
  HIGHEST WIND SPEED    26   HIGHEST WIND DIRECTION    SW (240)
  HIGHEST GUST SPEED    38   HIGHEST GUST DIRECTION    SW (220)
  AVERAGE WIND SPEED    14.6


SKY COVER
  POSSIBLE SUNSHINE  MM
  AVERAGE SKY COVER 0.8


WEATHER CONDITIONS
 THE FOLLOWING WEATHER WAS RECORDED YESTERDAY.
  RAIN
  LIGHT RAIN
  FOG


RELATIVE HUMIDITY (PERCENT)
 HIGHEST    93           500 AM
 LOWEST     43           600 PM
 AVERAGE    68

..........................................................


THE YOUNGSTOWN OH CLIMATE NORMALS FOR TODAY
                         NORMAL    RECORD    YEAR
 MAXIMUM TEMPERATURE (F)   34        62      1991
 MINIMUM TEMPERATURE (F)   19        -9      1978


SUNRISE AND SUNSET
FEBRUARY  4 2016......SUNRISE   731 AM EST   SUNSET   542 PM EST
FEBRUARY  5 2016......SUNRISE   730 AM EST   SUNSET   544 PM EST


-  INDICATES NEGATIVE NUMBERS.
R  INDICATES RECORD WAS SET OR TIED.
MM INDICATES DATA IS MISSING.
T  INDICATES TRACE AMOUNT.




$$
