000
CDUS41 KCLE 180529
CLIYNG


CLIMATE REPORT
NATIONAL WEATHER SERVICE CLEVELAND OH
1229 AM EST SUN JAN 18 2015


...................................

...THE YOUNGSTOWN OH CLIMATE SUMMARY FOR JANUARY 17 2015...

CLIMATE NORMAL PERIOD 1981 TO 2010
CLIMATE RECORD PERIOD 1897 TO 2015


WEATHER ITEM   OBSERVED TIME   RECORD YEAR NORMAL DEPARTURE LAST
                VALUE   (LST)  VALUE       VALUE  FROM      YEAR
                                                  NORMAL
..................................................................
TEMPERATURE (F)
 YESTERDAY
  MAXIMUM         44    502 PM  58    1952  32     12       38
  MINIMUM         10    308 AM -19    1982  19     -9       17
  AVERAGE         27                        26      1       28

PRECIPITATION (IN)
  YESTERDAY        0.00                      0.08  -0.08     0.17
  MONTH TO DATE    2.08                      1.46   0.62     1.94
  SINCE DEC 1      4.40                      4.45  -0.05     5.46
  SINCE JAN 1      2.08                      1.46   0.62     1.94

SNOWFALL (IN)
  YESTERDAY        0.0                       0.5   -0.5      1.8
  MONTH TO DATE   15.2                       9.2    6.0     12.1
  SINCE DEC 1     15.9                      24.2   -8.3     32.6
  SINCE JUL 1     27.5                      28.6   -1.1     46.7
  SNOW DEPTH       5

DEGREE DAYS
 HEATING
  YESTERDAY       38                        40     -2       37
  MONTH TO DATE  772                       667    105      679
  SINCE DEC 1   1705                      1744    -39     1741
  SINCE JUL 1   3115                      3073     42     3123

 COOLING
  YESTERDAY        0                         0      0        0
  MONTH TO DATE    0                         0      0        0
  SINCE DEC 1      0                         0      0        0
  SINCE JAN 1      0                         0      0        0
..................................................................


WIND (MPH)
  HIGHEST WIND SPEED    16   HIGHEST WIND DIRECTION    SE (150)
  HIGHEST GUST SPEED    22   HIGHEST GUST DIRECTION     S (180)
  AVERAGE WIND SPEED    10.3


SKY COVER
  POSSIBLE SUNSHINE  MM
  AVERAGE SKY COVER 0.6


WEATHER CONDITIONS
 THE FOLLOWING WEATHER WAS RECORDED YESTERDAY.
  NO SIGNIFICANT WEATHER WAS OBSERVED.


RELATIVE HUMIDITY (PERCENT)
 HIGHEST    83           300 AM
 LOWEST     53           400 PM
 AVERAGE    68

..........................................................


THE YOUNGSTOWN OH CLIMATE NORMALS FOR TODAY
                         NORMAL    RECORD    YEAR
 MAXIMUM TEMPERATURE (F)   32        61      1996
 MINIMUM TEMPERATURE (F)   19       -18      1994


SUNRISE AND SUNSET
JANUARY 18 2015.......SUNRISE   745 AM EST   SUNSET   522 PM EST
JANUARY 19 2015.......SUNRISE   744 AM EST   SUNSET   523 PM EST


-  INDICATES NEGATIVE NUMBERS.
R  INDICATES RECORD WAS SET OR TIED.
MM INDICATES DATA IS MISSING.
T  INDICATES TRACE AMOUNT.




$$
