000
CDUS41 KCLE 020535
CLIYNG


CLIMATE REPORT
NATIONAL WEATHER SERVICE CLEVELAND OH
1234 AM EST TUE FEB 2 2016


...................................

...THE YOUNGSTOWN OH CLIMATE SUMMARY FOR FEBRUARY 1 2016...

CLIMATE NORMAL PERIOD 1981 TO 2010
CLIMATE RECORD PERIOD 1897 TO 2016


WEATHER ITEM   OBSERVED TIME   RECORD YEAR NORMAL DEPARTURE LAST
                VALUE   (LST)  VALUE       VALUE  FROM      YEAR
                                                  NORMAL
..................................................................
TEMPERATURE (F)
 YESTERDAY
  MAXIMUM         57   1204 AM  60    1989  33     24       34
  MINIMUM         27   1143 PM  -7    1971  19      8       26
  AVERAGE         42                        26     16       30

PRECIPITATION (IN)
  YESTERDAY        0.14                      0.07   0.07     0.78
  MONTH TO DATE    0.14                      0.07   0.07     0.78
  SINCE DEC 1      5.74                      5.61   0.13     6.26
  SINCE JAN 1      1.55                      2.62  -1.07     3.94

SNOWFALL (IN)
  YESTERDAY        0.0                       0.5   -0.5      7.2
  MONTH TO DATE    0.0                       0.5   -0.5      7.2
  SINCE DEC 1     12.6                      32.1  -19.5     37.2
  SINCE JUL 1     13.0                      36.5  -23.5     48.8
  SNOW DEPTH       0

DEGREE DAYS
 HEATING
  YESTERDAY       23                        39    -16       35
  MONTH TO DATE   23                        39    -16       35
  SINCE DEC 1   1912                      2333   -421     2311
  SINCE JUL 1   2914                      3662   -748     3721

 COOLING
  YESTERDAY        0                         0      0        0
  MONTH TO DATE    0                         0      0        0
  SINCE DEC 1      0                         0      0        0
  SINCE JAN 1      0                         0      0        0
..................................................................


WIND (MPH)
  HIGHEST WIND SPEED    25   HIGHEST WIND DIRECTION    SW (240)
  HIGHEST GUST SPEED    37   HIGHEST GUST DIRECTION     W (250)
  AVERAGE WIND SPEED     7.7


SKY COVER
  POSSIBLE SUNSHINE  MM
  AVERAGE SKY COVER 0.8


WEATHER CONDITIONS
 THE FOLLOWING WEATHER WAS RECORDED YESTERDAY.
  HEAVY RAIN
  RAIN
  LIGHT RAIN
  FOG


RELATIVE HUMIDITY (PERCENT)
 HIGHEST    89           200 AM
 LOWEST     62          1200 AM
 AVERAGE    76

..........................................................


THE YOUNGSTOWN OH CLIMATE NORMALS FOR TODAY
                         NORMAL    RECORD    YEAR
 MAXIMUM TEMPERATURE (F)   34        57      1973
 MINIMUM TEMPERATURE (F)   19       -11      1961


SUNRISE AND SUNSET
FEBRUARY  2 2016......SUNRISE   733 AM EST   SUNSET   540 PM EST
FEBRUARY  3 2016......SUNRISE   732 AM EST   SUNSET   541 PM EST


-  INDICATES NEGATIVE NUMBERS.
R  INDICATES RECORD WAS SET OR TIED.
MM INDICATES DATA IS MISSING.
T  INDICATES TRACE AMOUNT.




$$
