000
CDUS41 KCLE 160701
CLIYNG


CLIMATE REPORT
NATIONAL WEATHER SERVICE CLEVELAND OH
301 AM EDT THU MAR 16 2017


...................................

...THE YOUNGSTOWN OH CLIMATE SUMMARY FOR MARCH 15 2017...

CLIMATE NORMAL PERIOD 1981 TO 2010
CLIMATE RECORD PERIOD 1897 TO 2017


WEATHER ITEM   OBSERVED TIME   RECORD YEAR NORMAL DEPARTURE LAST
                VALUE   (LST)  VALUE       VALUE  FROM      YEAR
                                                  NORMAL
..................................................................
TEMPERATURE (F)
 YESTERDAY
  MAXIMUM         24   1159 PM  79    1990  45    -21       53
  MINIMUM         15   1243 AM   3    1993  27    -12       44
  AVERAGE         20                        36    -16       49

PRECIPITATION (IN)
  YESTERDAY        0.10                      0.09   0.01     0.01
  MONTH TO DATE    2.74                      1.32   1.42     2.35
  SINCE MAR 1      2.74                      1.32   1.42     2.35
  SINCE JAN 1     10.62                      6.02   4.60     7.54

SNOWFALL (IN)
  YESTERDAY        2.3                       0.3    2.0      0.0
  MONTH TO DATE   19.2                       6.2   13.0      4.3
  SINCE MAR 1     19.2                       6.2   13.0      4.3
  SINCE JUL 1     66.6                      55.0   11.6     35.9
  SNOW DEPTH       6

DEGREE DAYS
 HEATING
  YESTERDAY       45                        29     16       16
  MONTH TO DATE  517                       469     48      328
  SINCE MAR 1    517                       469     48      328
  SINCE JUL 1   4301                      5117   -816     4176

 COOLING
  YESTERDAY        0                         0      0        0
  MONTH TO DATE    0                         0      0        0
  SINCE MAR 1      0                         0      0        0
  SINCE JAN 1      0                         0      0        0
..................................................................


WIND (MPH)
  HIGHEST WIND SPEED    30   HIGHEST WIND DIRECTION    NW (310)
  HIGHEST GUST SPEED    39   HIGHEST GUST DIRECTION     W (290)
  AVERAGE WIND SPEED    15.3


SKY COVER
  POSSIBLE SUNSHINE  MM
  AVERAGE SKY COVER 1.0


WEATHER CONDITIONS
 THE FOLLOWING WEATHER WAS RECORDED YESTERDAY.
  SNOW
  LIGHT SNOW
  FOG
  BLOWING SNOW


RELATIVE HUMIDITY (PERCENT)
 HIGHEST    88           200 AM
 LOWEST     47           700 PM
 AVERAGE    68

..........................................................


THE YOUNGSTOWN OH CLIMATE NORMALS FOR TODAY
                         NORMAL    RECORD    YEAR
 MAXIMUM TEMPERATURE (F)   46        76      1945
 MINIMUM TEMPERATURE (F)   28         8      1992
                                             1932


SUNRISE AND SUNSET
MARCH 16 2017.........SUNRISE   732 AM EDT   SUNSET   731 PM EDT
MARCH 17 2017.........SUNRISE   731 AM EDT   SUNSET   732 PM EDT


-  INDICATES NEGATIVE NUMBERS.
R  INDICATES RECORD WAS SET OR TIED.
MM INDICATES DATA IS MISSING.
T  INDICATES TRACE AMOUNT.




$$
