316
CDUS41 KCLE 190538
CLIYNG


CLIMATE REPORT
NATIONAL WEATHER SERVICE CLEVELAND OH
137 AM EDT MON JUN 19 2017


...................................

...THE YOUNGSTOWN OH CLIMATE SUMMARY FOR JUNE 18 2017...

CLIMATE NORMAL PERIOD 1981 TO 2010
CLIMATE RECORD PERIOD 1897 TO 2017


WEATHER ITEM   OBSERVED TIME   RECORD YEAR NORMAL DEPARTURE LAST
                VALUE   (LST)  VALUE       VALUE  FROM      YEAR
                                                  NORMAL
..................................................................
TEMPERATURE (F)
 YESTERDAY
  MAXIMUM         85   1049 AM  95    1994  78      7       84
  MINIMUM         67   1159 PM  36    1950  56     11       52
  AVERAGE         76                        67      9       68

PRECIPITATION (IN)
  YESTERDAY        1.95                      0.13   1.82     0.00
  MONTH TO DATE    2.22                      2.32  -0.10     2.69
  SINCE JUN 1      2.22                      2.32  -0.10     2.69
  SINCE JAN 1     23.52                     17.11   6.41    17.79

SNOWFALL (IN)
  YESTERDAY        0.0                       0.0    0.0      0.0
  MONTH TO DATE    0.0                       0.0    0.0      0.0
  SINCE JUN 1      0.0                       0.0    0.0      0.0
  SINCE JUL 1     69.5                      62.7    6.8     44.9
  SNOW DEPTH       0

DEGREE DAYS
 HEATING
  YESTERDAY        0                         2     -2        0
  MONTH TO DATE   33                        55    -22       30
  SINCE JUN 1     33                        55    -22       30
  SINCE JUL 1   5249                      6335  -1086     5283

 COOLING
  YESTERDAY       11                         4      7        3
  MONTH TO DATE  111                        51     60       68
  SINCE JUN 1    111                        51     60       68
  SINCE JAN 1    160                        90     70      123
..................................................................


WIND (MPH)
  HIGHEST WIND SPEED    25   HIGHEST WIND DIRECTION     W (250)
  HIGHEST GUST SPEED    35   HIGHEST GUST DIRECTION     W (250)
  AVERAGE WIND SPEED    10.0


SKY COVER
  POSSIBLE SUNSHINE  MM
  AVERAGE SKY COVER 0.7


WEATHER CONDITIONS
 THE FOLLOWING WEATHER WAS RECORDED YESTERDAY.
  THUNDERSTORM
  HEAVY RAIN
  RAIN
  LIGHT RAIN
  FOG


RELATIVE HUMIDITY (PERCENT)
 HIGHEST    90           700 PM
 LOWEST     58          1000 AM
 AVERAGE    74

..........................................................


THE YOUNGSTOWN OH CLIMATE NORMALS FOR TODAY
                         NORMAL    RECORD    YEAR
 MAXIMUM TEMPERATURE (F)   79        94      1994
 MINIMUM TEMPERATURE (F)   57        44      2000
                                             1999


SUNRISE AND SUNSET
JUNE 19 2017..........SUNRISE   549 AM EDT   SUNSET   859 PM EDT
JUNE 20 2017..........SUNRISE   550 AM EDT   SUNSET   859 PM EDT


-  INDICATES NEGATIVE NUMBERS.
R  INDICATES RECORD WAS SET OR TIED.
MM INDICATES DATA IS MISSING.
T  INDICATES TRACE AMOUNT.




$$
