000
CDUS41 KCLE 160545
CLIYNG


CLIMATE REPORT
NATIONAL WEATHER SERVICE CLEVELAND OH
145 AM EDT FRI JUN 16 2017


...................................

...THE YOUNGSTOWN OH CLIMATE SUMMARY FOR JUNE 15 2017...

CLIMATE NORMAL PERIOD 1981 TO 2010
CLIMATE RECORD PERIOD 1897 TO 2017


WEATHER ITEM   OBSERVED TIME   RECORD YEAR NORMAL DEPARTURE LAST
                VALUE   (LST)  VALUE       VALUE  FROM      YEAR
                                                  NORMAL
..................................................................
TEMPERATURE (F)
 YESTERDAY
  MAXIMUM         84   1220 PM  93    1994  78      6       84
  MINIMUM         68   1159 PM  40    1978  56     12       59
                                      1958
                                      1933
  AVERAGE         76                        66     10       72

PRECIPITATION (IN)
  YESTERDAY        0.07                      0.13  -0.06     0.01
  MONTH TO DATE    0.27                      1.92  -1.65     1.25
  SINCE JUN 1      0.27                      1.92  -1.65     1.25
  SINCE JAN 1     21.57                     16.71   4.86    16.35

SNOWFALL (IN)
  YESTERDAY        0.0                       0.0    0.0      0.0
  MONTH TO DATE    0.0                       0.0    0.0      0.0
  SINCE JUN 1      0.0                       0.0    0.0      0.0
  SINCE JUL 1     69.5                      62.7    6.8     44.9
  SNOW DEPTH       0

DEGREE DAYS
 HEATING
  YESTERDAY        0                         2     -2        0
  MONTH TO DATE   33                        49    -16       30
  SINCE JUN 1     33                        49    -16       30
  SINCE JUL 1   5249                      6329  -1080     5283

 COOLING
  YESTERDAY       11                         4      7        7
  MONTH TO DATE   75                        39     36       53
  SINCE JUN 1     75                        39     36       53
  SINCE JAN 1    124                        78     46      108
..................................................................


WIND (MPH)
  HIGHEST WIND SPEED    14   HIGHEST WIND DIRECTION     W (260)
  HIGHEST GUST SPEED    20   HIGHEST GUST DIRECTION     W (250)
  AVERAGE WIND SPEED     6.6


SKY COVER
  POSSIBLE SUNSHINE  MM
  AVERAGE SKY COVER 0.9


WEATHER CONDITIONS
 THE FOLLOWING WEATHER WAS RECORDED YESTERDAY.
  THUNDERSTORM
  LIGHT RAIN
  FOG


RELATIVE HUMIDITY (PERCENT)
 HIGHEST    93          1100 PM
 LOWEST     55          1200 PM
 AVERAGE    74

..........................................................


THE YOUNGSTOWN OH CLIMATE NORMALS FOR TODAY
                         NORMAL    RECORD    YEAR
 MAXIMUM TEMPERATURE (F)   78        94      1994
 MINIMUM TEMPERATURE (F)   56        40      1999
                                             1980


SUNRISE AND SUNSET
JUNE 16 2017..........SUNRISE   549 AM EDT   SUNSET   858 PM EDT
JUNE 17 2017..........SUNRISE   549 AM EDT   SUNSET   858 PM EDT


-  INDICATES NEGATIVE NUMBERS.
R  INDICATES RECORD WAS SET OR TIED.
MM INDICATES DATA IS MISSING.
T  INDICATES TRACE AMOUNT.




$$
