000
CDUS41 KCLE 100527
CLIYNG


CLIMATE REPORT
NATIONAL WEATHER SERVICE CLEVELAND OH
1226 AM EST SUN DEC 10 2017


...................................

...THE YOUNGSTOWN OH CLIMATE SUMMARY FOR DECEMBER 9 2017...

CLIMATE NORMAL PERIOD 1981 TO 2010
CLIMATE RECORD PERIOD 1897 TO 2017


WEATHER ITEM   OBSERVED TIME   RECORD YEAR NORMAL DEPARTURE LAST
                VALUE   (LST)  VALUE       VALUE  FROM      YEAR
                                                  NORMAL
..................................................................
TEMPERATURE (F)
 YESTERDAY
  MAXIMUM         33    155 PM  64    1952  38     -5       29
  MINIMUM         19    806 AM  -2    1977  26     -7       22
  AVERAGE         26                        32     -6       26

PRECIPITATION (IN)
  YESTERDAY        T                         0.10  -0.10     0.06
  MONTH TO DATE    0.18                      0.91  -0.73     0.59
  SINCE DEC 1      0.18                      0.91  -0.73     0.59
  SINCE JAN 1     42.04                     36.83   5.21    41.36

SNOWFALL (IN)
  YESTERDAY        T                         0.4   -0.4      1.0
  MONTH TO DATE    0.1                       3.8   -3.7      1.9
  SINCE DEC 1      0.1                       3.8   -3.7      1.9
  SINCE JUL 1      1.1                       8.2   -7.1      6.3
  SNOW DEPTH       T

DEGREE DAYS
 HEATING
  YESTERDAY       39                        33      6       39
  MONTH TO DATE  275                       281     -6      283
  SINCE DEC 1    275                       281     -6      283
  SINCE JUL 1   1373                      1610   -237     1255

 COOLING
  YESTERDAY        0                         0      0        0
  MONTH TO DATE    0                         0      0        0
  SINCE DEC 1      0                         0      0        0
  SINCE JAN 1    658                       544    114      879
..................................................................


WIND (MPH)
  HIGHEST WIND SPEED    13   HIGHEST WIND DIRECTION    SW (240)
  HIGHEST GUST SPEED    17   HIGHEST GUST DIRECTION     S (180)
  AVERAGE WIND SPEED     7.7


SKY COVER
  POSSIBLE SUNSHINE  MM
  AVERAGE SKY COVER 0.7


WEATHER CONDITIONS
 THE FOLLOWING WEATHER WAS RECORDED YESTERDAY.
  LIGHT SNOW
  FOG


RELATIVE HUMIDITY (PERCENT)
 HIGHEST    84          1100 PM
 LOWEST     39           200 PM
 AVERAGE    62

..........................................................


THE YOUNGSTOWN OH CLIMATE NORMALS FOR TODAY
                         NORMAL    RECORD    YEAR
 MAXIMUM TEMPERATURE (F)   38        69      1971
 MINIMUM TEMPERATURE (F)   26        -5      1958


SUNRISE AND SUNSET
DECEMBER 10 2017......SUNRISE   738 AM EST   SUNSET   454 PM EST
DECEMBER 11 2017......SUNRISE   738 AM EST   SUNSET   454 PM EST


-  INDICATES NEGATIVE NUMBERS.
R  INDICATES RECORD WAS SET OR TIED.
MM INDICATES DATA IS MISSING.
T  INDICATES TRACE AMOUNT.




$$
