000
CDUS41 KCLE 290525
CLIYNG


CLIMATE REPORT
NATIONAL WEATHER SERVICE CLEVELAND OH
1225 AM EST TUE NOV 29 2016


...................................

...THE YOUNGSTOWN OH CLIMATE SUMMARY FOR NOVEMBER 28 2016...

CLIMATE NORMAL PERIOD 1981 TO 2010
CLIMATE RECORD PERIOD 1897 TO 2016


WEATHER ITEM   OBSERVED TIME   RECORD YEAR NORMAL DEPARTURE LAST
                VALUE   (LST)  VALUE       VALUE  FROM      YEAR
                                                  NORMAL
..................................................................
TEMPERATURE (F)
 YESTERDAY
  MAXIMUM         50    855 PM  69    1990  43      7       43
  MINIMUM         32    455 AM   7    1955  30      2       35
                                      1950
                                      1930
  AVERAGE         41                        37      4       39

PRECIPITATION (IN)
  YESTERDAY        0.03                      0.11  -0.08     0.33
  MONTH TO DATE    1.46                      2.97  -1.51     1.86
  SINCE SEP 1     11.77                      9.49   2.28     9.29
  SINCE JAN 1     40.27                     35.71   4.56    40.19

SNOWFALL (IN)
  YESTERDAY        0.0                       0.2   -0.2      0.0
  MONTH TO DATE    4.4                       3.1    1.3       T
  SINCE SEP 1      4.4                       3.9    0.5      0.4
  SINCE JUL 1      4.4                       3.9    0.5      0.4
  SNOW DEPTH       0

DEGREE DAYS
 HEATING
  YESTERDAY       24                        28     -4       26
  MONTH TO DATE  572                       650    -78      472
  SINCE SEP 1    937                      1233   -296      915
  SINCE JUL 1    943                      1271   -328      944

 COOLING
  YESTERDAY        0                         0      0        0
  MONTH TO DATE    3                         0      3        2
  SINCE SEP 1    136                        58     78      121
  SINCE JAN 1    879                       544    335      681
..................................................................


WIND (MPH)
  HIGHEST WIND SPEED    22   HIGHEST WIND DIRECTION     E (110)
  HIGHEST GUST SPEED    29   HIGHEST GUST DIRECTION     E (110)
  AVERAGE WIND SPEED    10.9


SKY COVER
  POSSIBLE SUNSHINE  MM
  AVERAGE SKY COVER 0.9


WEATHER CONDITIONS
 THE FOLLOWING WEATHER WAS RECORDED YESTERDAY.
  LIGHT RAIN


RELATIVE HUMIDITY (PERCENT)
 HIGHEST    82           200 AM
 LOWEST     39           900 PM
 AVERAGE    61

..........................................................


THE YOUNGSTOWN OH CLIMATE NORMALS FOR TODAY
                         NORMAL    RECORD    YEAR
 MAXIMUM TEMPERATURE (F)   43        66      2005
 MINIMUM TEMPERATURE (F)   30         5      1976


SUNRISE AND SUNSET
NOVEMBER 29 2016......SUNRISE   727 AM EST   SUNSET   455 PM EST
NOVEMBER 30 2016......SUNRISE   728 AM EST   SUNSET   454 PM EST


-  INDICATES NEGATIVE NUMBERS.
R  INDICATES RECORD WAS SET OR TIED.
MM INDICATES DATA IS MISSING.
T  INDICATES TRACE AMOUNT.




$$
