000
CDUS41 KCLE 020525
CLIYNG


CLIMATE REPORT
NATIONAL WEATHER SERVICE CLEVELAND OH
1225 AM EST MON JAN 2 2017


...................................

...THE YOUNGSTOWN OH CLIMATE SUMMARY FOR JANUARY 1 2017...

CLIMATE NORMAL PERIOD 1981 TO 2010
CLIMATE RECORD PERIOD 1897 TO 2017


WEATHER ITEM   OBSERVED TIME   RECORD YEAR NORMAL DEPARTURE LAST
                VALUE   (LST)  VALUE       VALUE  FROM      YEAR
                                                  NORMAL
..................................................................
TEMPERATURE (F)
 YESTERDAY
  MAXIMUM         40    335 PM  65    1985  33      7       32
  MINIMUM         24    626 AM  -1    1968  20      4       24
  AVERAGE         32                        26      6       28

PRECIPITATION (IN)
  YESTERDAY        0.00                      0.09  -0.09      T
  MONTH TO DATE    0.00                      0.09  -0.09      T
  SINCE DEC 1      3.57                      3.08   0.49     4.19
  SINCE JAN 1      0.00                      0.09  -0.09      T

SNOWFALL (IN)
  YESTERDAY        0.0                       0.5   -0.5       T
  MONTH TO DATE    0.0                       0.5   -0.5       T
  SINCE DEC 1     23.3                      15.5    7.8      0.8
  SINCE JUL 1     27.7                      19.9    7.8      1.2
  SNOW DEPTH       1

DEGREE DAYS
 HEATING
  YESTERDAY       33                        39     -6       37
  MONTH TO DATE   33                        39     -6       37
  SINCE DEC 1   1112                      1116     -4      727
  SINCE JUL 1   2084                      2445   -361     1729

 COOLING
  YESTERDAY        0                         0      0        0
  MONTH TO DATE    0                         0      0        0
  SINCE DEC 1      0                         0      0        0
  SINCE JAN 1      0                         0      0        0
..................................................................


WIND (MPH)
  HIGHEST WIND SPEED    15   HIGHEST WIND DIRECTION     W (290)
  HIGHEST GUST SPEED    19   HIGHEST GUST DIRECTION     W (280)
  AVERAGE WIND SPEED     5.3


SKY COVER
  POSSIBLE SUNSHINE  MM
  AVERAGE SKY COVER 0.3


WEATHER CONDITIONS
 THE FOLLOWING WEATHER WAS RECORDED YESTERDAY.
  NO SIGNIFICANT WEATHER WAS OBSERVED.


RELATIVE HUMIDITY (PERCENT)
 HIGHEST    81           600 AM
 LOWEST     50           300 PM
 AVERAGE    66

..........................................................


THE YOUNGSTOWN OH CLIMATE NORMALS FOR TODAY
                         NORMAL    RECORD    YEAR
 MAXIMUM TEMPERATURE (F)   33        61      2000
 MINIMUM TEMPERATURE (F)   20        -5      1945


SUNRISE AND SUNSET
JANUARY  2 2017.......SUNRISE   748 AM EST   SUNSET   505 PM EST
JANUARY  3 2017.......SUNRISE   749 AM EST   SUNSET   506 PM EST


-  INDICATES NEGATIVE NUMBERS.
R  INDICATES RECORD WAS SET OR TIED.
MM INDICATES DATA IS MISSING.
T  INDICATES TRACE AMOUNT.




$$
