000
CDUS41 KCLE 060537
CLIYNG


CLIMATE REPORT
NATIONAL WEATHER SERVICE CLEVELAND OH
126 AM EDT WED SEP 6 2017


...................................

...THE YOUNGSTOWN OH CLIMATE SUMMARY FOR SEPTEMBER 5 2017...

CLIMATE NORMAL PERIOD 1981 TO 2010
CLIMATE RECORD PERIOD 1897 TO 2017


WEATHER ITEM   OBSERVED TIME   RECORD YEAR NORMAL DEPARTURE LAST
                VALUE   (LST)  VALUE       VALUE  FROM      YEAR
                                                  NORMAL
..................................................................
TEMPERATURE (F)
 YESTERDAY
  MAXIMUM         73    230 PM  99    1954  77     -4       84
  MINIMUM         52   1131 PM  41    1974  55     -3       53
  AVERAGE         63                        66     -3       69

PRECIPITATION (IN)
  YESTERDAY        0.28                      0.13   0.15     0.00
  MONTH TO DATE    0.58                      0.62  -0.04     0.00
  SINCE SEP 1      0.58                      0.62  -0.04     0.00
  SINCE JAN 1     33.30                     26.84   6.46    28.50

SNOWFALL (IN)
  YESTERDAY        0.0                       0.0    0.0      0.0
  MONTH TO DATE    0.0                       0.0    0.0      0.0
  SINCE SEP 1      0.0                       0.0    0.0      0.0
  SINCE JUL 1      0.0                       0.0    0.0      0.0
  SNOW DEPTH       0

DEGREE DAYS
 HEATING
  YESTERDAY        2                         2      0        0
  MONTH TO DATE   18                        10      8        0
  SINCE SEP 1     18                        10      8        0
  SINCE JUL 1     34                        48    -14        6

 COOLING
  YESTERDAY        0                         3     -3        4
  MONTH TO DATE    5                        15    -10        6
  SINCE SEP 1      5                        15    -10        6
  SINCE JAN 1    538                       501     37      749
..................................................................


WIND (MPH)
  HIGHEST WIND SPEED    22   HIGHEST WIND DIRECTION    NW (320)
  HIGHEST GUST SPEED    28   HIGHEST GUST DIRECTION     W (270)
  AVERAGE WIND SPEED     5.0


SKY COVER
  POSSIBLE SUNSHINE  MM
  AVERAGE SKY COVER 0.9


WEATHER CONDITIONS
 THE FOLLOWING WEATHER WAS RECORDED YESTERDAY.
  THUNDERSTORM
  RAIN
  LIGHT RAIN
  FOG


RELATIVE HUMIDITY (PERCENT)
 HIGHEST   100           100 AM
 LOWEST     57           100 PM
 AVERAGE    79

..........................................................


THE YOUNGSTOWN OH CLIMATE NORMALS FOR TODAY
                         NORMAL    RECORD    YEAR
 MAXIMUM TEMPERATURE (F)   76        93      1954
 MINIMUM TEMPERATURE (F)   55        38      1962


SUNRISE AND SUNSET
SEPTEMBER  6 2017.....SUNRISE   654 AM EDT   SUNSET   747 PM EDT
SEPTEMBER  7 2017.....SUNRISE   655 AM EDT   SUNSET   745 PM EDT


-  INDICATES NEGATIVE NUMBERS.
R  INDICATES RECORD WAS SET OR TIED.
MM INDICATES DATA IS MISSING.
T  INDICATES TRACE AMOUNT.




$$
