000
CDUS41 KCLE 030545
CLIYNG


CLIMATE REPORT
NATIONAL WEATHER SERVICE CLEVELAND OH
145 AM EDT MON JUL 3 2017


...................................

...THE YOUNGSTOWN OH CLIMATE SUMMARY FOR JULY 2 2017...

CLIMATE NORMAL PERIOD 1981 TO 2010
CLIMATE RECORD PERIOD 1897 TO 2017


WEATHER ITEM   OBSERVED TIME   RECORD YEAR NORMAL DEPARTURE LAST
                VALUE   (LST)  VALUE       VALUE  FROM      YEAR
                                                  NORMAL
..................................................................
TEMPERATURE (F)
 YESTERDAY
  MAXIMUM         84    413 PM  98    1931  81      3       75
  MINIMUM         63    513 AM  40    2001  59      4       49
  AVERAGE         74                        70      4       62

PRECIPITATION (IN)
  YESTERDAY        0.00                      0.13  -0.13     0.00
  MONTH TO DATE    0.06                      0.27  -0.21     0.13
  SINCE JUN 1      6.90                      4.15   2.75     3.07
  SINCE JAN 1     28.20                     18.94   9.26    18.17

SNOWFALL (IN)
  YESTERDAY        0.0                       0.0    0.0      0.0
  MONTH TO DATE    0.0                       0.0    0.0      0.0
  SINCE JUN 1      0.0                       0.0    0.0      0.0
  SINCE JUL 1      0.0                       0.0    0.0      0.0
  SNOW DEPTH       0

DEGREE DAYS
 HEATING
  YESTERDAY        0                         1     -1        3
  MONTH TO DATE    0                         2     -2        3
  SINCE JUN 1     44                        71    -27       37
  SINCE JUL 1      0                         2     -2        3

 COOLING
  YESTERDAY        9                         6      3        0
  MONTH TO DATE   17                        12      5        2
  SINCE JUN 1    171                       122     49      144
  SINCE JAN 1    220                       161     59      199
..................................................................


WIND (MPH)
  HIGHEST WIND SPEED    20   HIGHEST WIND DIRECTION    SW (240)
  HIGHEST GUST SPEED    24   HIGHEST GUST DIRECTION    SW (230)
  AVERAGE WIND SPEED     7.7


SKY COVER
  POSSIBLE SUNSHINE  MM
  AVERAGE SKY COVER 0.4


WEATHER CONDITIONS
 THE FOLLOWING WEATHER WAS RECORDED YESTERDAY.
  NO SIGNIFICANT WEATHER WAS OBSERVED.


RELATIVE HUMIDITY (PERCENT)
 HIGHEST    93           500 AM
 LOWEST     43           500 PM
 AVERAGE    68

..........................................................


THE YOUNGSTOWN OH CLIMATE NORMALS FOR TODAY
                         NORMAL    RECORD    YEAR
 MAXIMUM TEMPERATURE (F)   81        98      1898
 MINIMUM TEMPERATURE (F)   59        43      1995


SUNRISE AND SUNSET
JULY  3 2017..........SUNRISE   555 AM EDT   SUNSET   859 PM EDT
JULY  4 2017..........SUNRISE   555 AM EDT   SUNSET   859 PM EDT


-  INDICATES NEGATIVE NUMBERS.
R  INDICATES RECORD WAS SET OR TIED.
MM INDICATES DATA IS MISSING.
T  INDICATES TRACE AMOUNT.




$$
