000
CDUS41 KCLE 180532
CLIYNG


CLIMATE REPORT
NATIONAL WEATHER SERVICE CLEVELAND OH
1232 AM EST TUE NOV 18 2014


...................................

...THE YOUNGSTOWN OH CLIMATE SUMMARY FOR NOVEMBER 17 2014...

CLIMATE NORMAL PERIOD 1981 TO 2010
CLIMATE RECORD PERIOD 1897 TO 2014


WEATHER ITEM   OBSERVED TIME   RECORD YEAR NORMAL DEPARTURE LAST
                VALUE   (LST)  VALUE       VALUE  FROM      YEAR
                                                  NORMAL
..................................................................
TEMPERATURE (F)
 YESTERDAY
  MAXIMUM         33   1259 PM  72    1931  48    -15       61
  MINIMUM         17   1159 PM  10    1933  34    -17       52
  AVERAGE         25                        41    -16       57

PRECIPITATION (IN)
  YESTERDAY        0.43                      0.11   0.32     0.65
  MONTH TO DATE    1.58                      1.76  -0.18     2.04
  SINCE SEP 1      6.57                      8.28  -1.71     7.35
  SINCE JAN 1     36.13                     34.50   1.63    34.57

SNOWFALL (IN)
  YESTERDAY        4.4                       0.1    4.3      0.0
  MONTH TO DATE    6.8                       1.2    5.6      4.6
  SINCE SEP 1      6.8                       2.0    4.8      5.8
  SINCE JUL 1      6.8                       2.0    4.8      5.8
  SNOW DEPTH       3

DEGREE DAYS
 HEATING
  YESTERDAY       40                        24     16        8
  MONTH TO DATE  419                       360     59      371
  SINCE SEP 1    948                       943      5      891
  SINCE JUL 1   1000                       981     19      929

 COOLING
  YESTERDAY        0                         0      0        0
  MONTH TO DATE    0                         0      0        0
  SINCE SEP 1     56                        58     -2       78
  SINCE JAN 1    533                       544    -11      630
..................................................................


WIND (MPH)
  HIGHEST WIND SPEED    30   HIGHEST WIND DIRECTION     W (260)
  HIGHEST GUST SPEED    37   HIGHEST GUST DIRECTION     W (260)
  AVERAGE WIND SPEED    10.9


SKY COVER
  POSSIBLE SUNSHINE  MM
  AVERAGE SKY COVER 1.0


WEATHER CONDITIONS
 THE FOLLOWING WEATHER WAS RECORDED YESTERDAY.
  HEAVY SNOW
  SNOW
  LIGHT SNOW
  FOG
  FOG W/VISIBILITY <= 1/4 MILE


RELATIVE HUMIDITY (PERCENT)
 HIGHEST   100           100 AM
 LOWEST     62           900 PM
 AVERAGE    81

..........................................................


THE YOUNGSTOWN OH CLIMATE NORMALS FOR TODAY
                         NORMAL    RECORD    YEAR
 MAXIMUM TEMPERATURE (F)   48        72      1958
 MINIMUM TEMPERATURE (F)   33         8      1959


SUNRISE AND SUNSET
NOVEMBER 18 2014......SUNRISE   714 AM EST   SUNSET   501 PM EST
NOVEMBER 19 2014......SUNRISE   715 AM EST   SUNSET   500 PM EST


-  INDICATES NEGATIVE NUMBERS.
R  INDICATES RECORD WAS SET OR TIED.
MM INDICATES DATA IS MISSING.
T  INDICATES TRACE AMOUNT.




$$
