000
CDUS41 KCLE 060545
CLIYNG


CLIMATE REPORT
NATIONAL WEATHER SERVICE CLEVELAND OH
145 AM EDT TUE JUN 6 2017


...................................

...THE YOUNGSTOWN OH CLIMATE SUMMARY FOR JUNE 5 2017...

CLIMATE NORMAL PERIOD 1981 TO 2010
CLIMATE RECORD PERIOD 1897 TO 2017


WEATHER ITEM   OBSERVED TIME   RECORD YEAR NORMAL DEPARTURE LAST
                VALUE   (LST)  VALUE       VALUE  FROM      YEAR
                                                  NORMAL
..................................................................
TEMPERATURE (F)
 YESTERDAY
  MAXIMUM         74    150 PM  90    1934  75     -1       79
  MINIMUM         57   1159 PM  35    1945  53      4       58
  AVERAGE         66                        64      2       69

PRECIPITATION (IN)
  YESTERDAY        T                         0.13  -0.13     0.29
  MONTH TO DATE    0.19                      0.65  -0.46     0.57
  SINCE JUN 1      0.19                      0.65  -0.46     0.57
  SINCE JAN 1     21.49                     15.44   6.05    15.67

SNOWFALL (IN)
  YESTERDAY        0.0                       0.0    0.0      0.0
  MONTH TO DATE    0.0                       0.0    0.0      0.0
  SINCE JUN 1      0.0                       0.0    0.0      0.0
  SINCE JUL 1     69.5                      62.7    6.8     44.9
  SNOW DEPTH       0

DEGREE DAYS
 HEATING
  YESTERDAY        0                         4     -4        0
  MONTH TO DATE    9                        21    -12        0
  SINCE JUN 1      9                        21    -12        0
  SINCE JUL 1   5225                      6301  -1076     5253

 COOLING
  YESTERDAY        1                         2     -1        4
  MONTH TO DATE    5                        10     -5       26
  SINCE JUN 1      5                        10     -5       26
  SINCE JAN 1     54                        49      5       81
..................................................................


WIND (MPH)
  HIGHEST WIND SPEED    20   HIGHEST WIND DIRECTION    NW (320)
  HIGHEST GUST SPEED    28   HIGHEST GUST DIRECTION    NW (330)
  AVERAGE WIND SPEED     9.1


SKY COVER
  POSSIBLE SUNSHINE  MM
  AVERAGE SKY COVER 1.0


WEATHER CONDITIONS
 THE FOLLOWING WEATHER WAS RECORDED YESTERDAY.
  THUNDERSTORM


RELATIVE HUMIDITY (PERCENT)
 HIGHEST    90           200 AM
 LOWEST     64           200 PM
 AVERAGE    77

..........................................................


THE YOUNGSTOWN OH CLIMATE NORMALS FOR TODAY
                         NORMAL    RECORD    YEAR
 MAXIMUM TEMPERATURE (F)   75        91      2008
                                             1934
 MINIMUM TEMPERATURE (F)   53        36      1945


SUNRISE AND SUNSET
JUNE  6 2017..........SUNRISE   550 AM EDT   SUNSET   853 PM EDT
JUNE  7 2017..........SUNRISE   550 AM EDT   SUNSET   854 PM EDT


-  INDICATES NEGATIVE NUMBERS.
R  INDICATES RECORD WAS SET OR TIED.
MM INDICATES DATA IS MISSING.
T  INDICATES TRACE AMOUNT.




$$
