000
CDUS41 KCLE 010532
CLIYNG


CLIMATE REPORT
NATIONAL WEATHER SERVICE CLEVELAND OH
130 AM EDT TUE APR 1 2014


...................................

...THE YOUNGSTOWN OH CLIMATE SUMMARY FOR MARCH 31 2014...

CLIMATE NORMAL PERIOD 1981 TO 2010
CLIMATE RECORD PERIOD 1897 TO 2014


WEATHER ITEM   OBSERVED TIME   RECORD YEAR NORMAL DEPARTURE LAST
                VALUE   (LST)  VALUE       VALUE  FROM      YEAR
                                                  NORMAL
..................................................................
TEMPERATURE (F)
 YESTERDAY
  MAXIMUM         59    520 PM  81    1998  52      7       51
  MINIMUM         24    555 AM  14    1969  33     -9       40
                                      1964
  AVERAGE         42                        43     -1       46

PRECIPITATION (IN)
  YESTERDAY        0.00                      0.11  -0.11     0.05
  MONTH TO DATE    1.93                      2.94  -1.01     2.71
  SINCE MAR 1      1.93                      2.94  -1.01     2.71
  SINCE JAN 1      6.62                      7.64  -1.02     7.01

SNOWFALL (IN)
  YESTERDAY        0.0                       0.2   -0.2      0.0
  MONTH TO DATE    8.1                      10.9   -2.8     19.9
  SINCE MAR 1      8.1                      10.9   -2.8     19.9
  SINCE JUL 1     89.1                      59.7   29.4     80.3
  SNOW DEPTH       T

DEGREE DAYS
 HEATING
  YESTERDAY       23                        23      0       19
  MONTH TO DATE 1078                       878    200      974
  SINCE MAR 1   1078                       876    202      974
  SINCE JUL 1   6146                      5524    622     5416

 COOLING
  YESTERDAY        0                         0      0        0
  MONTH TO DATE    0                         1     -1        0
  SINCE MAR 1      0                         1     -1        0
  SINCE JAN 1      0                         1     -1        0
..................................................................


WIND (MPH)
  HIGHEST WIND SPEED     8   HIGHEST WIND DIRECTION    SE (120)
  HIGHEST GUST SPEED    18   HIGHEST GUST DIRECTION    SW (210)
  AVERAGE WIND SPEED     1.9


SKY COVER
  POSSIBLE SUNSHINE  MM
  AVERAGE SKY COVER 0.3


WEATHER CONDITIONS
 THE FOLLOWING WEATHER WAS RECORDED YESTERDAY.
  NO SIGNIFICANT WEATHER WAS OBSERVED.


RELATIVE HUMIDITY (PERCENT)
 HIGHEST    75           100 PM
 LOWEST     15           500 PM
 AVERAGE    45

..........................................................


THE YOUNGSTOWN OH CLIMATE NORMALS FOR TODAY
                         NORMAL    RECORD    YEAR
 MAXIMUM TEMPERATURE (F)   53        83      2010
 MINIMUM TEMPERATURE (F)   33        14      1964


SUNRISE AND SUNSET
APRIL  1 2014.........SUNRISE   706 AM EDT   SUNSET   748 PM EDT
APRIL  2 2014.........SUNRISE   704 AM EDT   SUNSET   749 PM EDT


-  INDICATES NEGATIVE NUMBERS.
R  INDICATES RECORD WAS SET OR TIED.
MM INDICATES DATA IS MISSING.
T  INDICATES TRACE AMOUNT.




$$
