000
CDUS41 KCLE 220545
CLIYNG


CLIMATE REPORT
NATIONAL WEATHER SERVICE CLEVELAND OH
145 AM EDT WED JUL 22 2015


...................................

...THE YOUNGSTOWN OH CLIMATE SUMMARY FOR JULY 21 2015...

CLIMATE NORMAL PERIOD 1981 TO 2010
CLIMATE RECORD PERIOD 1897 TO 2015


WEATHER ITEM   OBSERVED TIME   RECORD YEAR NORMAL DEPARTURE LAST
                VALUE   (LST)  VALUE       VALUE  FROM      YEAR
                                                  NORMAL
..................................................................
TEMPERATURE (F)
 YESTERDAY
  MAXIMUM         79   1014 AM  99    1934  82     -3       85
  MINIMUM         56   1135 PM  46    1965  60     -4       60
  AVERAGE         68                        71     -3       73

PRECIPITATION (IN)
  YESTERDAY        0.25                      0.14   0.11     0.00
  MONTH TO DATE    4.00                      2.97   1.03     2.22
  SINCE JUN 1     13.02                      6.85   6.17     7.02
  SINCE JAN 1     28.00                     21.64   6.36    22.11

SNOWFALL (IN)
  YESTERDAY        0.0                       0.0    0.0      0.0
  MONTH TO DATE    0.0                       0.0    0.0      0.0
  SINCE JUN 1      0.0                       0.0    0.0      0.0
  SINCE JUL 1      0.0                       0.0    0.0      0.0
  SNOW DEPTH       0

DEGREE DAYS
 HEATING
  YESTERDAY        0                         0      0        0
  MONTH TO DATE    7                         8     -1       16
  SINCE JUN 1     49                        77    -28       44
  SINCE JUL 1      7                         8     -1       16

 COOLING
  YESTERDAY        3                         6     -3        8
  MONTH TO DATE  105                       126    -21       98
  SINCE JUN 1    215                       236    -21      251
  SINCE JAN 1    327                       275     52      306
..................................................................


WIND (MPH)
  HIGHEST WIND SPEED    25   HIGHEST WIND DIRECTION     N (340)
  HIGHEST GUST SPEED    31   HIGHEST GUST DIRECTION     N (350)
  AVERAGE WIND SPEED     6.7


SKY COVER
  POSSIBLE SUNSHINE  MM
  AVERAGE SKY COVER 0.6


WEATHER CONDITIONS
 THE FOLLOWING WEATHER WAS RECORDED YESTERDAY.
  THUNDERSTORM
  HEAVY RAIN
  RAIN
  LIGHT RAIN
  FOG


RELATIVE HUMIDITY (PERCENT)
 HIGHEST    93           500 AM
 LOWEST     46           500 PM
 AVERAGE    70

..........................................................


THE YOUNGSTOWN OH CLIMATE NORMALS FOR TODAY
                         NORMAL    RECORD    YEAR
 MAXIMUM TEMPERATURE (F)   82        99      1933
 MINIMUM TEMPERATURE (F)   60        46      1970


SUNRISE AND SUNSET
JULY 22 2015..........SUNRISE   608 AM EDT   SUNSET   849 PM EDT
JULY 23 2015..........SUNRISE   609 AM EDT   SUNSET   849 PM EDT


-  INDICATES NEGATIVE NUMBERS.
R  INDICATES RECORD WAS SET OR TIED.
MM INDICATES DATA IS MISSING.
T  INDICATES TRACE AMOUNT.




$$
