000
CDUS41 KCLE 130546
CLIYNG


CLIMATE REPORT
NATIONAL WEATHER SERVICE CLEVELAND OH
145 AM EDT WED APR 13 2016


...................................

...THE YOUNGSTOWN OH CLIMATE SUMMARY FOR APRIL 12 2016...

CLIMATE NORMAL PERIOD 1981 TO 2010
CLIMATE RECORD PERIOD 1897 TO 2016


WEATHER ITEM   OBSERVED TIME   RECORD YEAR NORMAL DEPARTURE LAST
                VALUE   (LST)  VALUE       VALUE  FROM      YEAR
                                                  NORMAL
..................................................................
TEMPERATURE (F)
 YESTERDAY
  MAXIMUM         46    416 PM  83    2001  58    -12       66
  MINIMUM         30   1142 PM  19    1975  37     -7       32
                                      1967
  AVERAGE         38                        47     -9       49

PRECIPITATION (IN)
  YESTERDAY        0.00                      0.12  -0.12     0.00
  MONTH TO DATE    2.59                      1.39   1.20     1.50
  SINCE MAR 1      6.40                      4.33   2.07     3.83
  SINCE JAN 1     11.59                      9.03   2.56     9.06

SNOWFALL (IN)
  YESTERDAY        0.0                       0.1   -0.1      0.0
  MONTH TO DATE    6.4                       2.0    4.4      0.2
  SINCE MAR 1     10.7                      12.9   -2.2      8.8
  SINCE JUL 1     42.3                      61.7  -19.4     78.3
  SNOW DEPTH       0

DEGREE DAYS
 HEATING
  YESTERDAY       27                        18      9       16
  MONTH TO DATE  328                       240     88      170
  SINCE MAR 1    942                      1116   -174     1158
  SINCE JUL 1   4790                      5764   -974     6276

 COOLING
  YESTERDAY        0                         0      0        0
  MONTH TO DATE    0                         0      0        0
  SINCE MAR 1      0                         1     -1        0
  SINCE JAN 1      0                         1     -1        0
..................................................................


WIND (MPH)
  HIGHEST WIND SPEED    18   HIGHEST WIND DIRECTION    NW (310)
  HIGHEST GUST SPEED    24   HIGHEST GUST DIRECTION    NW (330)
  AVERAGE WIND SPEED     9.6


SKY COVER
  POSSIBLE SUNSHINE  MM
  AVERAGE SKY COVER 0.5


WEATHER CONDITIONS
 THE FOLLOWING WEATHER WAS RECORDED YESTERDAY.
  NO SIGNIFICANT WEATHER WAS OBSERVED.


RELATIVE HUMIDITY (PERCENT)
 HIGHEST    85           600 AM
 LOWEST     45           100 PM
 AVERAGE    65

..........................................................


THE YOUNGSTOWN OH CLIMATE NORMALS FOR TODAY
                         NORMAL    RECORD    YEAR
 MAXIMUM TEMPERATURE (F)   58        81      1977
                                             1941
 MINIMUM TEMPERATURE (F)   37        16      1950


SUNRISE AND SUNSET
APRIL 13 2016.........SUNRISE   646 AM EDT   SUNSET   801 PM EDT
APRIL 14 2016.........SUNRISE   644 AM EDT   SUNSET   802 PM EDT


-  INDICATES NEGATIVE NUMBERS.
R  INDICATES RECORD WAS SET OR TIED.
MM INDICATES DATA IS MISSING.
T  INDICATES TRACE AMOUNT.




$$
