123
CDUS41 KCLE 192111
CLIYNG


CLIMATE REPORT
NATIONAL WEATHER SERVICE CLEVELAND OH
511 PM EDT TUE APR 19 2016


...................................

...THE YOUNGSTOWN OH CLIMATE SUMMARY FOR APRIL 19 2016...
VALID TODAY AS OF 0500 PM LOCAL TIME.

CLIMATE NORMAL PERIOD 1981 TO 2010
CLIMATE RECORD PERIOD 1897 TO 2016


WEATHER ITEM   OBSERVED TIME   RECORD YEAR NORMAL DEPARTURE LAST
                VALUE   (LST)  VALUE       VALUE  FROM      YEAR
                                                  NORMAL
..................................................................
TEMPERATURE (F)
 TODAY
  MAXIMUM         65    326 PM  84    2002  61      4       73
  MINIMUM         49    608 AM  24    2001  39     10       46
                                      1983
  AVERAGE         57                        50      7       60

PRECIPITATION (IN)
  TODAY            0.00                      0.11  -0.11     0.22
  MONTH TO DATE    2.59                      2.18   0.41     2.16
  SINCE MAR 1      6.40                      5.12   1.28     4.49
  SINCE JAN 1     11.59                      9.82   1.77     9.72

SNOWFALL (IN)
  TODAY            0.0                       0.0    0.0      0.0
  MONTH TO DATE    6.4                       2.7    3.7      0.2
  SINCE MAR 1     10.7                      13.6   -2.9      8.8
  SINCE JUL 1     42.3                      62.4  -20.1     78.3
  SNOW DEPTH       0

DEGREE DAYS
 HEATING
  TODAY            8                        15     -7        5
  MONTH TO DATE  404                       354     50      221
  SINCE MAR 1   1018                      1230   -212     1209
  SINCE JUL 1   4866                      5878  -1012     6327

 COOLING
  TODAY            0                         0      0        0
  MONTH TO DATE    0                         0      0        0
  SINCE MAR 1      0                         1     -1        0
  SINCE JAN 1      0                         1     -1        0
..................................................................


WIND (MPH)
  HIGHEST WIND SPEED    18   HIGHEST WIND DIRECTION     N (20)
  HIGHEST GUST SPEED    27   HIGHEST GUST DIRECTION     N (360)


SKY COVER
  POSSIBLE SUNSHINE  MM
  AVERAGE SKY COVER 0.7


WEATHER CONDITIONS
 THE FOLLOWING WEATHER WAS RECORDED TODAY.
  NO SIGNIFICANT WEATHER WAS OBSERVED.


RELATIVE HUMIDITY (PERCENT)
 HIGHEST    71           600 AM
 LOWEST     28           400 PM
 AVERAGE    50

..........................................................


THE YOUNGSTOWN OH CLIMATE NORMALS FOR TOMORROW
                         NORMAL    RECORD    YEAR
 MAXIMUM TEMPERATURE (F)   61        85      1941
 MINIMUM TEMPERATURE (F)   40        24      1953


SUNRISE AND SUNSET
APRIL 19 2016.........SUNRISE   636 AM EDT   SUNSET   808 PM EDT
APRIL 20 2016.........SUNRISE   635 AM EDT   SUNSET   809 PM EDT


-  INDICATES NEGATIVE NUMBERS.
R  INDICATES RECORD WAS SET OR TIED.
MM INDICATES DATA IS MISSING.
T  INDICATES TRACE AMOUNT.




$$
