000
CDUS41 KCLE 160527
CLIYNG


CLIMATE REPORT
NATIONAL WEATHER SERVICE CLEVELAND OH
125 AM EDT SAT MAY 16 2015


...................................

...THE YOUNGSTOWN OH CLIMATE SUMMARY FOR MAY 15 2015...

CLIMATE NORMAL PERIOD 1981 TO 2010
CLIMATE RECORD PERIOD 1897 TO 2015


WEATHER ITEM   OBSERVED TIME   RECORD YEAR NORMAL DEPARTURE LAST
                VALUE   (LST)  VALUE       VALUE  FROM      YEAR
                                                  NORMAL
..................................................................
TEMPERATURE (F)
 YESTERDAY
  MAXIMUM         77    614 PM  87    1991  69      8       67
                                      1962
  MINIMUM         50    112 AM  33    1969  46      4       50
  AVERAGE         64                        58      6       59

PRECIPITATION (IN)
  YESTERDAY        0.03                      0.13  -0.10     0.57
  MONTH TO DATE    1.07                      1.75  -0.68     3.12
  SINCE MAR 1      6.28                      8.05  -1.77     9.97
  SINCE JAN 1     11.51                     12.75  -1.24    14.66

SNOWFALL (IN)
  YESTERDAY        0.0                       0.0    0.0      0.0
  MONTH TO DATE    0.0                       0.0    0.0      0.0
  SINCE MAR 1      9.5                      13.9   -4.4      9.1
  SINCE JUL 1     79.0                      62.7   16.3     90.1
  SNOW DEPTH       0

DEGREE DAYS
 HEATING
  YESTERDAY        1                         8     -7        6
  MONTH TO DATE   68                       149    -81      109
  SINCE MAR 1   1499                      1528    -29     1663
  SINCE JUL 1   6617                      6176    441     6731

 COOLING
  YESTERDAY        0                         1     -1        0
  MONTH TO DATE   47                         8     39       32
  SINCE MAR 1     47                        17     30       32
  SINCE JAN 1     47                        17     30       32
..................................................................


WIND (MPH)
  HIGHEST WIND SPEED    15   HIGHEST WIND DIRECTION    SW (210)
  HIGHEST GUST SPEED    22   HIGHEST GUST DIRECTION    SW (220)
  AVERAGE WIND SPEED     7.2


SKY COVER
  POSSIBLE SUNSHINE  MM
  AVERAGE SKY COVER 0.9


WEATHER CONDITIONS
 THE FOLLOWING WEATHER WAS RECORDED YESTERDAY.
  LIGHT RAIN


RELATIVE HUMIDITY (PERCENT)
 HIGHEST    93          1000 PM
 LOWEST     54           500 PM
 AVERAGE    74

..........................................................


THE YOUNGSTOWN OH CLIMATE NORMALS FOR TODAY
                         NORMAL    RECORD    YEAR
 MAXIMUM TEMPERATURE (F)   69        89      1962
 MINIMUM TEMPERATURE (F)   47        30      1956


SUNRISE AND SUNSET
MAY 16 2015...........SUNRISE   603 AM EDT   SUNSET   835 PM EDT
MAY 17 2015...........SUNRISE   603 AM EDT   SUNSET   836 PM EDT


-  INDICATES NEGATIVE NUMBERS.
R  INDICATES RECORD WAS SET OR TIED.
MM INDICATES DATA IS MISSING.
T  INDICATES TRACE AMOUNT.




$$
