000
CDUS41 KCLE 010544
CLIYNG


CLIMATE REPORT
NATIONAL WEATHER SERVICE CLEVELAND OH
133 AM EDT SAT JUL 1 2017


...................................

...THE YOUNGSTOWN OH CLIMATE SUMMARY FOR JUNE 30 2017...

CLIMATE NORMAL PERIOD 1981 TO 2010
CLIMATE RECORD PERIOD 1897 TO 2017


WEATHER ITEM   OBSERVED TIME   RECORD YEAR NORMAL DEPARTURE LAST
                VALUE   (LST)  VALUE       VALUE  FROM      YEAR
                                                  NORMAL
..................................................................
TEMPERATURE (F)
 YESTERDAY
  MAXIMUM         85    428 PM  94    1942  81      4       79
                                      1933
                                      1931
  MINIMUM         67   1159 PM  44    1999  59      8       49
                                      1988
  AVERAGE         76                        70      6       64

PRECIPITATION (IN)
  YESTERDAY        2.21                      0.13   2.08     0.00
  MONTH TO DATE    6.84                      3.88   2.96     2.94
  SINCE JUN 1      6.84                      3.88   2.96     2.94
  SINCE JAN 1     28.14                     18.67   9.47    18.04

SNOWFALL (IN)
  YESTERDAY        0.0                       0.0    0.0      0.0
  MONTH TO DATE    0.0                       0.0    0.0      0.0
  SINCE JUN 1      0.0                       0.0    0.0      0.0
  SINCE JUL 1     69.5                      62.7    6.8     44.9
  SNOW DEPTH       0

DEGREE DAYS
 HEATING
  YESTERDAY        0                         1     -1        1
  MONTH TO DATE   44                        69    -25       34
  SINCE JUN 1     44                        69    -25       34
  SINCE JUL 1   5260                      6349  -1089     5287

 COOLING
  YESTERDAY       11                         6      5        0
  MONTH TO DATE  154                       110     44      142
  SINCE JUN 1    154                       110     44      142
  SINCE JAN 1    203                       149     54      197
..................................................................


WIND (MPH)
  HIGHEST WIND SPEED    23   HIGHEST WIND DIRECTION    SW (210)
  HIGHEST GUST SPEED    26   HIGHEST GUST DIRECTION     W (250)
  AVERAGE WIND SPEED     8.3


SKY COVER
  POSSIBLE SUNSHINE  MM
  AVERAGE SKY COVER 0.9


WEATHER CONDITIONS
 THE FOLLOWING WEATHER WAS RECORDED YESTERDAY.
  THUNDERSTORM
  HEAVY RAIN
  RAIN
  LIGHT RAIN
  FOG


RELATIVE HUMIDITY (PERCENT)
 HIGHEST    93           100 AM
 LOWEST     55           400 PM
 AVERAGE    74

..........................................................


THE YOUNGSTOWN OH CLIMATE NORMALS FOR TODAY
                         NORMAL    RECORD    YEAR
 MAXIMUM TEMPERATURE (F)   81        96      1931
                                             1898
 MINIMUM TEMPERATURE (F)   59        43      1988


SUNRISE AND SUNSET
JULY  1 2017..........SUNRISE   554 AM EDT   SUNSET   859 PM EDT
JULY  2 2017..........SUNRISE   554 AM EDT   SUNSET   859 PM EDT


-  INDICATES NEGATIVE NUMBERS.
R  INDICATES RECORD WAS SET OR TIED.
MM INDICATES DATA IS MISSING.
T  INDICATES TRACE AMOUNT.




$$
