000
CDUS41 KCLE 040527
CLIYNG


CLIMATE REPORT
NATIONAL WEATHER SERVICE CLEVELAND OH
1227 AM EST SAT FEB 4 2017


...................................

...THE YOUNGSTOWN OH CLIMATE SUMMARY FOR FEBRUARY 3 2017...

CLIMATE NORMAL PERIOD 1981 TO 2010
CLIMATE RECORD PERIOD 1897 TO 2017


WEATHER ITEM   OBSERVED TIME   RECORD YEAR NORMAL DEPARTURE LAST
                VALUE   (LST)  VALUE       VALUE  FROM      YEAR
                                                  NORMAL
..................................................................
TEMPERATURE (F)
 YESTERDAY
  MAXIMUM         23    412 PM  62    2016  34    -11       62
  MINIMUM         16    541 AM -11    1951  19     -3       36
  AVERAGE         20                        26     -6       49

PRECIPITATION (IN)
  YESTERDAY        T                         0.07  -0.07     0.63
  MONTH TO DATE    0.06                      0.22  -0.16     0.92
  SINCE DEC 1      8.98                      5.76   3.22     6.52
  SINCE JAN 1      5.41                      2.77   2.64     2.33

SNOWFALL (IN)
  YESTERDAY        T                         0.5   -0.5      0.0
  MONTH TO DATE    0.7                       1.4   -0.7      0.0
  SINCE DEC 1     37.6                      33.0    4.6     12.6
  SINCE JUL 1     42.0                      37.4    4.6     13.0
  SNOW DEPTH       2

DEGREE DAYS
 HEATING
  YESTERDAY       45                        39      6       16
  MONTH TO DATE  117                       117      0       69
  SINCE DEC 1   2198                      2411   -213     1958
  SINCE JUL 1   3170                      3740   -570     2960

 COOLING
  YESTERDAY        0                         0      0        0
  MONTH TO DATE    0                         0      0        0
  SINCE DEC 1      0                         0      0        0
  SINCE JAN 1      0                         0      0        0
..................................................................


WIND (MPH)
  HIGHEST WIND SPEED    22   HIGHEST WIND DIRECTION     W (260)
  HIGHEST GUST SPEED    27   HIGHEST GUST DIRECTION     W (290)
  AVERAGE WIND SPEED    10.5


SKY COVER
  POSSIBLE SUNSHINE  MM
  AVERAGE SKY COVER 0.9


WEATHER CONDITIONS
 THE FOLLOWING WEATHER WAS RECORDED YESTERDAY.
  LIGHT SNOW
  HAZE


RELATIVE HUMIDITY (PERCENT)
 HIGHEST    74           500 AM
 LOWEST     62          1200 AM
 AVERAGE    68

..........................................................


THE YOUNGSTOWN OH CLIMATE NORMALS FOR TODAY
                         NORMAL    RECORD    YEAR
 MAXIMUM TEMPERATURE (F)   34        62      1991
 MINIMUM TEMPERATURE (F)   19        -9      1978


SUNRISE AND SUNSET
FEBRUARY  4 2017......SUNRISE   730 AM EST   SUNSET   543 PM EST
FEBRUARY  5 2017......SUNRISE   729 AM EST   SUNSET   545 PM EST


-  INDICATES NEGATIVE NUMBERS.
R  INDICATES RECORD WAS SET OR TIED.
MM INDICATES DATA IS MISSING.
T  INDICATES TRACE AMOUNT.




$$
