861
CDUS41 KCLE 300527
CLIYNG


CLIMATE REPORT
NATIONAL WEATHER SERVICE CLEVELAND OH
1226 AM EST SAT JAN 30 2016


...................................

...THE YOUNGSTOWN OH CLIMATE SUMMARY FOR JANUARY 29 2016...

CLIMATE NORMAL PERIOD 1981 TO 2010
CLIMATE RECORD PERIOD 1897 TO 2016


WEATHER ITEM   OBSERVED TIME   RECORD YEAR NORMAL DEPARTURE LAST
                VALUE   (LST)  VALUE       VALUE  FROM      YEAR
                                                  NORMAL
..................................................................
TEMPERATURE (F)
 YESTERDAY
  MAXIMUM         36   1211 AM  62    2002  33      3       36
  MINIMUM         14   1011 PM -12    1977  19     -5       21
  AVERAGE         25                        26     -1       29

PRECIPITATION (IN)
  YESTERDAY        0.12                      0.07   0.05     0.27
  MONTH TO DATE    1.41                      2.40  -0.99     3.02
  SINCE DEC 1      5.60                      5.39   0.21     5.34
  SINCE JAN 1      1.41                      2.40  -0.99     3.02

SNOWFALL (IN)
  YESTERDAY        1.7                       0.5    1.2      1.2
  MONTH TO DATE   11.8                      15.6   -3.8     26.8
  SINCE DEC 1     12.6                      30.6  -18.0     27.5
  SINCE JUL 1     13.0                      35.0  -22.0     39.1
  SNOW DEPTH       1

DEGREE DAYS
 HEATING
  YESTERDAY       40                        39      1       36
  MONTH TO DATE 1158                      1137     21     1246
  SINCE DEC 1   1848                      2214   -366     2179
  SINCE JUL 1   2850                      3543   -693     3589

 COOLING
  YESTERDAY        0                         0      0        0
  MONTH TO DATE    0                         0      0        0
  SINCE DEC 1      0                         0      0        0
  SINCE JAN 1      0                         0      0        0
..................................................................


WIND (MPH)
  HIGHEST WIND SPEED    22   HIGHEST WIND DIRECTION    NW (300)
  HIGHEST GUST SPEED    30   HIGHEST GUST DIRECTION     W (290)
  AVERAGE WIND SPEED    10.6


SKY COVER
  POSSIBLE SUNSHINE  MM
  AVERAGE SKY COVER 0.8


WEATHER CONDITIONS
 THE FOLLOWING WEATHER WAS RECORDED YESTERDAY.
  LIGHT SNOW
  FOG
  BLOWING SNOW


RELATIVE HUMIDITY (PERCENT)
 HIGHEST    92           400 AM
 LOWEST     62           400 PM
 AVERAGE    77

..........................................................


THE YOUNGSTOWN OH CLIMATE NORMALS FOR TODAY
                         NORMAL    RECORD    YEAR
 MAXIMUM TEMPERATURE (F)   33        64      2013
 MINIMUM TEMPERATURE (F)   19        -8      1965


SUNRISE AND SUNSET
JANUARY 30 2016.......SUNRISE   736 AM EST   SUNSET   536 PM EST
JANUARY 31 2016.......SUNRISE   735 AM EST   SUNSET   537 PM EST


-  INDICATES NEGATIVE NUMBERS.
R  INDICATES RECORD WAS SET OR TIED.
MM INDICATES DATA IS MISSING.
T  INDICATES TRACE AMOUNT.




$$
