000
CDUS41 KCLE 270528
CLIYNG


CLIMATE REPORT
NATIONAL WEATHER SERVICE CLEVELAND OH
1227 AM EST WED DEC 27 2017


...................................

...THE YOUNGSTOWN OH CLIMATE SUMMARY FOR DECEMBER 26 2017...

CLIMATE NORMAL PERIOD 1981 TO 2010
CLIMATE RECORD PERIOD 1897 TO 2017


WEATHER ITEM   OBSERVED TIME   RECORD YEAR NORMAL DEPARTURE LAST
                VALUE   (LST)  VALUE       VALUE  FROM      YEAR
                                                  NORMAL
..................................................................
TEMPERATURE (F)
 YESTERDAY
  MAXIMUM         16    158 PM  64    2016  34    -18       64
                                      1982
  MINIMUM         10    725 AM  -6    1983  21    -11       34
  AVERAGE         13                        27    -14       49

PRECIPITATION (IN)
  YESTERDAY        0.00                      0.09  -0.09     0.47
  MONTH TO DATE    1.92                      2.53  -0.61     3.07
  SINCE DEC 1      1.92                      2.53  -0.61     3.07
  SINCE JAN 1     43.78                     38.45   5.33    43.84

SNOWFALL (IN)
  YESTERDAY        0.0                       0.5   -0.5      0.0
  MONTH TO DATE   14.0                      12.4    1.6     18.5
  SINCE DEC 1     14.0                      12.4    1.6     18.5
  SINCE JUL 1     15.0                      16.8   -1.8     22.9
  SNOW DEPTH       1

DEGREE DAYS
 HEATING
  YESTERDAY       52                        38     14       16
  MONTH TO DATE  880                       886     -6      923
  SINCE DEC 1    880                       886     -6      923
  SINCE JUL 1   1978                      2215   -237     1895

 COOLING
  YESTERDAY        0                         0      0        0
  MONTH TO DATE    0                         0      0        0
  SINCE DEC 1      0                         0      0        0
  SINCE JAN 1    658                       544    114      879
..................................................................


WIND (MPH)
  HIGHEST WIND SPEED    17   HIGHEST WIND DIRECTION    SW (230)
  HIGHEST GUST SPEED    23   HIGHEST GUST DIRECTION     W (270)
  AVERAGE WIND SPEED    10.3


SKY COVER
  POSSIBLE SUNSHINE  MM
  AVERAGE SKY COVER 0.8


WEATHER CONDITIONS
 THE FOLLOWING WEATHER WAS RECORDED YESTERDAY.
  NO SIGNIFICANT WEATHER WAS OBSERVED.


RELATIVE HUMIDITY (PERCENT)
 HIGHEST    67          1000 AM
 LOWEST     53           300 PM
 AVERAGE    60

..........................................................


THE YOUNGSTOWN OH CLIMATE NORMALS FOR TODAY
                         NORMAL    RECORD    YEAR
 MAXIMUM TEMPERATURE (F)   34        65      2008
 MINIMUM TEMPERATURE (F)   21        -4      1950


SUNRISE AND SUNSET
DECEMBER 27 2017......SUNRISE   747 AM EST   SUNSET   500 PM EST
DECEMBER 28 2017......SUNRISE   748 AM EST   SUNSET   501 PM EST


-  INDICATES NEGATIVE NUMBERS.
R  INDICATES RECORD WAS SET OR TIED.
MM INDICATES DATA IS MISSING.
T  INDICATES TRACE AMOUNT.




$$
