000
CDUS41 KCLE 250527
CLIYNG


CLIMATE REPORT
NATIONAL WEATHER SERVICE CLEVELAND OH
1227 AM EST FRI NOV 25 2016


...................................

...THE YOUNGSTOWN OH CLIMATE SUMMARY FOR NOVEMBER 24 2016...

CLIMATE NORMAL PERIOD 1981 TO 2010
CLIMATE RECORD PERIOD 1897 TO 2016


WEATHER ITEM   OBSERVED TIME   RECORD YEAR NORMAL DEPARTURE LAST
                VALUE   (LST)  VALUE       VALUE  FROM      YEAR
                                                  NORMAL
..................................................................
TEMPERATURE (F)
 YESTERDAY
  MAXIMUM         48    153 PM  69    1931  45      3       46
  MINIMUM         38    441 AM   8    1950  32      6       30
  AVERAGE         43                        38      5       38

PRECIPITATION (IN)
  YESTERDAY        0.16                      0.11   0.05      T
  MONTH TO DATE    1.33                      2.54  -1.21     1.38
  SINCE SEP 1     11.64                      9.06   2.58     8.81
  SINCE JAN 1     40.14                     35.28   4.86    39.71

SNOWFALL (IN)
  YESTERDAY        0.0                       0.2   -0.2       T
  MONTH TO DATE    4.4                       2.3    2.1       T
  SINCE SEP 1      4.4                       3.1    1.3      0.4
  SINCE JUL 1      4.4                       3.1    1.3      0.4
  SNOW DEPTH       0

DEGREE DAYS
 HEATING
  YESTERDAY       22                        27     -5       27
  MONTH TO DATE  470                       539    -69      400
  SINCE SEP 1    835                      1122   -287      843
  SINCE JUL 1    841                      1160   -319      872

 COOLING
  YESTERDAY        0                         0      0        0
  MONTH TO DATE    3                         0      3        2
  SINCE SEP 1    136                        58     78      121
  SINCE JAN 1    879                       544    335      681
..................................................................


WIND (MPH)
  HIGHEST WIND SPEED    14   HIGHEST WIND DIRECTION     W (270)
  HIGHEST GUST SPEED    21   HIGHEST GUST DIRECTION     W (250)
  AVERAGE WIND SPEED     7.9


SKY COVER
  POSSIBLE SUNSHINE  MM
  AVERAGE SKY COVER 1.0


WEATHER CONDITIONS
 THE FOLLOWING WEATHER WAS RECORDED YESTERDAY.
  LIGHT RAIN
  FOG
  FOG W/VISIBILITY <= 1/4 MILE


RELATIVE HUMIDITY (PERCENT)
 HIGHEST   100          1000 AM
 LOWEST     64          1200 AM
 AVERAGE    82

..........................................................


THE YOUNGSTOWN OH CLIMATE NORMALS FOR TODAY
                         NORMAL    RECORD    YEAR
 MAXIMUM TEMPERATURE (F)   45        72      1931
 MINIMUM TEMPERATURE (F)   31         6      1950


SUNRISE AND SUNSET
NOVEMBER 25 2016......SUNRISE   723 AM EST   SUNSET   456 PM EST
NOVEMBER 26 2016......SUNRISE   724 AM EST   SUNSET   456 PM EST


-  INDICATES NEGATIVE NUMBERS.
R  INDICATES RECORD WAS SET OR TIED.
MM INDICATES DATA IS MISSING.
T  INDICATES TRACE AMOUNT.




$$
