000
CDUS41 KCLE 050531
CLIYNG


CLIMATE REPORT
NATIONAL WEATHER SERVICE CLEVELAND OH
1229 AM EST SUN MAR 5 2017


...................................

...THE YOUNGSTOWN OH CLIMATE SUMMARY FOR MARCH 4 2017...

CLIMATE NORMAL PERIOD 1981 TO 2010
CLIMATE RECORD PERIOD 1897 TO 2017


WEATHER ITEM   OBSERVED TIME   RECORD YEAR NORMAL DEPARTURE LAST
                VALUE   (LST)  VALUE       VALUE  FROM      YEAR
                                                  NORMAL
..................................................................
TEMPERATURE (F)
 YESTERDAY
  MAXIMUM         29    339 PM  74    1983  41    -12       31
  MINIMUM         14    650 AM  -5    2014  24    -10       21
  AVERAGE         22                        32    -10       26

PRECIPITATION (IN)
  YESTERDAY        T                         0.09  -0.09     0.10
  MONTH TO DATE    0.81                      0.34   0.47     0.53
  SINCE MAR 1      0.81                      0.34   0.47     0.53
  SINCE JAN 1      8.69                      5.04   3.65     5.72

SNOWFALL (IN)
  YESTERDAY        T                         0.5   -0.5      1.1
  MONTH TO DATE    6.5                       1.8    4.7      4.0
  SINCE MAR 1      6.5                       1.8    4.7      4.0
  SINCE JUL 1     53.9                      50.6    3.3     35.6
  SNOW DEPTH       5

DEGREE DAYS
 HEATING
  YESTERDAY       43                        33     10       39
  MONTH TO DATE  140                       132      8      141
  SINCE MAR 1    140                       132      8      141
  SINCE JUL 1   3924                      4780   -856     3989

 COOLING
  YESTERDAY        0                         0      0        0
  MONTH TO DATE    0                         0      0        0
  SINCE MAR 1      0                         0      0        0
  SINCE JAN 1      0                         0      0        0
..................................................................


WIND (MPH)
  HIGHEST WIND SPEED    15   HIGHEST WIND DIRECTION     N (350)
  HIGHEST GUST SPEED    18   HIGHEST GUST DIRECTION     N (340)
  AVERAGE WIND SPEED     7.2


SKY COVER
  POSSIBLE SUNSHINE  MM
  AVERAGE SKY COVER 0.5


WEATHER CONDITIONS
 THE FOLLOWING WEATHER WAS RECORDED YESTERDAY.
  LIGHT SNOW
  FOG


RELATIVE HUMIDITY (PERCENT)
 HIGHEST    80          1200 AM
 LOWEST     42           300 PM
 AVERAGE    61

..........................................................


THE YOUNGSTOWN OH CLIMATE NORMALS FOR TODAY
                         NORMAL    RECORD    YEAR
 MAXIMUM TEMPERATURE (F)   41        78      1983
 MINIMUM TEMPERATURE (F)   24        -1      2015


SUNRISE AND SUNSET
MARCH  5 2017.........SUNRISE   650 AM EST   SUNSET   618 PM EST
MARCH  6 2017.........SUNRISE   649 AM EST   SUNSET   620 PM EST


-  INDICATES NEGATIVE NUMBERS.
R  INDICATES RECORD WAS SET OR TIED.
MM INDICATES DATA IS MISSING.
T  INDICATES TRACE AMOUNT.




$$
