000
CDUS41 KCLE 120546
CLIYNG


CLIMATE REPORT
NATIONAL WEATHER SERVICE CLEVELAND OH
145 AM EDT TUE MAY 12 2015


...................................

...THE YOUNGSTOWN OH CLIMATE SUMMARY FOR MAY 11 2015...

CLIMATE NORMAL PERIOD 1981 TO 2010
CLIMATE RECORD PERIOD 1897 TO 2015


WEATHER ITEM   OBSERVED TIME   RECORD YEAR NORMAL DEPARTURE LAST
                VALUE   (LST)  VALUE       VALUE  FROM      YEAR
                                                  NORMAL
..................................................................
TEMPERATURE (F)
 YESTERDAY
  MAXIMUM         86    341 PM  92    1936  68     18       76
  MINIMUM         63    712 PM  28    1966  45     18       49
  AVERAGE         75                        56     19       63

PRECIPITATION (IN)
  YESTERDAY        0.44                      0.12   0.32     0.00
  MONTH TO DATE    1.01                      1.26  -0.25     0.46
  SINCE MAR 1      6.22                      7.56  -1.34     7.31
  SINCE JAN 1     11.45                     12.26  -0.81    12.00

SNOWFALL (IN)
  YESTERDAY        0.0                       0.0    0.0      0.0
  MONTH TO DATE    0.0                       0.0    0.0      0.0
  SINCE MAR 1      9.5                      13.9   -4.4      9.1
  SINCE JUL 1     79.0                      62.7   16.3     90.1
  SNOW DEPTH       0

DEGREE DAYS
 HEATING
  YESTERDAY        0                         9     -9        2
  MONTH TO DATE   26                       114    -88      103
  SINCE MAR 1   1457                      1493    -36     1657
  SINCE JUL 1   6575                      6141    434     6725

 COOLING
  YESTERDAY       10                         1      9        0
  MONTH TO DATE   47                         4     43       13
  SINCE MAR 1     47                        13     34       13
  SINCE JAN 1     47                        13     34       13
..................................................................


WIND (MPH)
  HIGHEST WIND SPEED    39   HIGHEST WIND DIRECTION    SW (230)
  HIGHEST GUST SPEED    52   HIGHEST GUST DIRECTION    SW (230)
  AVERAGE WIND SPEED     9.8


SKY COVER
  POSSIBLE SUNSHINE  MM
  AVERAGE SKY COVER 0.8


WEATHER CONDITIONS
 THE FOLLOWING WEATHER WAS RECORDED YESTERDAY.
  THUNDERSTORM
  LIGHT RAIN
  FOG


RELATIVE HUMIDITY (PERCENT)
 HIGHEST    93          1200 AM
 LOWEST     40           300 PM
 AVERAGE    67

..........................................................


THE YOUNGSTOWN OH CLIMATE NORMALS FOR TODAY
                         NORMAL    RECORD    YEAR
 MAXIMUM TEMPERATURE (F)   68        89      1936
 MINIMUM TEMPERATURE (F)   46        31      1990


SUNRISE AND SUNSET
MAY 12 2015...........SUNRISE   607 AM EDT   SUNSET   831 PM EDT
MAY 13 2015...........SUNRISE   606 AM EDT   SUNSET   832 PM EDT


-  INDICATES NEGATIVE NUMBERS.
R  INDICATES RECORD WAS SET OR TIED.
MM INDICATES DATA IS MISSING.
T  INDICATES TRACE AMOUNT.




$$
