000
CDUS41 KCLE 132113
CLIYNG


CLIMATE REPORT
NATIONAL WEATHER SERVICE CLEVELAND OH
513 PM EDT TUE SEP 13 2016


...................................

...THE YOUNGSTOWN OH CLIMATE SUMMARY FOR SEPTEMBER 13 2016...
VALID TODAY AS OF 0500 PM LOCAL TIME.

CLIMATE NORMAL PERIOD 1981 TO 2010
CLIMATE RECORD PERIOD 1897 TO 2016


WEATHER ITEM   OBSERVED TIME   RECORD YEAR NORMAL DEPARTURE LAST
                VALUE   (LST)  VALUE       VALUE  FROM      YEAR
                                                  NORMAL
..................................................................
TEMPERATURE (F)
 TODAY
  MAXIMUM         81    332 PM  93    1952  74      7       63
                                      1931
  MINIMUM         53    629 AM  35    1964  52      1       47
  AVERAGE         67                        63      4       55

PRECIPITATION (IN)
  TODAY            0.00                      0.13  -0.13     0.03
  MONTH TO DATE    2.18                      1.64   0.54     1.87
  SINCE SEP 1      2.18                      1.64   0.54     1.87
  SINCE JAN 1     30.68                     27.86   2.82    32.77

SNOWFALL (IN)
  TODAY            0.0                       0.0    0.0      0.0
  MONTH TO DATE    0.0                       0.0    0.0      0.0
  SINCE SEP 1      0.0                       0.0    0.0      0.0
  SINCE JUL 1      0.0                       0.0    0.0      0.0
  SNOW DEPTH       0

DEGREE DAYS
 HEATING
  TODAY            0                         4     -4       10
  MONTH TO DATE    4                        34    -30       17
  SINCE SEP 1      4                        34    -30       17
  SINCE JUL 1     10                        72    -62       46

 COOLING
  TODAY            2                         2      0        0
  MONTH TO DATE   68                        33     35      109
  SINCE SEP 1     68                        33     35      109
  SINCE JAN 1    811                       519    292      669
..................................................................


WIND (MPH)
  HIGHEST WIND SPEED    16   HIGHEST WIND DIRECTION     W (250)
  HIGHEST GUST SPEED    23   HIGHEST GUST DIRECTION    SW (210)


SKY COVER
  POSSIBLE SUNSHINE  MM
  AVERAGE SKY COVER 0.2


WEATHER CONDITIONS
 THE FOLLOWING WEATHER WAS RECORDED TODAY.
  NO SIGNIFICANT WEATHER WAS OBSERVED.


RELATIVE HUMIDITY (PERCENT)
 HIGHEST    93          1200 AM
 LOWEST     39           300 PM
 AVERAGE    66

..........................................................


THE YOUNGSTOWN OH CLIMATE NORMALS FOR TOMORROW
                         NORMAL    RECORD    YEAR
 MAXIMUM TEMPERATURE (F)   73        90      1931
 MINIMUM TEMPERATURE (F)   52        36      1985


SUNRISE AND SUNSET
SEPTEMBER 13 2016.....SUNRISE   702 AM EDT   SUNSET   734 PM EDT
SEPTEMBER 14 2016.....SUNRISE   703 AM EDT   SUNSET   733 PM EDT


-  INDICATES NEGATIVE NUMBERS.
R  INDICATES RECORD WAS SET OR TIED.
MM INDICATES DATA IS MISSING.
T  INDICATES TRACE AMOUNT.




$$
