000
CDUS41 KCLE 090543
CLIYNG


CLIMATE REPORT
NATIONAL WEATHER SERVICE CLEVELAND OH
143 AM EDT SAT APR 9 2016


...................................

...THE YOUNGSTOWN OH CLIMATE SUMMARY FOR APRIL 8 2016...

CLIMATE NORMAL PERIOD 1981 TO 2010
CLIMATE RECORD PERIOD 1897 TO 2016


WEATHER ITEM   OBSERVED TIME   RECORD YEAR NORMAL DEPARTURE LAST
                VALUE   (LST)  VALUE       VALUE  FROM      YEAR
                                                  NORMAL
..................................................................
TEMPERATURE (F)
 YESTERDAY
  MAXIMUM         42    250 PM  81    2001  56    -14       68
  MINIMUM         29    536 AM  14    1982  36     -7       50
  AVERAGE         36                        46    -10       59

PRECIPITATION (IN)
  YESTERDAY        0.29                      0.11   0.18      T
  MONTH TO DATE    1.29                      0.92   0.37     1.02
  SINCE MAR 1      5.10                      3.86   1.24     3.35
  SINCE JAN 1     10.29                      8.56   1.73     8.58

SNOWFALL (IN)
  YESTERDAY        0.5                       0.2    0.3      0.0
  MONTH TO DATE    2.5                       1.5    1.0      0.2
  SINCE MAR 1      6.8                      12.4   -5.6      8.8
  SINCE JUL 1     38.4                      61.2  -22.8     78.3
  SNOW DEPTH       1

DEGREE DAYS
 HEATING
  YESTERDAY       29                        19     10        6
  MONTH TO DATE  209                       166     43      119
  SINCE MAR 1    823                      1042   -219     1107
  SINCE JUL 1   4671                      5690  -1019     6225

 COOLING
  YESTERDAY        0                         0      0        0
  MONTH TO DATE    0                         0      0        0
  SINCE MAR 1      0                         1     -1        0
  SINCE JAN 1      0                         1     -1        0
..................................................................


WIND (MPH)
  HIGHEST WIND SPEED    22   HIGHEST WIND DIRECTION    NW (320)
  HIGHEST GUST SPEED    27   HIGHEST GUST DIRECTION    NW (320)
  AVERAGE WIND SPEED    10.7


SKY COVER
  POSSIBLE SUNSHINE  MM
  AVERAGE SKY COVER 0.9


WEATHER CONDITIONS
 THE FOLLOWING WEATHER WAS RECORDED YESTERDAY.
  LIGHT RAIN
  SNOW
  LIGHT SNOW
  FOG


RELATIVE HUMIDITY (PERCENT)
 HIGHEST    92          1200 AM
 LOWEST     41           400 PM
 AVERAGE    67

..........................................................


THE YOUNGSTOWN OH CLIMATE NORMALS FOR TODAY
                         NORMAL    RECORD    YEAR
 MAXIMUM TEMPERATURE (F)   56        79      1931
 MINIMUM TEMPERATURE (F)   36        17      1977
                                             1972


SUNRISE AND SUNSET
APRIL  9 2016.........SUNRISE   652 AM EDT   SUNSET   757 PM EDT
APRIL 10 2016.........SUNRISE   650 AM EDT   SUNSET   758 PM EDT


-  INDICATES NEGATIVE NUMBERS.
R  INDICATES RECORD WAS SET OR TIED.
MM INDICATES DATA IS MISSING.
T  INDICATES TRACE AMOUNT.




$$
