994
CDUS41 KCLE 010528
CLIYNG


CLIMATE REPORT
NATIONAL WEATHER SERVICE CLEVELAND OH
1227 AM EST FRI DEC 1 2017


...................................

...THE YOUNGSTOWN OH CLIMATE SUMMARY FOR NOVEMBER 30 2017...

CLIMATE NORMAL PERIOD 1981 TO 2010
CLIMATE RECORD PERIOD 1897 TO 2017


WEATHER ITEM   OBSERVED TIME   RECORD YEAR NORMAL DEPARTURE LAST
                VALUE   (LST)  VALUE       VALUE  FROM      YEAR
                                                  NORMAL
..................................................................
TEMPERATURE (F)
 YESTERDAY
  MAXIMUM         58    110 PM  66    1998  42     16       57
  MINIMUM         31   1209 AM   1    1976  29      2       41
                                      1958
  AVERAGE         45                        36      9       49

PRECIPITATION (IN)
  YESTERDAY        0.15                      0.11   0.04     0.41
  MONTH TO DATE    5.43                      3.18   2.25     1.96
  SINCE SEP 1      9.14                      9.70  -0.56    12.27
  SINCE JAN 1     41.86                     35.92   5.94    40.77

SNOWFALL (IN)
  YESTERDAY        0.0                       0.2   -0.2      0.0
  MONTH TO DATE    1.0                       3.6   -2.6      4.4
  SINCE SEP 1      1.0                       4.4   -3.4      4.4
  SINCE JUL 1      1.0                       4.4   -3.4      4.4
  SNOW DEPTH       0

DEGREE DAYS
 HEATING
  YESTERDAY       20                        29     -9       16
  MONTH TO DATE  716                       708      8      601
  SINCE SEP 1   1081                      1291   -210      966
  SINCE JUL 1   1097                      1329   -232      972

 COOLING
  YESTERDAY        0                         0      0        0
  MONTH TO DATE    0                         0      0        3
  SINCE SEP 1    125                        58     67      136
  SINCE JAN 1    658                       544    114      879
..................................................................


WIND (MPH)
  HIGHEST WIND SPEED    18   HIGHEST WIND DIRECTION    SW (230)
  HIGHEST GUST SPEED    26   HIGHEST GUST DIRECTION    SW (240)
  AVERAGE WIND SPEED     9.3


SKY COVER
  POSSIBLE SUNSHINE  MM
  AVERAGE SKY COVER 0.8


WEATHER CONDITIONS
 THE FOLLOWING WEATHER WAS RECORDED YESTERDAY.
  RAIN
  LIGHT RAIN
  FOG


RELATIVE HUMIDITY (PERCENT)
 HIGHEST   100          1100 PM
 LOWEST     43           100 PM
 AVERAGE    72

..........................................................


THE YOUNGSTOWN OH CLIMATE NORMALS FOR TODAY
                         NORMAL    RECORD    YEAR
 MAXIMUM TEMPERATURE (F)   42        71      1934
 MINIMUM TEMPERATURE (F)   29         9      1964
                                             1936


SUNRISE AND SUNSET
DECEMBER  1 2017......SUNRISE   729 AM EST   SUNSET   454 PM EST
DECEMBER  2 2017......SUNRISE   730 AM EST   SUNSET   454 PM EST


-  INDICATES NEGATIVE NUMBERS.
R  INDICATES RECORD WAS SET OR TIED.
MM INDICATES DATA IS MISSING.
T  INDICATES TRACE AMOUNT.




$$
