000
CDUS41 KCLE 292113
CLIYNG


CLIMATE REPORT
NATIONAL WEATHER SERVICE CLEVELAND OH
512 PM EDT SUN JUN 29 2014


...................................

...THE YOUNGSTOWN OH CLIMATE SUMMARY FOR JUNE 29 2014...
VALID TODAY AS OF 0500 PM LOCAL TIME.

CLIMATE NORMAL PERIOD 1981 TO 2010
CLIMATE RECORD PERIOD 1897 TO 2014


WEATHER ITEM   OBSERVED TIME   RECORD YEAR NORMAL DEPARTURE LAST
                VALUE   (LST)  VALUE       VALUE  FROM      YEAR
                                                  NORMAL
..................................................................
TEMPERATURE (F)
 TODAY
  MAXIMUM         84    356 PM  99    1933  81      3       77
  MINIMUM         70    627 AM  47    1992  59     11       60
  AVERAGE         77                        70      7       69

PRECIPITATION (IN)
  TODAY            0.16                      0.13   0.03     0.25
  MONTH TO DATE    4.53                      3.75   0.78     5.36
  SINCE JUN 1      4.53                      3.75   0.78     5.36
  SINCE JAN 1     19.62                     18.54   1.08    17.13

SNOWFALL (IN)
  TODAY            0.0                       0.0    0.0      0.0
  MONTH TO DATE    0.0                       0.0    0.0       T
  SINCE JUN 1      0.0                       0.0    0.0       T
  SINCE JUL 1     90.1                      62.7   27.4     80.9
  SNOW DEPTH       0

DEGREE DAYS
 HEATING
  TODAY            0                         1     -1        0
  MONTH TO DATE   28                        68    -40       56
  SINCE JUN 1     28                        68    -40       56
  SINCE JUL 1   6855                      6348    507     6156

 COOLING
  TODAY           12                         5      7        4
  MONTH TO DATE  142                       103     39      113
  SINCE JUN 1    142                       103     39      113
  SINCE JAN 1    197                       142     55      201
..................................................................


WIND (MPH)
  HIGHEST WIND SPEED    14   HIGHEST WIND DIRECTION     S (180)
  HIGHEST GUST SPEED    20   HIGHEST GUST DIRECTION     S (190)


SKY COVER
  POSSIBLE SUNSHINE  MM
  AVERAGE SKY COVER 0.8


WEATHER CONDITIONS
 THE FOLLOWING WEATHER WAS RECORDED TODAY.
  THUNDERSTORM
  RAIN
  LIGHT RAIN
  FOG
  HAZE


RELATIVE HUMIDITY (PERCENT)
 HIGHEST    97           600 AM
 LOWEST     65           100 PM
 AVERAGE    81

..........................................................


THE YOUNGSTOWN OH CLIMATE NORMALS FOR TOMORROW
                         NORMAL    RECORD    YEAR
 MAXIMUM TEMPERATURE (F)   81        94      1942
                                             1933
                                             1931
 MINIMUM TEMPERATURE (F)   59        44      1999
                                             1988


SUNRISE AND SUNSET
JUNE 29 2014..........SUNRISE   552 AM EDT   SUNSET   900 PM EDT
JUNE 30 2014..........SUNRISE   553 AM EDT   SUNSET   900 PM EDT


-  INDICATES NEGATIVE NUMBERS.
R  INDICATES RECORD WAS SET OR TIED.
MM INDICATES DATA IS MISSING.
T  INDICATES TRACE AMOUNT.




$$
