000
CDUS41 KCLE 260529
CLIYNG


CLIMATE REPORT
NATIONAL WEATHER SERVICE CLEVELAND OH
1227 AM EST FRI JAN 26 2018


...................................

...THE YOUNGSTOWN OH CLIMATE SUMMARY FOR JANUARY 25 2018...

CLIMATE NORMAL PERIOD 1981 TO 2010
CLIMATE RECORD PERIOD 1897 TO 2018


WEATHER ITEM   OBSERVED TIME   RECORD YEAR NORMAL DEPARTURE LAST
                VALUE   (LST)  VALUE       VALUE  FROM      YEAR
                                                  NORMAL
..................................................................
TEMPERATURE (F)
 YESTERDAY
  MAXIMUM         30    500 PM  71    1950  33     -3       48
  MINIMUM         18    409 AM -15    1897  19     -1       36
  AVERAGE         24                        26     -2       42

PRECIPITATION (IN)
  YESTERDAY        0.02                      0.08  -0.06     0.02
  MONTH TO DATE    2.75                      2.10   0.65     4.77
  SINCE DEC 1      4.86                      5.09  -0.23     8.34
  SINCE JAN 1      2.75                      2.10   0.65     4.77

SNOWFALL (IN)
  YESTERDAY        0.3                       0.5   -0.2       T
  MONTH TO DATE   19.9                      13.5    6.4      5.7
  SINCE DEC 1     38.9                      28.5   10.4     29.0
  SINCE JUL 1     39.9                      32.9    7.0     33.4
  SNOW DEPTH       2

DEGREE DAYS
 HEATING
  YESTERDAY       41                        39      2       23
  MONTH TO DATE 1058                       981     77      789
  SINCE DEC 1   2209                      2058    151     1868
  SINCE JUL 1   3307                      3387    -80     2840

 COOLING
  YESTERDAY        0                         0      0        0
  MONTH TO DATE    0                         0      0        0
  SINCE DEC 1      0                         0      0        0
  SINCE JAN 1      0                         0      0        0
..................................................................


WIND (MPH)
  HIGHEST WIND SPEED    12   HIGHEST WIND DIRECTION     W (250)
  HIGHEST GUST SPEED    15   HIGHEST GUST DIRECTION     W (250)
  AVERAGE WIND SPEED     4.9


SKY COVER
  POSSIBLE SUNSHINE  MM
  AVERAGE SKY COVER 0.9


WEATHER CONDITIONS
 THE FOLLOWING WEATHER WAS RECORDED YESTERDAY.
  LIGHT SNOW
  FOG


RELATIVE HUMIDITY (PERCENT)
 HIGHEST    92          1200 AM
 LOWEST     63           300 PM
 AVERAGE    78

..........................................................


THE YOUNGSTOWN OH CLIMATE NORMALS FOR TODAY
                         NORMAL    RECORD    YEAR
 MAXIMUM TEMPERATURE (F)   33        67      1950
 MINIMUM TEMPERATURE (F)   19        -5      1897


SUNRISE AND SUNSET
JANUARY 26 2018.......SUNRISE   739 AM EST   SUNSET   532 PM EST
JANUARY 27 2018.......SUNRISE   738 AM EST   SUNSET   533 PM EST


-  INDICATES NEGATIVE NUMBERS.
R  INDICATES RECORD WAS SET OR TIED.
MM INDICATES DATA IS MISSING.
T  INDICATES TRACE AMOUNT.




$$
