000
CDUS41 KCLE 300531
CLIYNG


CLIMATE REPORT
NATIONAL WEATHER SERVICE CLEVELAND OH
1230 AM EST FRI DEC 30 2016


...................................

...THE YOUNGSTOWN OH CLIMATE SUMMARY FOR DECEMBER 29 2016...

CLIMATE NORMAL PERIOD 1981 TO 2010
CLIMATE RECORD PERIOD 1897 TO 2016


WEATHER ITEM   OBSERVED TIME   RECORD YEAR NORMAL DEPARTURE LAST
                VALUE   (LST)  VALUE       VALUE  FROM      YEAR
                                                  NORMAL
..................................................................
TEMPERATURE (F)
 YESTERDAY
  MAXIMUM         36    743 PM  62    1984  33      3       51
  MINIMUM         30   1159 PM  -5    1961  20     10       38
  AVERAGE         33                        27      6       45

PRECIPITATION (IN)
  YESTERDAY        0.32                      0.09   0.23     0.03
  MONTH TO DATE    3.40                      2.81   0.59     4.18
  SINCE DEC 1      3.40                      2.81   0.59     4.18
  SINCE JAN 1     44.17                     38.73   5.44    44.37

SNOWFALL (IN)
  YESTERDAY        3.2                       0.5    2.7      0.0
  MONTH TO DATE   21.7                      14.0    7.7      0.8
  SINCE DEC 1     21.7                      14.0    7.7      0.8
  SINCE JUL 1     26.1                      18.4    7.7      1.2
  SNOW DEPTH       2

DEGREE DAYS
 HEATING
  YESTERDAY       32                        38     -6       20
  MONTH TO DATE 1010                      1000     10      629
  SINCE DEC 1   1010                      1000     10      629
  SINCE JUL 1   1982                      2329   -347     1631

 COOLING
  YESTERDAY        0                         0      0        0
  MONTH TO DATE    0                         0      0        0
  SINCE DEC 1      0                         0      0        0
  SINCE JAN 1    879                       544    335      681
..................................................................


WIND (MPH)
  HIGHEST WIND SPEED    25   HIGHEST WIND DIRECTION     W (290)
  HIGHEST GUST SPEED    35   HIGHEST GUST DIRECTION     W (250)
  AVERAGE WIND SPEED    11.5


SKY COVER
  POSSIBLE SUNSHINE  MM
  AVERAGE SKY COVER 1.0


WEATHER CONDITIONS
 THE FOLLOWING WEATHER WAS RECORDED YESTERDAY.
  HEAVY SNOW
  SNOW
  LIGHT SNOW
  SLEET
  FOG
  FOG W/VISIBILITY <= 1/4 MILE


RELATIVE HUMIDITY (PERCENT)
 HIGHEST    92          1000 PM
 LOWEST     56          1200 AM
 AVERAGE    74

..........................................................


THE YOUNGSTOWN OH CLIMATE NORMALS FOR TODAY
                         NORMAL    RECORD    YEAR
 MAXIMUM TEMPERATURE (F)   33        61      1990
 MINIMUM TEMPERATURE (F)   20        -5      1983


SUNRISE AND SUNSET
DECEMBER 30 2016......SUNRISE   748 AM EST   SUNSET   503 PM EST
DECEMBER 31 2016......SUNRISE   748 AM EST   SUNSET   504 PM EST


-  INDICATES NEGATIVE NUMBERS.
R  INDICATES RECORD WAS SET OR TIED.
MM INDICATES DATA IS MISSING.
T  INDICATES TRACE AMOUNT.




$$
