000
CDUS41 KCLE 052211
CLIYNG


CLIMATE REPORT
NATIONAL WEATHER SERVICE CLEVELAND OH
510 PM EST WED NOV 5 2014


...................................

...THE YOUNGSTOWN OH CLIMATE SUMMARY FOR NOVEMBER 5 2014...
VALID TODAY AS OF 0500 PM LOCAL TIME.

CLIMATE NORMAL PERIOD 1981 TO 2010
CLIMATE RECORD PERIOD 1897 TO 2014


WEATHER ITEM   OBSERVED TIME   RECORD YEAR NORMAL DEPARTURE LAST
                VALUE   (LST)  VALUE       VALUE  FROM      YEAR
                                                  NORMAL
..................................................................
TEMPERATURE (F)
 TODAY
  MAXIMUM         58    332 PM  77    1948  54      4       59
  MINIMUM         43    741 AM  13    1991  37      6       38
  AVERAGE         51                        45      6       49

PRECIPITATION (IN)
  TODAY            0.03                      0.10  -0.07     0.00
  MONTH TO DATE    0.19                      0.52  -0.33     0.32
  SINCE SEP 1      5.18                      7.04  -1.86     5.63
  SINCE JAN 1     34.74                     33.26   1.48    32.85

SNOWFALL (IN)
  TODAY            0.0                       0.1   -0.1      0.0
  MONTH TO DATE    0.0                       0.3   -0.3      0.0
  SINCE SEP 1      T                         1.1   -1.1      1.2
  SINCE JUL 1      T                         1.1   -1.1      1.2
  SNOW DEPTH       0

DEGREE DAYS
 HEATING
  TODAY           14                        20     -6       16
  MONTH TO DATE  100                        97      3      103
  SINCE SEP 1    629                       680    -51      623
  SINCE JUL 1    681                       718    -37      661

 COOLING
  TODAY            0                         0      0        0
  MONTH TO DATE    0                         0      0        0
  SINCE SEP 1     56                        58     -2       78
  SINCE JAN 1    533                       544    -11      630
..................................................................


WIND (MPH)
  HIGHEST WIND SPEED    21   HIGHEST WIND DIRECTION     W (250)
  HIGHEST GUST SPEED    28   HIGHEST GUST DIRECTION     W (260)


SKY COVER
  POSSIBLE SUNSHINE  MM
  AVERAGE SKY COVER 0.8


WEATHER CONDITIONS
 THE FOLLOWING WEATHER WAS RECORDED TODAY.
  LIGHT RAIN
  FOG


RELATIVE HUMIDITY (PERCENT)
 HIGHEST    93          1200 AM
 LOWEST     43           200 PM
 AVERAGE    68

..........................................................


THE YOUNGSTOWN OH CLIMATE NORMALS FOR TOMORROW
                         NORMAL    RECORD    YEAR
 MAXIMUM TEMPERATURE (F)   53        74      2008
                                             1975
 MINIMUM TEMPERATURE (F)   37        17      1951


SUNRISE AND SUNSET
NOVEMBER  5 2014......SUNRISE   659 AM EST   SUNSET   513 PM EST
NOVEMBER  6 2014......SUNRISE   700 AM EST   SUNSET   512 PM EST


-  INDICATES NEGATIVE NUMBERS.
R  INDICATES RECORD WAS SET OR TIED.
MM INDICATES DATA IS MISSING.
T  INDICATES TRACE AMOUNT.




$$
