000
CDUS41 KCLE 262216
CLIYNG


CLIMATE REPORT
NATIONAL WEATHER SERVICE CLEVELAND OH
515 PM EST MON DEC 26 2016


...................................

...THE YOUNGSTOWN OH CLIMATE SUMMARY FOR DECEMBER 26 2016...
VALID TODAY AS OF 0500 PM LOCAL TIME.

CLIMATE NORMAL PERIOD 1981 TO 2010
CLIMATE RECORD PERIOD 1897 TO 2016


WEATHER ITEM   OBSERVED TIME   RECORD YEAR NORMAL DEPARTURE LAST
                VALUE   (LST)  VALUE       VALUE  FROM      YEAR
                                                  NORMAL
..................................................................
TEMPERATURE (F)
 TODAY
  MAXIMUM         59    359 PM  64    1982  34     25       55
  MINIMUM         34   1203 AM  -6    1983  21     13       39
  AVERAGE         47                        27     20       47

PRECIPITATION (IN)
  TODAY            0.01                      0.09  -0.08     0.50
  MONTH TO DATE    2.61                      2.53   0.08     2.24
  SINCE DEC 1      2.61                      2.53   0.08     2.24
  SINCE JAN 1     43.38                     38.45   4.93    42.43

SNOWFALL (IN)
  TODAY            0.0                       0.5   -0.5      0.0
  MONTH TO DATE   18.5                      12.4    6.1      0.8
  SINCE DEC 1     18.5                      12.4    6.1      0.8
  SINCE JUL 1     22.9                      16.8    6.1      1.2
  SNOW DEPTH       0

DEGREE DAYS
 HEATING
  TODAY           18                        38    -20       18
  MONTH TO DATE  925                       886     39      564
  SINCE DEC 1    925                       886     39      564
  SINCE JUL 1   1897                      2215   -318     1566

 COOLING
  TODAY            0                         0      0        0
  MONTH TO DATE    0                         0      0        0
  SINCE DEC 1      0                         0      0        0
  SINCE JAN 1    879                       544    335      681
..................................................................


WIND (MPH)
  HIGHEST WIND SPEED    18   HIGHEST WIND DIRECTION     S (180)
  HIGHEST GUST SPEED    26   HIGHEST GUST DIRECTION     S (180)


SKY COVER
  POSSIBLE SUNSHINE  MM
  AVERAGE SKY COVER 1.0


WEATHER CONDITIONS
 THE FOLLOWING WEATHER WAS RECORDED TODAY.
  LIGHT RAIN
  FOG


RELATIVE HUMIDITY (PERCENT)
 HIGHEST    92           600 AM
 LOWEST     76           300 AM
 AVERAGE    84

..........................................................


THE YOUNGSTOWN OH CLIMATE NORMALS FOR TOMORROW
                         NORMAL    RECORD    YEAR
 MAXIMUM TEMPERATURE (F)   34        65      2008
 MINIMUM TEMPERATURE (F)   21        -4      1950


SUNRISE AND SUNSET
DECEMBER 26 2016......SUNRISE   747 AM EST   SUNSET   500 PM EST
DECEMBER 27 2016......SUNRISE   747 AM EST   SUNSET   501 PM EST


-  INDICATES NEGATIVE NUMBERS.
R  INDICATES RECORD WAS SET OR TIED.
MM INDICATES DATA IS MISSING.
T  INDICATES TRACE AMOUNT.




$$
