000
CDUS41 KCLE 100545
CLIYNG


CLIMATE REPORT
NATIONAL WEATHER SERVICE CLEVELAND OH
145 AM EDT FRI OCT 10 2014


...................................

...THE YOUNGSTOWN OH CLIMATE SUMMARY FOR OCTOBER 9 2014...

CLIMATE NORMAL PERIOD 1981 TO 2010
CLIMATE RECORD PERIOD 1897 TO 2014


WEATHER ITEM   OBSERVED TIME   RECORD YEAR NORMAL DEPARTURE LAST
                VALUE   (LST)  VALUE       VALUE  FROM      YEAR
                                                  NORMAL
..................................................................
TEMPERATURE (F)
 YESTERDAY
  MAXIMUM         57    435 PM  88    1939  63     -6       68
  MINIMUM         38   1159 PM  28    2012  43     -5       40
  AVERAGE         48                        53     -5       54

PRECIPITATION (IN)
  YESTERDAY        0.00                      0.09  -0.09     0.00
  MONTH TO DATE    1.21                      0.87   0.34     0.77
  SINCE SEP 1      3.11                      4.62  -1.51     2.98
  SINCE JAN 1     32.67                     30.84   1.83    30.20

SNOWFALL (IN)
  YESTERDAY        0.0                       0.0    0.0      0.0
  MONTH TO DATE    T                         0.1   -0.1      0.0
  SINCE SEP 1      T                         0.1   -0.1      0.0
  SINCE JUL 1      T                         0.1   -0.1      0.0
  SNOW DEPTH       0

DEGREE DAYS
 HEATING
  YESTERDAY       17                        12      5       11
  MONTH TO DATE  103                        99      4       34
  SINCE SEP 1    244                       244      0      185
  SINCE JUL 1    296                       282     14      223

 COOLING
  YESTERDAY        0                         0      0        0
  MONTH TO DATE    0                         3     -3       21
  SINCE SEP 1     53                        55     -2       78
  SINCE JAN 1    530                       541    -11      630
..................................................................


WIND (MPH)
  HIGHEST WIND SPEED    14   HIGHEST WIND DIRECTION    SW (240)
  HIGHEST GUST SPEED    17   HIGHEST GUST DIRECTION    SW (240)
  AVERAGE WIND SPEED     7.1


SKY COVER
  POSSIBLE SUNSHINE  MM
  AVERAGE SKY COVER 0.4


WEATHER CONDITIONS
 THE FOLLOWING WEATHER WAS RECORDED YESTERDAY.
  NO SIGNIFICANT WEATHER WAS OBSERVED.


RELATIVE HUMIDITY (PERCENT)
 HIGHEST   100          1100 PM
 LOWEST     51           400 PM
 AVERAGE    76

..........................................................


THE YOUNGSTOWN OH CLIMATE NORMALS FOR TODAY
                         NORMAL    RECORD    YEAR
 MAXIMUM TEMPERATURE (F)   63        87      1949
                                             1939
 MINIMUM TEMPERATURE (F)   43        27      1972


SUNRISE AND SUNSET
OCTOBER 10 2014.......SUNRISE   729 AM EDT   SUNSET   650 PM EDT
OCTOBER 11 2014.......SUNRISE   730 AM EDT   SUNSET   648 PM EDT


-  INDICATES NEGATIVE NUMBERS.
R  INDICATES RECORD WAS SET OR TIED.
MM INDICATES DATA IS MISSING.
T  INDICATES TRACE AMOUNT.




$$
