000
CDUS41 KCLE 160546
CLIYNG


CLIMATE REPORT
NATIONAL WEATHER SERVICE CLEVELAND OH
145 AM EDT TUE AUG 16 2016


...................................

...THE YOUNGSTOWN OH CLIMATE SUMMARY FOR AUGUST 15 2016...

CLIMATE NORMAL PERIOD 1981 TO 2010
CLIMATE RECORD PERIOD 1897 TO 2016


WEATHER ITEM   OBSERVED TIME   RECORD YEAR NORMAL DEPARTURE LAST
                VALUE   (LST)  VALUE       VALUE  FROM      YEAR
                                                  NORMAL
..................................................................
TEMPERATURE (F)
 YESTERDAY
  MAXIMUM         80        MM  94    1995  80      0       85
  MINIMUM         69        MM  46    2013  59     10       62
  AVERAGE         75                        69      6       74

PRECIPITATION (IN)
  YESTERDAY        0.01                      0.09  -0.08     0.01
  MONTH TO DATE    2.57                      1.57   0.00     1.44
  SINCE JUN 1     10.74                      9.76   0.98    14.53
  SINCE JAN 1     25.84                     24.55   1.29    29.51

SNOWFALL (IN)
  YESTERDAY        0.0                       0.0    0.0      0.0
  MONTH TO DATE    0.0                       0.0    0.0      0.0
  SINCE JUN 1      0.0                       0.0    0.0      0.0
  SINCE JUL 1      0.0                       0.0    0.0      0.0
  SNOW DEPTH       0

DEGREE DAYS
 HEATING
  YESTERDAY        0                         1     -1        0
  MONTH TO DATE    0                        10    -10        3
  SINCE JUN 1     40                        92    -52       52
  SINCE JUL 1      6                        23    -17       10

 COOLING
  YESTERDAY       10                         5      5        9
  MONTH TO DATE  160                        83     77       79
  SINCE JUN 1    561                       378    183      374
  SINCE JAN 1    616                       417    199      486
..................................................................


WIND (MPH)
  HIGHEST WIND SPEED     8   HIGHEST WIND DIRECTION     S (190)
  HIGHEST GUST SPEED    MM   HIGHEST GUST DIRECTION    MM
  AVERAGE WIND SPEED     5.1


SKY COVER
  POSSIBLE SUNSHINE  MM
  AVERAGE SKY COVER 0.9


WEATHER CONDITIONS
 THE FOLLOWING WEATHER WAS RECORDED YESTERDAY.
  LIGHT RAIN
  FOG


RELATIVE HUMIDITY (PERCENT)
 HIGHEST   100           600 AM
 LOWEST     67           500 PM
 AVERAGE    84

..........................................................


THE YOUNGSTOWN OH CLIMATE NORMALS FOR TODAY
                         NORMAL    RECORD    YEAR
 MAXIMUM TEMPERATURE (F)   80        91      1995
                                             1938
                                             1932
 MINIMUM TEMPERATURE (F)   59        42      1979


SUNRISE AND SUNSET
AUGUST 16 2016........SUNRISE   633 AM EDT   SUNSET   819 PM EDT
AUGUST 17 2016........SUNRISE   634 AM EDT   SUNSET   818 PM EDT


-  INDICATES NEGATIVE NUMBERS.
R  INDICATES RECORD WAS SET OR TIED.
MM INDICATES DATA IS MISSING.
T  INDICATES TRACE AMOUNT.




$$
