000
CDUS41 KCLE 022112
CLIYNG


CLIMATE REPORT
NATIONAL WEATHER SERVICE CLEVELAND OH
511 PM EDT TUE MAY 2 2017


...................................

...THE YOUNGSTOWN OH CLIMATE SUMMARY FOR MAY 2 2017...
VALID TODAY AS OF 0500 PM LOCAL TIME.

CLIMATE NORMAL PERIOD 1981 TO 2010
CLIMATE RECORD PERIOD 1897 TO 2017


WEATHER ITEM   OBSERVED TIME   RECORD YEAR NORMAL DEPARTURE LAST
                VALUE   (LST)  VALUE       VALUE  FROM      YEAR
                                                  NORMAL
..................................................................
TEMPERATURE (F)
 TODAY
  MAXIMUM         53   1252 AM  92    1942  65    -12       52
  MINIMUM         45    927 AM  29    1963  43      2       40
                                      1961
  AVERAGE         49                        54     -5       46

PRECIPITATION (IN)
  TODAY            0.06                      0.11  -0.05     0.42
  MONTH TO DATE    0.80                      0.22   0.58     0.46
  SINCE MAR 1      9.68                      6.52   3.16     8.08
  SINCE JAN 1     17.56                     11.22   6.34    13.27

SNOWFALL (IN)
  TODAY            0.0                       0.0    0.0      0.0
  MONTH TO DATE    0.0                       0.0    0.0      0.0
  SINCE MAR 1     22.1                      13.9    8.2     13.1
  SINCE JUL 1     69.5                      62.7    6.8     44.7
  SNOW DEPTH       0

DEGREE DAYS
 HEATING
  TODAY           16                        11      5       19
  MONTH TO DATE   18                        23     -5       23
  SINCE MAR 1   1199                      1402   -203     1182
  SINCE JUL 1   4983                      6050  -1067     5030

 COOLING
  TODAY            0                         0      0        0
  MONTH TO DATE    0                         0      0        0
  SINCE MAR 1     16                         9      7        0
  SINCE JAN 1     16                         9      7        0
..................................................................


WIND (MPH)
  HIGHEST WIND SPEED    37   HIGHEST WIND DIRECTION    SW (240)
  HIGHEST GUST SPEED    48   HIGHEST GUST DIRECTION    SW (230)


SKY COVER
  POSSIBLE SUNSHINE  MM
  AVERAGE SKY COVER 1.0


WEATHER CONDITIONS
 THE FOLLOWING WEATHER WAS RECORDED TODAY.
  LIGHT RAIN


RELATIVE HUMIDITY (PERCENT)
 HIGHEST    80           500 AM
 LOWEST     54          1200 AM
 AVERAGE    67

..........................................................


THE YOUNGSTOWN OH CLIMATE NORMALS FOR TOMORROW
                         NORMAL    RECORD    YEAR
 MAXIMUM TEMPERATURE (F)   65        88      2012
 MINIMUM TEMPERATURE (F)   43        26      1986


SUNRISE AND SUNSET
MAY  2 2017...........SUNRISE   619 AM EDT   SUNSET   821 PM EDT
MAY  3 2017...........SUNRISE   617 AM EDT   SUNSET   822 PM EDT


-  INDICATES NEGATIVE NUMBERS.
R  INDICATES RECORD WAS SET OR TIED.
MM INDICATES DATA IS MISSING.
T  INDICATES TRACE AMOUNT.




$$
