000
CDUS41 KCLE 092111
CLIYNG


CLIMATE REPORT
NATIONAL WEATHER SERVICE CLEVELAND OH
511 PM EDT SAT AUG 9 2014


...................................

...THE YOUNGSTOWN OH CLIMATE SUMMARY FOR AUGUST 9 2014...
VALID TODAY AS OF 0500 PM LOCAL TIME.

CLIMATE NORMAL PERIOD 1981 TO 2010
CLIMATE RECORD PERIOD 1897 TO 2014


WEATHER ITEM   OBSERVED TIME   RECORD YEAR NORMAL DEPARTURE LAST
                VALUE   (LST)  VALUE       VALUE  FROM      YEAR
                                                  NORMAL
..................................................................
TEMPERATURE (F)
 TODAY
  MAXIMUM         81    340 PM  95    1930  81      0       78
  MINIMUM         52    149 AM  41    1989  59     -7       56
  AVERAGE         67                        70     -3       67

PRECIPITATION (IN)
  TODAY            0.00                      0.11  -0.11     0.13
  MONTH TO DATE    1.44                      1.00   0.44     1.18
  SINCE JUN 1      9.65                      9.19   0.46    14.00
  SINCE JAN 1     24.74                     23.98   0.76    25.77

SNOWFALL (IN)
  TODAY            0.0                       0.0    0.0      0.0
  MONTH TO DATE    0.0                       0.0    0.0      0.0
  SINCE JUN 1      0.0                       0.0    0.0       T
  SINCE JUL 1      0.0                       0.0    0.0      0.0
  SNOW DEPTH       0

DEGREE DAYS
 HEATING
  TODAY            0                         1     -1        0
  MONTH TO DATE    0                         4     -4        6
  SINCE JUN 1     56                        86    -30       75
  SINCE JUL 1     28                        17     11       19

 COOLING
  TODAY            2                         5     -3        2
  MONTH TO DATE   29                        53    -24       23
  SINCE JUN 1    312                       348    -36      361
  SINCE JAN 1    367                       387    -20      449
..................................................................


WIND (MPH)
  HIGHEST WIND SPEED    10   HIGHEST WIND DIRECTION    NE (40)
  HIGHEST GUST SPEED    15   HIGHEST GUST DIRECTION     E (100)


SKY COVER
  POSSIBLE SUNSHINE  MM
  AVERAGE SKY COVER 0.4


WEATHER CONDITIONS
 THE FOLLOWING WEATHER WAS RECORDED TODAY.
  FOG


RELATIVE HUMIDITY (PERCENT)
 HIGHEST   100           100 AM
 LOWEST     49           400 PM
 AVERAGE    75

..........................................................


THE YOUNGSTOWN OH CLIMATE NORMALS FOR TOMORROW
                         NORMAL    RECORD    YEAR
 MAXIMUM TEMPERATURE (F)   81        96      1930
 MINIMUM TEMPERATURE (F)   59        45      1972


SUNRISE AND SUNSET
AUGUST  9 2014........SUNRISE   626 AM EDT   SUNSET   830 PM EDT
AUGUST 10 2014........SUNRISE   627 AM EDT   SUNSET   828 PM EDT


-  INDICATES NEGATIVE NUMBERS.
R  INDICATES RECORD WAS SET OR TIED.
MM INDICATES DATA IS MISSING.
T  INDICATES TRACE AMOUNT.




$$
