000
CDUS41 KCLE 082111
CLIYNG


CLIMATE REPORT
NATIONAL WEATHER SERVICE CLEVELAND OH
510 PM EDT WED OCT 8 2014


...................................

...THE YOUNGSTOWN OH CLIMATE SUMMARY FOR OCTOBER 8 2014...
VALID TODAY AS OF 0500 PM LOCAL TIME.

CLIMATE NORMAL PERIOD 1981 TO 2010
CLIMATE RECORD PERIOD 1897 TO 2014


WEATHER ITEM   OBSERVED TIME   RECORD YEAR NORMAL DEPARTURE LAST
                VALUE   (LST)  VALUE       VALUE  FROM      YEAR
                                                  NORMAL
..................................................................
TEMPERATURE (F)
 TODAY
  MAXIMUM         62    105 PM  87    2007  63     -1       66
                                      1941
  MINIMUM         48    648 AM  27    1953  44      4       40
  AVERAGE         55                        53      2       53

PRECIPITATION (IN)
  TODAY            0.00                      0.10  -0.10     0.00
  MONTH TO DATE    1.21                      0.78   0.43     0.77
  SINCE SEP 1      3.11                      4.53  -1.42     2.98
  SINCE JAN 1     32.67                     30.75   1.92    30.20

SNOWFALL (IN)
  TODAY            0.0                       0.1   -0.1      0.0
  MONTH TO DATE    T                         0.1   -0.1      0.0
  SINCE SEP 1      T                         0.1   -0.1      0.0
  SINCE JUL 1      T                         0.1   -0.1      0.0
  SNOW DEPTH       0

DEGREE DAYS
 HEATING
  TODAY           10                        12     -2       12
  MONTH TO DATE   84                        87     -3       23
  SINCE SEP 1    225                       232     -7      174
  SINCE JUL 1    277                       270      7      212

 COOLING
  TODAY            0                         0      0        0
  MONTH TO DATE    0                         3     -3       21
  SINCE SEP 1     53                        55     -2       78
  SINCE JAN 1    530                       541    -11      630
..................................................................


WIND (MPH)
  HIGHEST WIND SPEED    28   HIGHEST WIND DIRECTION     W (260)
  HIGHEST GUST SPEED    34   HIGHEST GUST DIRECTION     W (260)


SKY COVER
  POSSIBLE SUNSHINE  MM
  AVERAGE SKY COVER 0.6


WEATHER CONDITIONS
 THE FOLLOWING WEATHER WAS RECORDED TODAY.
  NO SIGNIFICANT WEATHER WAS OBSERVED.


RELATIVE HUMIDITY (PERCENT)
 HIGHEST    96          1200 AM
 LOWEST     44           300 PM
 AVERAGE    70

..........................................................


THE YOUNGSTOWN OH CLIMATE NORMALS FOR TOMORROW
                         NORMAL    RECORD    YEAR
 MAXIMUM TEMPERATURE (F)   63        88      1939
 MINIMUM TEMPERATURE (F)   43        28      2012


SUNRISE AND SUNSET
OCTOBER  8 2014.......SUNRISE   727 AM EDT   SUNSET   653 PM EDT
OCTOBER  9 2014.......SUNRISE   728 AM EDT   SUNSET   651 PM EDT


-  INDICATES NEGATIVE NUMBERS.
R  INDICATES RECORD WAS SET OR TIED.
MM INDICATES DATA IS MISSING.
T  INDICATES TRACE AMOUNT.




$$
