000
CDUS41 KCLE 092221
CLIYNG


CLIMATE REPORT
NATIONAL WEATHER SERVICE CLEVELAND OH
521 PM EST SUN NOV 9 2014


...................................

...THE YOUNGSTOWN OH CLIMATE SUMMARY FOR NOVEMBER 9 2014...
VALID TODAY AS OF 0500 PM LOCAL TIME.

CLIMATE NORMAL PERIOD 1981 TO 2010
CLIMATE RECORD PERIOD 1897 TO 2014


WEATHER ITEM   OBSERVED TIME   RECORD YEAR NORMAL DEPARTURE LAST
                VALUE   (LST)  VALUE       VALUE  FROM      YEAR
                                                  NORMAL
..................................................................
TEMPERATURE (F)
 TODAY
  MAXIMUM         49    317 PM  72    1999  52     -3       56
                                      1975
  MINIMUM         38    758 AM  19    2003  36      2       30
                                      1991
                                      1976
  AVERAGE         44                        44      0       43

PRECIPITATION (IN)
  TODAY            T                         0.10  -0.10     0.00
  MONTH TO DATE    0.82                      0.93  -0.11     0.95
  SINCE SEP 1      5.81                      7.45  -1.64     6.26
  SINCE JAN 1     35.37                     33.67   1.70    33.48

SNOWFALL (IN)
  TODAY            0.0                       0.0    0.0      0.0
  MONTH TO DATE    T                         0.5   -0.5      0.4
  SINCE SEP 1      T                         1.3   -1.3      1.6
  SINCE JUL 1      T                         1.3   -1.3      1.6
  SNOW DEPTH       0

DEGREE DAYS
 HEATING
  TODAY           21                        21      0       22
  MONTH TO DATE  197                       179     18      184
  SINCE SEP 1    726                       762    -36      704
  SINCE JUL 1    778                       800    -22      742

 COOLING
  TODAY            0                         0      0        0
  MONTH TO DATE    0                         0      0        0
  SINCE SEP 1     56                        58     -2       78
  SINCE JAN 1    533                       544    -11      630
..................................................................


WIND (MPH)
  HIGHEST WIND SPEED    18   HIGHEST WIND DIRECTION     W (250)
  HIGHEST GUST SPEED    25   HIGHEST GUST DIRECTION    SW (220)


SKY COVER
  POSSIBLE SUNSHINE  MM
  AVERAGE SKY COVER 0.9


WEATHER CONDITIONS
 THE FOLLOWING WEATHER WAS RECORDED TODAY.
  LIGHT RAIN


RELATIVE HUMIDITY (PERCENT)
 HIGHEST    85           100 AM
 LOWEST     49           200 PM
 AVERAGE    67

..........................................................


THE YOUNGSTOWN OH CLIMATE NORMALS FOR TOMORROW
                         NORMAL    RECORD    YEAR
 MAXIMUM TEMPERATURE (F)   52        68      1949
                                             1931
 MINIMUM TEMPERATURE (F)   36        16      1991


SUNRISE AND SUNSET
NOVEMBER  9 2014......SUNRISE   704 AM EST   SUNSET   509 PM EST
NOVEMBER 10 2014......SUNRISE   705 AM EST   SUNSET   508 PM EST


-  INDICATES NEGATIVE NUMBERS.
R  INDICATES RECORD WAS SET OR TIED.
MM INDICATES DATA IS MISSING.
T  INDICATES TRACE AMOUNT.




$$
