000
CDUS41 KCLE 072221
CLIYNG


CLIMATE REPORT
NATIONAL WEATHER SERVICE CLEVELAND OH
520 PM EST FRI NOV 7 2014


...................................

...THE YOUNGSTOWN OH CLIMATE SUMMARY FOR NOVEMBER 7 2014...
VALID TODAY AS OF 0500 PM LOCAL TIME.

CLIMATE NORMAL PERIOD 1981 TO 2010
CLIMATE RECORD PERIOD 1897 TO 2014


WEATHER ITEM   OBSERVED TIME   RECORD YEAR NORMAL DEPARTURE LAST
                VALUE   (LST)  VALUE       VALUE  FROM      YEAR
                                                  NORMAL
..................................................................
TEMPERATURE (F)
 TODAY
  MAXIMUM         44    133 AM  73    1938  53     -9       58
  MINIMUM         37    359 PM  20    1967  36      1       35
  AVERAGE         41                        45     -4       47

PRECIPITATION (IN)
  TODAY            0.11                      0.10   0.01     0.28
  MONTH TO DATE    0.82                      0.73   0.09     0.91
  SINCE SEP 1      5.81                      7.25  -1.44     6.22
  SINCE JAN 1     35.37                     33.47   1.90    33.44

SNOWFALL (IN)
  TODAY            T                         0.1   -0.1       T
  MONTH TO DATE    T                         0.4   -0.4       T
  SINCE SEP 1      T                         1.2   -1.2      1.2
  SINCE JUL 1      T                         1.2   -1.2      1.2
  SNOW DEPTH       0

DEGREE DAYS
 HEATING
  TODAY           24                        20      4       18
  MONTH TO DATE  145                       137      8      131
  SINCE SEP 1    674                       720    -46      651
  SINCE JUL 1    726                       758    -32      689

 COOLING
  TODAY            0                         0      0        0
  MONTH TO DATE    0                         0      0        0
  SINCE SEP 1     56                        58     -2       78
  SINCE JAN 1    533                       544    -11      630
..................................................................


WIND (MPH)
  HIGHEST WIND SPEED    24   HIGHEST WIND DIRECTION    NW (330)
  HIGHEST GUST SPEED    32   HIGHEST GUST DIRECTION     N (340)


SKY COVER
  POSSIBLE SUNSHINE  MM
  AVERAGE SKY COVER 0.9


WEATHER CONDITIONS
 THE FOLLOWING WEATHER WAS RECORDED TODAY.
  LIGHT RAIN
  LIGHT SNOW
  FOG


RELATIVE HUMIDITY (PERCENT)
 HIGHEST    92           100 AM
 LOWEST     64           200 PM
 AVERAGE    78

..........................................................


THE YOUNGSTOWN OH CLIMATE NORMALS FOR TOMORROW
                         NORMAL    RECORD    YEAR
 MAXIMUM TEMPERATURE (F)   52        78      1938
 MINIMUM TEMPERATURE (F)   36        19      1976


SUNRISE AND SUNSET
NOVEMBER  7 2014......SUNRISE   701 AM EST   SUNSET   511 PM EST
NOVEMBER  8 2014......SUNRISE   702 AM EST   SUNSET   510 PM EST


-  INDICATES NEGATIVE NUMBERS.
R  INDICATES RECORD WAS SET OR TIED.
MM INDICATES DATA IS MISSING.
T  INDICATES TRACE AMOUNT.




$$
