000
CDUS41 KCLE 120543
CLIYNG


CLIMATE REPORT
NATIONAL WEATHER SERVICE CLEVELAND OH
130 AM EDT TUE APR 12 2016


...................................

...THE YOUNGSTOWN OH CLIMATE SUMMARY FOR APRIL 11 2016...

CLIMATE NORMAL PERIOD 1981 TO 2010
CLIMATE RECORD PERIOD 1897 TO 2016


WEATHER ITEM   OBSERVED TIME   RECORD YEAR NORMAL DEPARTURE LAST
                VALUE   (LST)  VALUE       VALUE  FROM      YEAR
                                                  NORMAL
..................................................................
TEMPERATURE (F)
 YESTERDAY
  MAXIMUM         53    738 PM  82    1977  57     -4       55
  MINIMUM         40   1159 PM  22    1975  37      3       35
                                      1970
  AVERAGE         47                        47      0       45

PRECIPITATION (IN)
  YESTERDAY        0.89                      0.11   0.78     0.01
  MONTH TO DATE    2.59                      1.27   1.32     1.50
  SINCE MAR 1      6.40                      4.21   2.19     3.83
  SINCE JAN 1     11.59                      8.91   2.68     9.06

SNOWFALL (IN)
  YESTERDAY        0.0                       0.2   -0.2      0.0
  MONTH TO DATE    6.4                       1.9    4.5      0.2
  SINCE MAR 1     10.7                      12.8   -2.1      8.8
  SINCE JUL 1     42.3                      61.6  -19.3     78.3
  SNOW DEPTH       0

DEGREE DAYS
 HEATING
  YESTERDAY       18                        18      0       20
  MONTH TO DATE  301                       222     79      154
  SINCE MAR 1    915                      1098   -183     1142
  SINCE JUL 1   4763                      5746   -983     6260

 COOLING
  YESTERDAY        0                         0      0        0
  MONTH TO DATE    0                         0      0        0
  SINCE MAR 1      0                         1     -1        0
  SINCE JAN 1      0                         1     -1        0
..................................................................


WIND (MPH)
  HIGHEST WIND SPEED    22   HIGHEST WIND DIRECTION    SW (210)
  HIGHEST GUST SPEED    36   HIGHEST GUST DIRECTION    SW (220)
  AVERAGE WIND SPEED    11.9


SKY COVER
  POSSIBLE SUNSHINE  MM
  AVERAGE SKY COVER 1.0


WEATHER CONDITIONS
 THE FOLLOWING WEATHER WAS RECORDED YESTERDAY.
  RAIN
  LIGHT RAIN
  FOG


RELATIVE HUMIDITY (PERCENT)
 HIGHEST   100           500 PM
 LOWEST     70          1100 PM
 AVERAGE    85

..........................................................


THE YOUNGSTOWN OH CLIMATE NORMALS FOR TODAY
                         NORMAL    RECORD    YEAR
 MAXIMUM TEMPERATURE (F)   58        83      2001
 MINIMUM TEMPERATURE (F)   37        19      1975
                                             1967


SUNRISE AND SUNSET
APRIL 12 2016.........SUNRISE   647 AM EDT   SUNSET   800 PM EDT
APRIL 13 2016.........SUNRISE   646 AM EDT   SUNSET   801 PM EDT


-  INDICATES NEGATIVE NUMBERS.
R  INDICATES RECORD WAS SET OR TIED.
MM INDICATES DATA IS MISSING.
T  INDICATES TRACE AMOUNT.




$$
