000
CDUS41 KCLE 120545
CLIYNG


CLIMATE REPORT
NATIONAL WEATHER SERVICE CLEVELAND OH
145 AM EDT MON JUN 12 2017


...................................

...THE YOUNGSTOWN OH CLIMATE SUMMARY FOR JUNE 11 2017...

CLIMATE NORMAL PERIOD 1981 TO 2010
CLIMATE RECORD PERIOD 1897 TO 2017


WEATHER ITEM   OBSERVED TIME   RECORD YEAR NORMAL DEPARTURE LAST
                VALUE   (LST)  VALUE       VALUE  FROM      YEAR
                                                  NORMAL
..................................................................
TEMPERATURE (F)
 YESTERDAY
  MAXIMUM         86    435 PM  94    1933  76     10       88
  MINIMUM         66    533 AM  30    1972  54     12       69
  AVERAGE         76                        65     11       79

PRECIPITATION (IN)
  YESTERDAY        0.00                      0.13  -0.13     0.00
  MONTH TO DATE    0.20                      1.41  -1.21     1.24
  SINCE JUN 1      0.20                      1.41  -1.21     1.24
  SINCE JAN 1     21.50                     16.20   5.30    16.34

SNOWFALL (IN)
  YESTERDAY        0.0                       0.0    0.0      0.0
  MONTH TO DATE    0.0                       0.0    0.0      0.0
  SINCE JUN 1      0.0                       0.0    0.0      0.0
  SINCE JUL 1     69.5                      62.7    6.8     44.9
  SNOW DEPTH       0

DEGREE DAYS
 HEATING
  YESTERDAY        0                         3     -3        0
  MONTH TO DATE   33                        40     -7       23
  SINCE JUN 1     33                        40     -7       23
  SINCE JUL 1   5249                      6320  -1071     5276

 COOLING
  YESTERDAY       11                         3      8       14
  MONTH TO DATE   25                        26     -1       46
  SINCE JUN 1     25                        26     -1       46
  SINCE JAN 1     74                        65      9      101
..................................................................


WIND (MPH)
  HIGHEST WIND SPEED    22   HIGHEST WIND DIRECTION    SW (210)
  HIGHEST GUST SPEED    26   HIGHEST GUST DIRECTION    SW (210)
  AVERAGE WIND SPEED     9.9


SKY COVER
  POSSIBLE SUNSHINE  MM
  AVERAGE SKY COVER 0.2


WEATHER CONDITIONS
 THE FOLLOWING WEATHER WAS RECORDED YESTERDAY.
  NO SIGNIFICANT WEATHER WAS OBSERVED.


RELATIVE HUMIDITY (PERCENT)
 HIGHEST    73           500 AM
 LOWEST     40           400 PM
 AVERAGE    57

..........................................................


THE YOUNGSTOWN OH CLIMATE NORMALS FOR TODAY
                         NORMAL    RECORD    YEAR
 MAXIMUM TEMPERATURE (F)   77        94      1933
 MINIMUM TEMPERATURE (F)   55        42      2006
                                             1979


SUNRISE AND SUNSET
JUNE 12 2017..........SUNRISE   549 AM EDT   SUNSET   856 PM EDT
JUNE 13 2017..........SUNRISE   549 AM EDT   SUNSET   857 PM EDT


-  INDICATES NEGATIVE NUMBERS.
R  INDICATES RECORD WAS SET OR TIED.
MM INDICATES DATA IS MISSING.
T  INDICATES TRACE AMOUNT.




$$
