000
CDUS41 KCLE 072115
CLIYNG


CLIMATE REPORT
NATIONAL WEATHER SERVICE CLEVELAND OH
511 PM EDT THU AUG 7 2014


...................................

...THE YOUNGSTOWN OH CLIMATE SUMMARY FOR AUGUST 7 2014...
VALID TODAY AS OF 0500 PM LOCAL TIME.

CLIMATE NORMAL PERIOD 1981 TO 2010
CLIMATE RECORD PERIOD 1897 TO 2014


WEATHER ITEM   OBSERVED TIME   RECORD YEAR NORMAL DEPARTURE LAST
                VALUE   (LST)  VALUE       VALUE  FROM      YEAR
                                                  NORMAL
..................................................................
TEMPERATURE (F)
 TODAY
  MAXIMUM         77    332 PM  95    1931  81     -4       78
                                      1930
  MINIMUM         54    608 AM  41    1997  59     -5       60
  AVERAGE         66                        70     -4       69

PRECIPITATION (IN)
  TODAY            0.00                      0.10  -0.10     0.39
  MONTH TO DATE    1.44                      0.78   0.66     0.85
  SINCE JUN 1      9.65                      8.97   0.68    13.67
  SINCE JAN 1     24.74                     23.76   0.98    25.44

SNOWFALL (IN)
  TODAY            0.0                       0.0    0.0      0.0
  MONTH TO DATE    0.0                       0.0    0.0      0.0
  SINCE JUN 1      0.0                       0.0    0.0       T
  SINCE JUL 1      0.0                       0.0    0.0      0.0
  SNOW DEPTH       0

DEGREE DAYS
 HEATING
  TODAY            0                         1     -1        0
  MONTH TO DATE    0                         2     -2        6
  SINCE JUN 1     56                        84    -28       75
  SINCE JUL 1     28                        15     13       19

 COOLING
  TODAY            1                         6     -5        4
  MONTH TO DATE   27                        42    -15       10
  SINCE JUN 1    310                       337    -27      348
  SINCE JAN 1    365                       376    -11      436
..................................................................


WIND (MPH)
  HIGHEST WIND SPEED    13   HIGHEST WIND DIRECTION    NW (330)
  HIGHEST GUST SPEED    16   HIGHEST GUST DIRECTION     N (350)


SKY COVER
  POSSIBLE SUNSHINE  MM
  AVERAGE SKY COVER 0.1


WEATHER CONDITIONS
 THE FOLLOWING WEATHER WAS RECORDED TODAY.
  FOG


RELATIVE HUMIDITY (PERCENT)
 HIGHEST    93          1200 AM
 LOWEST     44          1200 PM
 AVERAGE    69

..........................................................


THE YOUNGSTOWN OH CLIMATE NORMALS FOR TOMORROW
                         NORMAL    RECORD    YEAR
 MAXIMUM TEMPERATURE (F)   81        97      1931
 MINIMUM TEMPERATURE (F)   59        45      1989
                                             1975


SUNRISE AND SUNSET
AUGUST  7 2014........SUNRISE   624 AM EDT   SUNSET   832 PM EDT
AUGUST  8 2014........SUNRISE   625 AM EDT   SUNSET   831 PM EDT


-  INDICATES NEGATIVE NUMBERS.
R  INDICATES RECORD WAS SET OR TIED.
MM INDICATES DATA IS MISSING.
T  INDICATES TRACE AMOUNT.




$$
