000
CDUS41 KCLE 200545
CLIYNG


CLIMATE REPORT
NATIONAL WEATHER SERVICE CLEVELAND OH
145 AM EDT THU AUG 20 2015


...................................

...THE YOUNGSTOWN OH CLIMATE SUMMARY FOR AUGUST 19 2015...

CLIMATE NORMAL PERIOD 1981 TO 2010
CLIMATE RECORD PERIOD 1897 TO 2015


WEATHER ITEM   OBSERVED TIME   RECORD YEAR NORMAL DEPARTURE LAST
                VALUE   (LST)  VALUE       VALUE  FROM      YEAR
                                                  NORMAL
..................................................................
TEMPERATURE (F)
 YESTERDAY
  MAXIMUM         88    300 PM  92    1947  80      8       84
  MINIMUM         65    326 AM  46    1953  58      7       56
  AVERAGE         77                        69      8       70

PRECIPITATION (IN)
  YESTERDAY        0.00                      0.10  -0.10     0.61
  MONTH TO DATE    1.60                      1.97  -0.37     3.91
  SINCE JUN 1     14.69                     10.16   4.53    12.12
  SINCE JAN 1     29.67                     24.95   4.72    27.21

SNOWFALL (IN)
  YESTERDAY        0.0                       0.0    0.0      0.0
  MONTH TO DATE    0.0                       0.0    0.0      0.0
  SINCE JUN 1      0.0                       0.0    0.0      0.0
  SINCE JUL 1      0.0                       0.0    0.0      0.0
  SNOW DEPTH       0

DEGREE DAYS
 HEATING
  YESTERDAY        0                         1     -1        0
  MONTH TO DATE    3                        14    -11       17
  SINCE JUN 1     52                        96    -44       73
  SINCE JUL 1     10                        27    -17       45

 COOLING
  YESTERDAY       12                         5      7        5
  MONTH TO DATE  122                       103     19       60
  SINCE JUN 1    417                       398     19      343
  SINCE JAN 1    529                       437     92      398
..................................................................


WIND (MPH)
  HIGHEST WIND SPEED    14   HIGHEST WIND DIRECTION     S (200)
  HIGHEST GUST SPEED    19   HIGHEST GUST DIRECTION     S (160)
  AVERAGE WIND SPEED     7.5


SKY COVER
  POSSIBLE SUNSHINE  MM
  AVERAGE SKY COVER 0.7


WEATHER CONDITIONS
 THE FOLLOWING WEATHER WAS RECORDED YESTERDAY.
  FOG


RELATIVE HUMIDITY (PERCENT)
 HIGHEST   100           500 AM
 LOWEST     50           300 PM
 AVERAGE    75

..........................................................


THE YOUNGSTOWN OH CLIMATE NORMALS FOR TODAY
                         NORMAL    RECORD    YEAR
 MAXIMUM TEMPERATURE (F)   80        93      1955
 MINIMUM TEMPERATURE (F)   58        45      1998
                                             1992
                                             1949


SUNRISE AND SUNSET
AUGUST 20 2015........SUNRISE   637 AM EDT   SUNSET   815 PM EDT
AUGUST 21 2015........SUNRISE   638 AM EDT   SUNSET   813 PM EDT


-  INDICATES NEGATIVE NUMBERS.
R  INDICATES RECORD WAS SET OR TIED.
MM INDICATES DATA IS MISSING.
T  INDICATES TRACE AMOUNT.




$$
