000
CDUS41 KCLE 040535
CLIYNG


CLIMATE REPORT
NATIONAL WEATHER SERVICE CLEVELAND OH
1234 AM EST TUE NOV 4 2014


...................................

...THE YOUNGSTOWN OH CLIMATE SUMMARY FOR NOVEMBER 3 2014...

CLIMATE NORMAL PERIOD 1981 TO 2010
CLIMATE RECORD PERIOD 1897 TO 2014


WEATHER ITEM   OBSERVED TIME   RECORD YEAR NORMAL DEPARTURE LAST
                VALUE   (LST)  VALUE       VALUE  FROM      YEAR
                                                  NORMAL
..................................................................
TEMPERATURE (F)
 YESTERDAY
  MAXIMUM         57    342 PM  80    1961  54      3       45
  MINIMUM         27   1206 AM  19    1991  37    -10       26
  AVERAGE         42                        46     -4       36

PRECIPITATION (IN)
  YESTERDAY        0.00                      0.10  -0.10     0.00
  MONTH TO DATE    0.01                      0.31  -0.30     0.32
  SINCE SEP 1      5.00                      6.83  -1.83     5.63
  SINCE JAN 1     34.56                     33.05   1.51    32.85

SNOWFALL (IN)
  YESTERDAY        0.0                       0.0    0.0      0.0
  MONTH TO DATE    0.0                       0.1   -0.1      0.0
  SINCE SEP 1      T                         0.9   -0.9      1.2
  SINCE JUL 1      T                         0.9   -0.9      1.2
  SNOW DEPTH       0

DEGREE DAYS
 HEATING
  YESTERDAY       23                        19      4       29
  MONTH TO DATE   78                        57     21       56
  SINCE SEP 1    607                       640    -33      576
  SINCE JUL 1    659                       678    -19      614

 COOLING
  YESTERDAY        0                         0      0        0
  MONTH TO DATE    0                         0      0        0
  SINCE SEP 1     56                        58     -2       78
  SINCE JAN 1    533                       544    -11      630
..................................................................


WIND (MPH)
  HIGHEST WIND SPEED    17   HIGHEST WIND DIRECTION     S (200)
  HIGHEST GUST SPEED    22   HIGHEST GUST DIRECTION    SW (220)
  AVERAGE WIND SPEED     8.8


SKY COVER
  POSSIBLE SUNSHINE  MM
  AVERAGE SKY COVER 0.4


WEATHER CONDITIONS
 THE FOLLOWING WEATHER WAS RECORDED YESTERDAY.
  NO SIGNIFICANT WEATHER WAS OBSERVED.


RELATIVE HUMIDITY (PERCENT)
 HIGHEST    85          1200 AM
 LOWEST     64           800 AM
 AVERAGE    75

..........................................................


THE YOUNGSTOWN OH CLIMATE NORMALS FOR TODAY
                         NORMAL    RECORD    YEAR
 MAXIMUM TEMPERATURE (F)   54        77      2003
 MINIMUM TEMPERATURE (F)   37        14      1991


SUNRISE AND SUNSET
NOVEMBER  4 2014......SUNRISE   658 AM EST   SUNSET   514 PM EST
NOVEMBER  5 2014......SUNRISE   659 AM EST   SUNSET   513 PM EST


-  INDICATES NEGATIVE NUMBERS.
R  INDICATES RECORD WAS SET OR TIED.
MM INDICATES DATA IS MISSING.
T  INDICATES TRACE AMOUNT.




$$
