000
CDUS41 KCLE 310539
CLIYNG


CLIMATE REPORT
NATIONAL WEATHER SERVICE CLEVELAND OH
1239 AM EST TUE JAN 31 2017


...................................

...THE YOUNGSTOWN OH CLIMATE SUMMARY FOR JANUARY 30 2017...

CLIMATE NORMAL PERIOD 1981 TO 2010
CLIMATE RECORD PERIOD 1897 TO 2017


WEATHER ITEM   OBSERVED TIME   RECORD YEAR NORMAL DEPARTURE LAST
                VALUE   (LST)  VALUE       VALUE  FROM      YEAR
                                                  NORMAL
..................................................................
TEMPERATURE (F)
 YESTERDAY
  MAXIMUM         25   1130 AM  64    2013  33     -8       53
  MINIMUM         20    926 PM  -8    1965  19      1       19
  AVERAGE         23                        26     -3       36

PRECIPITATION (IN)
  YESTERDAY        0.07                      0.07   0.00     0.00
  MONTH TO DATE    5.11                      2.47   2.64     1.41
  SINCE DEC 1      8.68                      5.46   3.22     5.60
  SINCE JAN 1      5.11                      2.47   2.64     1.41

SNOWFALL (IN)
  YESTERDAY        1.2                       0.5    0.7      0.0
  MONTH TO DATE   10.6                      16.1   -5.5     11.8
  SINCE DEC 1     33.9                      31.1    2.8     12.6
  SINCE JUL 1     38.3                      35.5    2.8     13.0
  SNOW DEPTH       3

DEGREE DAYS
 HEATING
  YESTERDAY       42                        39      3       29
  MONTH TO DATE  966                      1176   -210     1187
  SINCE DEC 1   2045                      2253   -208     1877
  SINCE JUL 1   3017                      3582   -565     2879

 COOLING
  YESTERDAY        0                         0      0        0
  MONTH TO DATE    0                         0      0        0
  SINCE DEC 1      0                         0      0        0
  SINCE JAN 1      0                         0      0        0
..................................................................


WIND (MPH)
  HIGHEST WIND SPEED    20   HIGHEST WIND DIRECTION     W (290)
  HIGHEST GUST SPEED    26   HIGHEST GUST DIRECTION    NW (300)
  AVERAGE WIND SPEED     8.9


SKY COVER
  POSSIBLE SUNSHINE  MM
  AVERAGE SKY COVER 1.0


WEATHER CONDITIONS
 THE FOLLOWING WEATHER WAS RECORDED YESTERDAY.
  HEAVY SNOW
  SNOW
  LIGHT SNOW
  FOG


RELATIVE HUMIDITY (PERCENT)
 HIGHEST    88          1200 AM
 LOWEST     50           200 PM
 AVERAGE    69

..........................................................


THE YOUNGSTOWN OH CLIMATE NORMALS FOR TODAY
                         NORMAL    RECORD    YEAR
 MAXIMUM TEMPERATURE (F)   33        61      2002
 MINIMUM TEMPERATURE (F)   19        -9      1948


SUNRISE AND SUNSET
JANUARY 31 2017.......SUNRISE   735 AM EST   SUNSET   538 PM EST
FEBRUARY  1 2017......SUNRISE   734 AM EST   SUNSET   540 PM EST


-  INDICATES NEGATIVE NUMBERS.
R  INDICATES RECORD WAS SET OR TIED.
MM INDICATES DATA IS MISSING.
T  INDICATES TRACE AMOUNT.




$$
