988
CDUS41 KCLE 160538
CLIYNG


CLIMATE REPORT
NATIONAL WEATHER SERVICE CLEVELAND OH
137 AM EDT SAT JUL 16 2016


...................................

...THE YOUNGSTOWN OH CLIMATE SUMMARY FOR JULY 15 2016...

CLIMATE NORMAL PERIOD 1981 TO 2010
CLIMATE RECORD PERIOD 1897 TO 2016


WEATHER ITEM   OBSERVED TIME   RECORD YEAR NORMAL DEPARTURE LAST
                VALUE   (LST)  VALUE       VALUE  FROM      YEAR
                                                  NORMAL
..................................................................
TEMPERATURE (F)
 YESTERDAY
  MAXIMUM         86    247 PM 102    1936  82      4       71
  MINIMUM         63   1115 PM  46    1960  60      3       52
  AVERAGE         75                        71      4       62

PRECIPITATION (IN)
  YESTERDAY        0.00                      0.14  -0.14     0.07
  MONTH TO DATE    1.84                      2.09  -0.25     3.23
  SINCE JUN 1      4.78                      5.97  -1.19    12.25
  SINCE JAN 1     19.88                     20.76  -0.88    27.23

SNOWFALL (IN)
  YESTERDAY        0.0                       0.0    0.0      0.0
  MONTH TO DATE    0.0                       0.0    0.0      0.0
  SINCE JUN 1      0.0                       0.0    0.0      0.0
  SINCE JUL 1      0.0                       0.0    0.0      0.0
  SNOW DEPTH       0

DEGREE DAYS
 HEATING
  YESTERDAY        0                         0      0        3
  MONTH TO DATE    6                         8     -2        5
  SINCE JUN 1     40                        77    -37       47
  SINCE JUL 1      6                         8     -2        5

 COOLING
  YESTERDAY       10                         6      4        0
  MONTH TO DATE  118                        90     28       56
  SINCE JUN 1    260                       200     60      166
  SINCE JAN 1    315                       239     76      278
..................................................................


WIND (MPH)
  HIGHEST WIND SPEED    22   HIGHEST WIND DIRECTION     W (250)
  HIGHEST GUST SPEED    28   HIGHEST GUST DIRECTION    SW (240)
  AVERAGE WIND SPEED     9.0


SKY COVER
  POSSIBLE SUNSHINE  MM
  AVERAGE SKY COVER 0.7


WEATHER CONDITIONS
 THE FOLLOWING WEATHER WAS RECORDED YESTERDAY.
  NO SIGNIFICANT WEATHER WAS OBSERVED.


RELATIVE HUMIDITY (PERCENT)
 HIGHEST    90           300 AM
 LOWEST     40           300 PM
 AVERAGE    65

..........................................................


THE YOUNGSTOWN OH CLIMATE NORMALS FOR TODAY
                         NORMAL    RECORD    YEAR
 MAXIMUM TEMPERATURE (F)   82       100      1988
 MINIMUM TEMPERATURE (F)   60        46      2015


SUNRISE AND SUNSET
JULY 16 2016..........SUNRISE   604 AM EDT   SUNSET   853 PM EDT
JULY 17 2016..........SUNRISE   605 AM EDT   SUNSET   853 PM EDT


-  INDICATES NEGATIVE NUMBERS.
R  INDICATES RECORD WAS SET OR TIED.
MM INDICATES DATA IS MISSING.
T  INDICATES TRACE AMOUNT.




$$
