000
CDUS41 KCLE 200526
CLIYNG


CLIMATE REPORT
NATIONAL WEATHER SERVICE CLEVELAND OH
125 AM EDT SAT JUN 20 2015


...................................

...THE YOUNGSTOWN OH CLIMATE SUMMARY FOR JUNE 19 2015...

CLIMATE NORMAL PERIOD 1981 TO 2010
CLIMATE RECORD PERIOD 1897 TO 2015


WEATHER ITEM   OBSERVED TIME   RECORD YEAR NORMAL DEPARTURE LAST
                VALUE   (LST)  VALUE       VALUE  FROM      YEAR
                                                  NORMAL
..................................................................
TEMPERATURE (F)
 YESTERDAY
  MAXIMUM         72   1242 PM  94    1994  79     -7       80
  MINIMUM         61    952 PM  44    2000  57      4       61
                                      1999
  AVERAGE         67                        68     -1       71

PRECIPITATION (IN)
  YESTERDAY        0.00                      0.12  -0.12     0.40
  MONTH TO DATE    5.06                      2.44   2.62     2.65
  SINCE JUN 1      5.06                      2.44   2.62     2.65
  SINCE JAN 1     20.04                     17.23   2.81    17.74

SNOWFALL (IN)
  YESTERDAY        0.0                       0.0    0.0      0.0
  MONTH TO DATE    0.0                       0.0    0.0      0.0
  SINCE JUN 1      0.0                       0.0    0.0      0.0
  SINCE JUL 1     79.0                      62.7   16.3     90.1
  SNOW DEPTH       0

DEGREE DAYS
 HEATING
  YESTERDAY        0                         2     -2        0
  MONTH TO DATE   32                        57    -25       28
  SINCE JUN 1     32                        57    -25       28
  SINCE JUL 1   6718                      6337    381     6855

 COOLING
  YESTERDAY        2                         4     -2        6
  MONTH TO DATE   79                        55     24       74
  SINCE JUN 1     79                        55     24       74
  SINCE JAN 1    191                        94     97      129
..................................................................


WIND (MPH)
  HIGHEST WIND SPEED    14   HIGHEST WIND DIRECTION     N (350)
  HIGHEST GUST SPEED    16   HIGHEST GUST DIRECTION     N (350)
  AVERAGE WIND SPEED     6.7


SKY COVER
  POSSIBLE SUNSHINE  MM
  AVERAGE SKY COVER 1.0


WEATHER CONDITIONS
 THE FOLLOWING WEATHER WAS RECORDED YESTERDAY.
  FOG


RELATIVE HUMIDITY (PERCENT)
 HIGHEST   100           600 AM
 LOWEST     68          1200 PM
 AVERAGE    84

..........................................................


THE YOUNGSTOWN OH CLIMATE NORMALS FOR TODAY
                         NORMAL    RECORD    YEAR
 MAXIMUM TEMPERATURE (F)   79        95      1933
 MINIMUM TEMPERATURE (F)   57        40      2004
                                             1970


SUNRISE AND SUNSET
JUNE 20 2015..........SUNRISE   550 AM EDT   SUNSET   859 PM EDT
JUNE 21 2015..........SUNRISE   550 AM EDT   SUNSET   859 PM EDT


-  INDICATES NEGATIVE NUMBERS.
R  INDICATES RECORD WAS SET OR TIED.
MM INDICATES DATA IS MISSING.
T  INDICATES TRACE AMOUNT.




$$
