000
CDUS41 KCLE 100532
CLIYNG


CLIMATE REPORT
NATIONAL WEATHER SERVICE CLEVELAND OH
1227 AM EST WED DEC 10 2014


...................................

...THE YOUNGSTOWN OH CLIMATE SUMMARY FOR DECEMBER 9 2014...

CLIMATE NORMAL PERIOD 1981 TO 2010
CLIMATE RECORD PERIOD 1897 TO 2014


WEATHER ITEM   OBSERVED TIME   RECORD YEAR NORMAL DEPARTURE LAST
                VALUE   (LST)  VALUE       VALUE  FROM      YEAR
                                                  NORMAL
..................................................................
TEMPERATURE (F)
 YESTERDAY
  MAXIMUM         45    159 PM  64    1952  38      7       35
  MINIMUM         35    825 AM  -2    1977  26      9       27
  AVERAGE         40                        32      8       31

PRECIPITATION (IN)
  YESTERDAY        T                         0.10  -0.10     0.03
  MONTH TO DATE    1.18                      0.91   0.27     0.50
  SINCE DEC 1      1.18                      0.91   0.27     0.50
  SINCE JAN 1     38.13                     36.83   1.30    36.11

SNOWFALL (IN)
  YESTERDAY        T                         0.4   -0.4       T
  MONTH TO DATE    T                         3.8   -3.8      3.3
  SINCE DEC 1      T                         3.8   -3.8      3.3
  SINCE JUL 1     11.6                       8.2    3.4     17.4
  SNOW DEPTH       0

DEGREE DAYS
 HEATING
  YESTERDAY       25                        33     -8       34
  MONTH TO DATE  268                       281    -13      277
  SINCE DEC 1    268                       281    -13      277
  SINCE JUL 1   1678                      1610     68     1659

 COOLING
  YESTERDAY        0                         0      0        0
  MONTH TO DATE    0                         0      0        0
  SINCE DEC 1      0                         0      0        0
  SINCE JAN 1    533                       544    -11      630
..................................................................


WIND (MPH)
  HIGHEST WIND SPEED    16   HIGHEST WIND DIRECTION     N (340)
  HIGHEST GUST SPEED    19   HIGHEST GUST DIRECTION     N (350)
  AVERAGE WIND SPEED     8.7


SKY COVER
  POSSIBLE SUNSHINE  MM
  AVERAGE SKY COVER 1.0


WEATHER CONDITIONS
 THE FOLLOWING WEATHER WAS RECORDED YESTERDAY.
  LIGHT RAIN
  SNOW
  FOG


RELATIVE HUMIDITY (PERCENT)
 HIGHEST    92          1000 PM
 LOWEST     64          1200 AM
 AVERAGE    78

..........................................................


THE YOUNGSTOWN OH CLIMATE NORMALS FOR TODAY
                         NORMAL    RECORD    YEAR
 MAXIMUM TEMPERATURE (F)   38        69      1971
 MINIMUM TEMPERATURE (F)   26        -5      1958


SUNRISE AND SUNSET
DECEMBER 10 2014......SUNRISE   737 AM EST   SUNSET   453 PM EST
DECEMBER 11 2014......SUNRISE   738 AM EST   SUNSET   454 PM EST


-  INDICATES NEGATIVE NUMBERS.
R  INDICATES RECORD WAS SET OR TIED.
MM INDICATES DATA IS MISSING.
T  INDICATES TRACE AMOUNT.




$$
