000
CDUS41 KCLE 290526
CLIYNG


CLIMATE REPORT
NATIONAL WEATHER SERVICE CLEVELAND OH
1225 AM EST THU JAN 29 2015


...................................

...THE YOUNGSTOWN OH CLIMATE SUMMARY FOR JANUARY 28 2015...

CLIMATE NORMAL PERIOD 1981 TO 2010
CLIMATE RECORD PERIOD 1897 TO 2015


WEATHER ITEM   OBSERVED TIME   RECORD YEAR NORMAL DEPARTURE LAST
                VALUE   (LST)  VALUE       VALUE  FROM      YEAR
                                                  NORMAL
..................................................................
TEMPERATURE (F)
 YESTERDAY
  MAXIMUM         27    315 PM  60    2002  33     -6        4
  MINIMUM         -1    711 AM -13    1977  19    -20      -12
  AVERAGE         13                        26    -13       -4

PRECIPITATION (IN)
  YESTERDAY        0.00                      0.08  -0.08     0.00
  MONTH TO DATE    2.75                      2.33   0.42     2.41
  SINCE DEC 1      5.07                      5.32  -0.25     5.93
  SINCE JAN 1      2.75                      2.33   0.42     2.41

SNOWFALL (IN)
  YESTERDAY        0.0                       0.6   -0.6      0.0
  MONTH TO DATE   25.6                      15.1   10.5     22.8
  SINCE DEC 1     26.3                      30.1   -3.8     43.3
  SINCE JUL 1     37.9                      34.5    3.4     57.4
  SNOW DEPTH       8

DEGREE DAYS
 HEATING
  YESTERDAY       52                        39     13       69
  MONTH TO DATE 1210                      1098    112     1256
  SINCE DEC 1   2143                      2175    -32     2318
  SINCE JUL 1   3553                      3504     49     3700

 COOLING
  YESTERDAY        0                         0      0        0
  MONTH TO DATE    0                         0      0        0
  SINCE DEC 1      0                         0      0        0
  SINCE JAN 1      0                         0      0        0
..................................................................


WIND (MPH)
  HIGHEST WIND SPEED    10   HIGHEST WIND DIRECTION    SE (150)
  HIGHEST GUST SPEED    15   HIGHEST GUST DIRECTION     S (160)
  AVERAGE WIND SPEED     3.8


SKY COVER
  POSSIBLE SUNSHINE  MM
  AVERAGE SKY COVER 0.3


WEATHER CONDITIONS
 THE FOLLOWING WEATHER WAS RECORDED YESTERDAY.
  FOG


RELATIVE HUMIDITY (PERCENT)
 HIGHEST    95           700 AM
 LOWEST     32           400 PM
 AVERAGE    64

..........................................................


THE YOUNGSTOWN OH CLIMATE NORMALS FOR TODAY
                         NORMAL    RECORD    YEAR
 MAXIMUM TEMPERATURE (F)   33        62      2002
 MINIMUM TEMPERATURE (F)   19       -12      1977


SUNRISE AND SUNSET
JANUARY 29 2015.......SUNRISE   737 AM EST   SUNSET   535 PM EST
JANUARY 30 2015.......SUNRISE   736 AM EST   SUNSET   536 PM EST


-  INDICATES NEGATIVE NUMBERS.
R  INDICATES RECORD WAS SET OR TIED.
MM INDICATES DATA IS MISSING.
T  INDICATES TRACE AMOUNT.




$$
