000
CDUS41 KCLE 240527
CLIYNG


CLIMATE REPORT
NATIONAL WEATHER SERVICE CLEVELAND OH
126 AM EDT THU APR 24 2014


...................................

...THE YOUNGSTOWN OH CLIMATE SUMMARY FOR APRIL 23 2014...

CLIMATE NORMAL PERIOD 1981 TO 2010
CLIMATE RECORD PERIOD 1897 TO 2014


WEATHER ITEM   OBSERVED TIME   RECORD YEAR NORMAL DEPARTURE LAST
                VALUE   (LST)  VALUE       VALUE  FROM      YEAR
                                                  NORMAL
..................................................................
TEMPERATURE (F)
 YESTERDAY
  MAXIMUM         49    426 PM  85    1985  62    -13       72
  MINIMUM         31   1159 PM  25    1986  40     -9       39
  AVERAGE         40                        51    -11       56

PRECIPITATION (IN)
  YESTERDAY        T                         0.11  -0.11     0.00
  MONTH TO DATE    2.66                      2.62   0.04     1.95
  SINCE MAR 1      4.60                      5.56  -0.96     4.66
  SINCE JAN 1      9.29                     10.26  -0.97     8.96

SNOWFALL (IN)
  YESTERDAY        0.0                       0.1   -0.1      0.0
  MONTH TO DATE    1.2                       2.9   -1.7      0.6
  SINCE MAR 1      9.1                      13.8   -4.7     20.5
  SINCE JUL 1     90.1                      62.6   27.5     80.9
  SNOW DEPTH       0

DEGREE DAYS
 HEATING
  YESTERDAY       25                        14     11        9
  MONTH TO DATE  365                       412    -47      403
  SINCE MAR 1   1443                      1288    155     1377
  SINCE JUL 1   6511                      5936    575     5819

 COOLING
  YESTERDAY        0                         0      0        0
  MONTH TO DATE    0                         0      0        7
  SINCE MAR 1      0                         1     -1        7
  SINCE JAN 1      0                         1     -1        7
..................................................................


WIND (MPH)
  HIGHEST WIND SPEED    23   HIGHEST WIND DIRECTION    NW (310)
  HIGHEST GUST SPEED    29   HIGHEST GUST DIRECTION    NW (310)
  AVERAGE WIND SPEED    11.8


SKY COVER
  POSSIBLE SUNSHINE  MM
  AVERAGE SKY COVER 0.8


WEATHER CONDITIONS
 THE FOLLOWING WEATHER WAS RECORDED YESTERDAY.
  LIGHT RAIN


RELATIVE HUMIDITY (PERCENT)
 HIGHEST    89           600 AM
 LOWEST     28           600 PM
 AVERAGE    59

..........................................................


THE YOUNGSTOWN OH CLIMATE NORMALS FOR TODAY
                         NORMAL    RECORD    YEAR
 MAXIMUM TEMPERATURE (F)   63        88      1897
 MINIMUM TEMPERATURE (F)   41        26      2003


SUNRISE AND SUNSET
APRIL 24 2014.........SUNRISE   630 AM EDT   SUNSET   812 PM EDT
APRIL 25 2014.........SUNRISE   628 AM EDT   SUNSET   814 PM EDT


-  INDICATES NEGATIVE NUMBERS.
R  INDICATES RECORD WAS SET OR TIED.
MM INDICATES DATA IS MISSING.
T  INDICATES TRACE AMOUNT.




$$
