000
CDUS41 KCLE 240528
CLIYNG


CLIMATE REPORT
NATIONAL WEATHER SERVICE CLEVELAND OH
1227 AM EST TUE JAN 24 2017


...................................

...THE YOUNGSTOWN OH CLIMATE SUMMARY FOR JANUARY 23 2017...

CLIMATE NORMAL PERIOD 1981 TO 2010
CLIMATE RECORD PERIOD 1897 TO 2017


WEATHER ITEM   OBSERVED TIME   RECORD YEAR NORMAL DEPARTURE LAST
                VALUE   (LST)  VALUE       VALUE  FROM      YEAR
                                                  NORMAL
..................................................................
TEMPERATURE (F)
 YESTERDAY
  MAXIMUM         52   1238 AM  67    1933  33     19       28
  MINIMUM         38   1159 PM -13    1963  19     19       10
  AVERAGE         45                        26     19       19

PRECIPITATION (IN)
  YESTERDAY        0.23                      0.08   0.15      T
  MONTH TO DATE    4.64                      1.95   2.69     1.27
  SINCE DEC 1      8.21                      4.94   3.27     5.46
  SINCE JAN 1      4.64                      1.95   2.69     1.27

SNOWFALL (IN)
  YESTERDAY        0.0                       0.5   -0.5       T
  MONTH TO DATE    5.7                      12.4   -6.7     10.1
  SINCE DEC 1     29.0                      27.4    1.6     10.9
  SINCE JUL 1     33.4                      31.8    1.6     11.3
  SNOW DEPTH       0

DEGREE DAYS
 HEATING
  YESTERDAY       20                        39    -19       46
  MONTH TO DATE  737                       903   -166      945
  SINCE DEC 1   1816                      1980   -164     1635
  SINCE JUL 1   2788                      3309   -521     2637

 COOLING
  YESTERDAY        0                         0      0        0
  MONTH TO DATE    0                         0      0        0
  SINCE DEC 1      0                         0      0        0
  SINCE JAN 1      0                         0      0        0
..................................................................


WIND (MPH)
  HIGHEST WIND SPEED    18   HIGHEST WIND DIRECTION    SE (120)
  HIGHEST GUST SPEED    25   HIGHEST GUST DIRECTION     E (90)
  AVERAGE WIND SPEED     9.6


SKY COVER
  POSSIBLE SUNSHINE  MM
  AVERAGE SKY COVER 1.0


WEATHER CONDITIONS
 THE FOLLOWING WEATHER WAS RECORDED YESTERDAY.
  LIGHT RAIN
  FOG


RELATIVE HUMIDITY (PERCENT)
 HIGHEST    96           700 PM
 LOWEST     77          1200 AM
 AVERAGE    87

..........................................................


THE YOUNGSTOWN OH CLIMATE NORMALS FOR TODAY
                         NORMAL    RECORD    YEAR
 MAXIMUM TEMPERATURE (F)   33        61      1950
 MINIMUM TEMPERATURE (F)   19       -18      1963


SUNRISE AND SUNSET
JANUARY 24 2017.......SUNRISE   741 AM EST   SUNSET   530 PM EST
JANUARY 25 2017.......SUNRISE   740 AM EST   SUNSET   531 PM EST


-  INDICATES NEGATIVE NUMBERS.
R  INDICATES RECORD WAS SET OR TIED.
MM INDICATES DATA IS MISSING.
T  INDICATES TRACE AMOUNT.




$$
