990
CDUS41 KCLE 190525
CLIYNG


CLIMATE REPORT
NATIONAL WEATHER SERVICE CLEVELAND OH
1225 AM EST FRI JAN 19 2018


...................................

...THE YOUNGSTOWN OH CLIMATE SUMMARY FOR JANUARY 18 2018...

CLIMATE NORMAL PERIOD 1981 TO 2010
CLIMATE RECORD PERIOD 1897 TO 2018


WEATHER ITEM   OBSERVED TIME   RECORD YEAR NORMAL DEPARTURE LAST
                VALUE   (LST)  VALUE       VALUE  FROM      YEAR
                                                  NORMAL
..................................................................
TEMPERATURE (F)
 YESTERDAY
  MAXIMUM         26    457 PM  61    1996  32     -6       46
  MINIMUM          8    824 AM -18    1994  19    -11       37
  AVERAGE         17                        26     -9       42

PRECIPITATION (IN)
  YESTERDAY        0.00                      0.09  -0.09     0.03
  MONTH TO DATE    2.30                      1.55   0.75     4.01
  SINCE DEC 1      4.41                      4.54  -0.13     7.58
  SINCE JAN 1      2.30                      1.55   0.75     4.01

SNOWFALL (IN)
  YESTERDAY        0.0                       0.6   -0.6      0.0
  MONTH TO DATE   17.9                       9.8    8.1      5.7
  SINCE DEC 1     36.9                      24.8   12.1     29.0
  SINCE JUL 1     37.9                      29.2    8.7     33.4
  SNOW DEPTH       7

DEGREE DAYS
 HEATING
  YESTERDAY       48                        40      8       23
  MONTH TO DATE  857                       707    150      636
  SINCE DEC 1   2008                      1784    224     1715
  SINCE JUL 1   3106                      3113     -7     2687

 COOLING
  YESTERDAY        0                         0      0        0
  MONTH TO DATE    0                         0      0        0
  SINCE DEC 1      0                         0      0        0
  SINCE JAN 1      0                         0      0        0
..................................................................


WIND (MPH)
  HIGHEST WIND SPEED    21   HIGHEST WIND DIRECTION    SW (220)
  HIGHEST GUST SPEED    27   HIGHEST GUST DIRECTION     W (250)
  AVERAGE WIND SPEED    13.1


SKY COVER
  POSSIBLE SUNSHINE  MM
  AVERAGE SKY COVER 0.1


WEATHER CONDITIONS
 THE FOLLOWING WEATHER WAS RECORDED YESTERDAY.
  NO SIGNIFICANT WEATHER WAS OBSERVED.


RELATIVE HUMIDITY (PERCENT)
 HIGHEST    80          1200 AM
 LOWEST     50           400 PM
 AVERAGE    65

..........................................................


THE YOUNGSTOWN OH CLIMATE NORMALS FOR TODAY
                         NORMAL    RECORD    YEAR
 MAXIMUM TEMPERATURE (F)   32        61      1933
 MINIMUM TEMPERATURE (F)   19       -22      1994


SUNRISE AND SUNSET
JANUARY 19 2018.......SUNRISE   744 AM EST   SUNSET   523 PM EST
JANUARY 20 2018.......SUNRISE   743 AM EST   SUNSET   524 PM EST


-  INDICATES NEGATIVE NUMBERS.
R  INDICATES RECORD WAS SET OR TIED.
MM INDICATES DATA IS MISSING.
T  INDICATES TRACE AMOUNT.




$$
