000
CDUS41 KCLE 280527
CLIYNG


CLIMATE REPORT
NATIONAL WEATHER SERVICE CLEVELAND OH
126 AM EDT SAT MAY 28 2016


...................................

...THE YOUNGSTOWN OH CLIMATE SUMMARY FOR MAY 27 2016...

CLIMATE NORMAL PERIOD 1981 TO 2010
CLIMATE RECORD PERIOD 1897 TO 2016


WEATHER ITEM   OBSERVED TIME   RECORD YEAR NORMAL DEPARTURE LAST
                VALUE   (LST)  VALUE       VALUE  FROM      YEAR
                                                  NORMAL
..................................................................
TEMPERATURE (F)
 YESTERDAY
  MAXIMUM         86    353 PM  92    1939  72     14       82
  MINIMUM         65    505 AM  30    1969  50     15       62
  AVERAGE         76                        61     15       72

PRECIPITATION (IN)
  YESTERDAY        0.00                      0.13  -0.13     1.47
  MONTH TO DATE    2.29                      3.27  -0.98     2.81
  SINCE MAR 1      9.91                      9.57   0.34     8.02
  SINCE JAN 1     15.10                     14.27   0.83    13.25

SNOWFALL (IN)
  YESTERDAY        0.0                       0.0    0.0      0.0
  MONTH TO DATE    0.2                       0.0    0.2      0.0
  SINCE MAR 1     13.3                      13.9   -0.6      9.5
  SINCE JUL 1     44.9                      62.7  -17.8     79.0
  SNOW DEPTH       0

DEGREE DAYS
 HEATING
  YESTERDAY        0                         6     -6        0
  MONTH TO DATE  246                       232     14      133
  SINCE MAR 1   1405                      1611   -206     1564
  SINCE JUL 1   5253                      6259  -1006     6682

 COOLING
  YESTERDAY       11                         2      9        7
  MONTH TO DATE   27                        22      5       95
  SINCE MAR 1     27                        31     -4       95
  SINCE JAN 1     27                        31     -4       95
..................................................................


WIND (MPH)
  HIGHEST WIND SPEED    17   HIGHEST WIND DIRECTION    SW (230)
  HIGHEST GUST SPEED    22   HIGHEST GUST DIRECTION    SW (230)
  AVERAGE WIND SPEED     7.1


SKY COVER
  POSSIBLE SUNSHINE  MM
  AVERAGE SKY COVER 0.8


WEATHER CONDITIONS
 THE FOLLOWING WEATHER WAS RECORDED YESTERDAY.
  NO SIGNIFICANT WEATHER WAS OBSERVED.


RELATIVE HUMIDITY (PERCENT)
 HIGHEST    93           400 AM
 LOWEST     44           200 PM
 AVERAGE    69

..........................................................


THE YOUNGSTOWN OH CLIMATE NORMALS FOR TODAY
                         NORMAL    RECORD    YEAR
 MAXIMUM TEMPERATURE (F)   72        90      2012
 MINIMUM TEMPERATURE (F)   50        34      1992


SUNRISE AND SUNSET
MAY 28 2016...........SUNRISE   554 AM EDT   SUNSET   847 PM EDT
MAY 29 2016...........SUNRISE   553 AM EDT   SUNSET   847 PM EDT


-  INDICATES NEGATIVE NUMBERS.
R  INDICATES RECORD WAS SET OR TIED.
MM INDICATES DATA IS MISSING.
T  INDICATES TRACE AMOUNT.




$$
