000
CDUS41 KCLE 290535
CLIYNG


CLIMATE REPORT
NATIONAL WEATHER SERVICE CLEVELAND OH
134 AM EDT MON MAY 29 2017


...................................

...THE YOUNGSTOWN OH CLIMATE SUMMARY FOR MAY 28 2017...

CLIMATE NORMAL PERIOD 1981 TO 2010
CLIMATE RECORD PERIOD 1897 TO 2017


WEATHER ITEM   OBSERVED TIME   RECORD YEAR NORMAL DEPARTURE LAST
                VALUE   (LST)  VALUE       VALUE  FROM      YEAR
                                                  NORMAL
..................................................................
TEMPERATURE (F)
 YESTERDAY
  MAXIMUM         79    509 PM  90    2012  72      7       88
  MINIMUM         52    345 AM  34    1992  50      2       63
  AVERAGE         66                        61      5       76

PRECIPITATION (IN)
  YESTERDAY        0.71                      0.13   0.58      T
  MONTH TO DATE    4.41                      3.40   1.01     2.29
  SINCE MAR 1     13.29                      9.70   3.59     9.91
  SINCE JAN 1     21.17                     14.40   6.77    15.10

SNOWFALL (IN)
  YESTERDAY        0.0                       0.0    0.0      0.0
  MONTH TO DATE    0.0                       0.0    0.0      0.2
  SINCE MAR 1     22.1                      13.9    8.2     13.3
  SINCE JUL 1     69.5                      62.7    6.8     44.9
  SNOW DEPTH       0

DEGREE DAYS
 HEATING
  YESTERDAY        0                         5     -5        0
  MONTH TO DATE  249                       237     12      246
  SINCE MAR 1   1430                      1616   -186     1405
  SINCE JUL 1   5214                      6264  -1050     5253

 COOLING
  YESTERDAY        1                         2     -1       11
  MONTH TO DATE   26                        24      2       38
  SINCE MAR 1     42                        33      9       38
  SINCE JAN 1     42                        33      9       38
..................................................................


WIND (MPH)
  HIGHEST WIND SPEED    29   HIGHEST WIND DIRECTION     W (270)
  HIGHEST GUST SPEED    39   HIGHEST GUST DIRECTION     W (270)
  AVERAGE WIND SPEED     7.4


SKY COVER
  POSSIBLE SUNSHINE  MM
  AVERAGE SKY COVER 0.9


WEATHER CONDITIONS
 THE FOLLOWING WEATHER WAS RECORDED YESTERDAY.
  THUNDERSTORM
  HEAVY RAIN
  RAIN
  LIGHT RAIN
  FOG


RELATIVE HUMIDITY (PERCENT)
 HIGHEST    93          1200 AM
 LOWEST     64          1000 AM
 AVERAGE    79

..........................................................


THE YOUNGSTOWN OH CLIMATE NORMALS FOR TODAY
                         NORMAL    RECORD    YEAR
 MAXIMUM TEMPERATURE (F)   72        91      1942
 MINIMUM TEMPERATURE (F)   50        34      2004


SUNRISE AND SUNSET
MAY 29 2017...........SUNRISE   553 AM EDT   SUNSET   847 PM EDT
MAY 30 2017...........SUNRISE   553 AM EDT   SUNSET   848 PM EDT


-  INDICATES NEGATIVE NUMBERS.
R  INDICATES RECORD WAS SET OR TIED.
MM INDICATES DATA IS MISSING.
T  INDICATES TRACE AMOUNT.




$$
