000
CDUS41 KCLE 240526
CLIYNG


CLIMATE REPORT
NATIONAL WEATHER SERVICE CLEVELAND OH
1225 AM EST FRI NOV 24 2017


...................................

...THE YOUNGSTOWN OH CLIMATE SUMMARY FOR NOVEMBER 23 2017...

CLIMATE NORMAL PERIOD 1981 TO 2010
CLIMATE RECORD PERIOD 1897 TO 2017


WEATHER ITEM   OBSERVED TIME   RECORD YEAR NORMAL DEPARTURE LAST
                VALUE   (LST)  VALUE       VALUE  FROM      YEAR
                                                  NORMAL
..................................................................
TEMPERATURE (F)
 YESTERDAY
  MAXIMUM         39    209 PM  74    1931  46     -7       40
  MINIMUM         26    819 AM   4    1971  32     -6       21
  AVERAGE         33                        39     -6       31

PRECIPITATION (IN)
  YESTERDAY        0.00                      0.11  -0.11     0.03
  MONTH TO DATE    5.28                      2.43   2.85     1.17
  SINCE SEP 1      8.99                      8.95   0.04    11.48
  SINCE JAN 1     41.71                     35.17   6.54    39.98

SNOWFALL (IN)
  YESTERDAY        0.0                       0.2   -0.2      0.0
  MONTH TO DATE    1.0                       2.1   -1.1      4.4
  SINCE SEP 1      1.0                       2.9   -1.9      4.4
  SINCE JUL 1      1.0                       2.9   -1.9      4.4
  SNOW DEPTH       0

DEGREE DAYS
 HEATING
  YESTERDAY       32                        26      6       34
  MONTH TO DATE  568                       512     56      448
  SINCE SEP 1    933                      1095   -162      813
  SINCE JUL 1    949                      1133   -184      819

 COOLING
  YESTERDAY        0                         0      0        0
  MONTH TO DATE    0                         0      0        3
  SINCE SEP 1    125                        58     67      136
  SINCE JAN 1    658                       544    114      879
..................................................................


WIND (MPH)
  HIGHEST WIND SPEED    13   HIGHEST WIND DIRECTION    SW (220)
  HIGHEST GUST SPEED    16   HIGHEST GUST DIRECTION    SW (230)
  AVERAGE WIND SPEED     6.4


SKY COVER
  POSSIBLE SUNSHINE  MM
  AVERAGE SKY COVER 1.0


WEATHER CONDITIONS
 THE FOLLOWING WEATHER WAS RECORDED YESTERDAY.
  NO SIGNIFICANT WEATHER WAS OBSERVED.


RELATIVE HUMIDITY (PERCENT)
 HIGHEST    75           200 AM
 LOWEST     50           200 PM
 AVERAGE    63

..........................................................


THE YOUNGSTOWN OH CLIMATE NORMALS FOR TODAY
                         NORMAL    RECORD    YEAR
 MAXIMUM TEMPERATURE (F)   45        69      1931
 MINIMUM TEMPERATURE (F)   32         8      1950


SUNRISE AND SUNSET
NOVEMBER 24 2017......SUNRISE   722 AM EST   SUNSET   457 PM EST
NOVEMBER 25 2017......SUNRISE   723 AM EST   SUNSET   457 PM EST


-  INDICATES NEGATIVE NUMBERS.
R  INDICATES RECORD WAS SET OR TIED.
MM INDICATES DATA IS MISSING.
T  INDICATES TRACE AMOUNT.




$$
