000
CDUS41 KCLE 250545
CLIYNG


CLIMATE REPORT
NATIONAL WEATHER SERVICE CLEVELAND OH
145 AM EDT MON SEP 25 2017


...................................

...THE YOUNGSTOWN OH CLIMATE SUMMARY FOR SEPTEMBER 24 2017...

CLIMATE NORMAL PERIOD 1981 TO 2010
CLIMATE RECORD PERIOD 1897 TO 2017


WEATHER ITEM   OBSERVED TIME   RECORD YEAR NORMAL DEPARTURE LAST
                VALUE   (LST)  VALUE       VALUE  FROM      YEAR
                                                  NORMAL
..................................................................
TEMPERATURE (F)
 YESTERDAY
  MAXIMUM         91R   404 PM  91    1936  69     22       71
  MINIMUM         59    420 AM  32    1995  49     10       49
  AVERAGE         75                        59     16       60

PRECIPITATION (IN)
  YESTERDAY        0.00                      0.12  -0.12     0.00
  MONTH TO DATE    0.78                      3.04  -2.26     2.39
  SINCE SEP 1      0.78                      3.04  -2.26     2.39
  SINCE JAN 1     33.50                     29.26   4.24    30.89

SNOWFALL (IN)
  YESTERDAY        0.0                       0.0    0.0      0.0
  MONTH TO DATE    0.0                       0.0    0.0      0.0
  SINCE SEP 1      0.0                       0.0    0.0      0.0
  SINCE JUL 1      0.0                       0.0    0.0      0.0
  SNOW DEPTH       0

DEGREE DAYS
 HEATING
  YESTERDAY        0                         7     -7        5
  MONTH TO DATE   70                        96    -26       15
  SINCE SEP 1     70                        96    -26       15
  SINCE JUL 1     86                       134    -48       21

 COOLING
  YESTERDAY       10                         1      9        0
  MONTH TO DATE   70                        46     24      116
  SINCE SEP 1     70                        46     24      116
  SINCE JAN 1    603                       532     71      859
..................................................................


WIND (MPH)
  HIGHEST WIND SPEED    13   HIGHEST WIND DIRECTION     E (90)
  HIGHEST GUST SPEED    16   HIGHEST GUST DIRECTION    NE (50)
  AVERAGE WIND SPEED     5.2


SKY COVER
  POSSIBLE SUNSHINE  MM
  AVERAGE SKY COVER 0.1


WEATHER CONDITIONS
 THE FOLLOWING WEATHER WAS RECORDED YESTERDAY.
  FOG


RELATIVE HUMIDITY (PERCENT)
 HIGHEST   100           100 AM
 LOWEST     41           200 PM
 AVERAGE    71

..........................................................


THE YOUNGSTOWN OH CLIMATE NORMALS FOR TODAY
                         NORMAL    RECORD    YEAR
 MAXIMUM TEMPERATURE (F)   69        91      2007
 MINIMUM TEMPERATURE (F)   48        35      1976
                                             1967


SUNRISE AND SUNSET
SEPTEMBER 25 2017.....SUNRISE   713 AM EDT   SUNSET   714 PM EDT
SEPTEMBER 26 2017.....SUNRISE   714 AM EDT   SUNSET   713 PM EDT


-  INDICATES NEGATIVE NUMBERS.
R  INDICATES RECORD WAS SET OR TIED.
MM INDICATES DATA IS MISSING.
T  INDICATES TRACE AMOUNT.




$$
