000
CDUS41 KCLE 252118
CLIYNG


CLIMATE REPORT
NATIONAL WEATHER SERVICE CLEVELAND OH
518 PM EDT MON MAY 25 2015


...................................

...THE YOUNGSTOWN OH CLIMATE SUMMARY FOR MAY 25 2015...
VALID TODAY AS OF 0500 PM LOCAL TIME.

CLIMATE NORMAL PERIOD 1981 TO 2010
CLIMATE RECORD PERIOD 1897 TO 2015


WEATHER ITEM   OBSERVED TIME   RECORD YEAR NORMAL DEPARTURE LAST
                VALUE   (LST)  VALUE       VALUE  FROM      YEAR
                                                  NORMAL
..................................................................
TEMPERATURE (F)
 TODAY
  MAXIMUM         84    220 PM  94    1932  71     13       78
  MINIMUM         59    252 AM  30    2013  49     10       45
                                      1956
  AVERAGE         72                        60     12       62

PRECIPITATION (IN)
  TODAY            0.00                      0.13  -0.13     0.00
  MONTH TO DATE    1.26                      3.02  -1.76     3.46
  SINCE MAR 1      6.47                      9.32  -2.85    10.31
  SINCE JAN 1     11.70                     14.02  -2.32    15.00

SNOWFALL (IN)
  TODAY            0.0                       0.0    0.0      0.0
  MONTH TO DATE    0.0                       0.0    0.0       T
  SINCE MAR 1      9.5                      13.9   -4.4      9.1
  SINCE JUL 1     79.0                      62.7   16.3     90.1
  SNOW DEPTH       0

DEGREE DAYS
 HEATING
  TODAY            0                         6     -6        3
  MONTH TO DATE  133                       220    -87      201
  SINCE MAR 1   1564                      1599    -35     1755
  SINCE JUL 1   6682                      6247    435     6823

 COOLING
  TODAY            7                         1      6        0
  MONTH TO DATE   78                        18     60       37
  SINCE MAR 1     78                        27     51       37
  SINCE JAN 1     78                        27     51       37
..................................................................


WIND (MPH)
  HIGHEST WIND SPEED    20   HIGHEST WIND DIRECTION     S (200)
  HIGHEST GUST SPEED    27   HIGHEST GUST DIRECTION     S (190)


SKY COVER
  POSSIBLE SUNSHINE  MM
  AVERAGE SKY COVER 0.7


WEATHER CONDITIONS
 THE FOLLOWING WEATHER WAS RECORDED TODAY.
  NO SIGNIFICANT WEATHER WAS OBSERVED.


RELATIVE HUMIDITY (PERCENT)
 HIGHEST    67           600 AM
 LOWEST     44          1200 AM
 AVERAGE    56

..........................................................


THE YOUNGSTOWN OH CLIMATE NORMALS FOR TOMORROW
                         NORMAL    RECORD    YEAR
 MAXIMUM TEMPERATURE (F)   72        87      1939
 MINIMUM TEMPERATURE (F)   50        30      1988


SUNRISE AND SUNSET
MAY 25 2015...........SUNRISE   556 AM EDT   SUNSET   844 PM EDT
MAY 26 2015...........SUNRISE   555 AM EDT   SUNSET   844 PM EDT


-  INDICATES NEGATIVE NUMBERS.
R  INDICATES RECORD WAS SET OR TIED.
MM INDICATES DATA IS MISSING.
T  INDICATES TRACE AMOUNT.




$$
