819
CDUS41 KCLE 220545
CLIYNG


CLIMATE REPORT
NATIONAL WEATHER SERVICE CLEVELAND OH
145 AM EDT SUN OCT 22 2017


...................................

...THE YOUNGSTOWN OH CLIMATE SUMMARY FOR OCTOBER 21 2017...

CLIMATE NORMAL PERIOD 1981 TO 2010
CLIMATE RECORD PERIOD 1897 TO 2017


WEATHER ITEM   OBSERVED TIME   RECORD YEAR NORMAL DEPARTURE LAST
                VALUE   (LST)  VALUE       VALUE  FROM      YEAR
                                                  NORMAL
..................................................................
TEMPERATURE (F)
 YESTERDAY
  MAXIMUM         73    414 PM  80    2007  59     14       54
                                      1979
                                      1947
  MINIMUM         40    543 AM  21    1952  40      0       45
  AVERAGE         57                        50      7       50

PRECIPITATION (IN)
  YESTERDAY        0.00                      0.08  -0.08     0.81
  MONTH TO DATE    1.72                      1.90  -0.18     5.27
  SINCE SEP 1      2.66                      5.65  -2.99     9.47
  SINCE JAN 1     35.38                     31.87   3.51    37.97

SNOWFALL (IN)
  YESTERDAY        0.0                       0.0    0.0      0.0
  MONTH TO DATE    0.0                       0.3   -0.3      0.0
  SINCE SEP 1      0.0                       0.3   -0.3      0.0
  SINCE JUL 1      0.0                       0.3   -0.3      0.0
  SNOW DEPTH       0

DEGREE DAYS
 HEATING
  YESTERDAY        8                        16     -8       15
  MONTH TO DATE   92                       268   -176      152
  SINCE SEP 1    190                       413   -223      192
  SINCE JUL 1    206                       451   -245      198

 COOLING
  YESTERDAY        0                         0      0        0
  MONTH TO DATE   22                         3     19       17
  SINCE SEP 1    125                        55     70      133
  SINCE JAN 1    658                       541    117      876
..................................................................


WIND (MPH)
  HIGHEST WIND SPEED    10   HIGHEST WIND DIRECTION     S (160)
  HIGHEST GUST SPEED    15   HIGHEST GUST DIRECTION    SE (140)
  AVERAGE WIND SPEED     5.8


SKY COVER
  POSSIBLE SUNSHINE  MM
  AVERAGE SKY COVER 0.5


WEATHER CONDITIONS
 THE FOLLOWING WEATHER WAS RECORDED YESTERDAY.
  NO SIGNIFICANT WEATHER WAS OBSERVED.


RELATIVE HUMIDITY (PERCENT)
 HIGHEST    89           200 AM
 LOWEST     41           100 PM
 AVERAGE    65

..........................................................


THE YOUNGSTOWN OH CLIMATE NORMALS FOR TODAY
                         NORMAL    RECORD    YEAR
 MAXIMUM TEMPERATURE (F)   59        80      1979
                                             1947
 MINIMUM TEMPERATURE (F)   40        28      1992


SUNRISE AND SUNSET
OCTOBER 22 2017.......SUNRISE   743 AM EDT   SUNSET   631 PM EDT
OCTOBER 23 2017.......SUNRISE   744 AM EDT   SUNSET   630 PM EDT


-  INDICATES NEGATIVE NUMBERS.
R  INDICATES RECORD WAS SET OR TIED.
MM INDICATES DATA IS MISSING.
T  INDICATES TRACE AMOUNT.




$$
