000
CDUS41 KCLE 050546
CLIYNG


CLIMATE REPORT
NATIONAL WEATHER SERVICE CLEVELAND OH
145 AM EDT SUN JUL 5 2015


...................................

...THE YOUNGSTOWN OH CLIMATE SUMMARY FOR JULY 4 2015...

CLIMATE NORMAL PERIOD 1981 TO 2010
CLIMATE RECORD PERIOD 1897 TO 2015


WEATHER ITEM   OBSERVED TIME   RECORD YEAR NORMAL DEPARTURE LAST
                VALUE   (LST)  VALUE       VALUE  FROM      YEAR
                                                  NORMAL
..................................................................
TEMPERATURE (F)
 YESTERDAY
  MAXIMUM         78    352 PM  99    1897  81     -3       72
  MINIMUM         54   1159 PM  42    1968  59     -5       53
  AVERAGE         66                        70     -4       63

PRECIPITATION (IN)
  YESTERDAY        0.00                      0.13  -0.13     0.00
  MONTH TO DATE    0.20                      0.54  -0.34     0.68
  SINCE JUN 1      9.22                      4.42   4.80     5.48
  SINCE JAN 1     24.20                     19.21   4.99    20.57

SNOWFALL (IN)
  YESTERDAY        0.0                       0.0    0.0      0.0
  MONTH TO DATE    0.0                       0.0    0.0      0.0
  SINCE JUN 1      0.0                       0.0    0.0      0.0
  SINCE JUL 1      0.0                       0.0    0.0      0.0
  SNOW DEPTH       0

DEGREE DAYS
 HEATING
  YESTERDAY        0                         1     -1        2
  MONTH TO DATE    2                         4     -2        2
  SINCE JUN 1     44                        73    -29       30
  SINCE JUL 1      2                         4     -2        2

 COOLING
  YESTERDAY        1                         6     -5        0
  MONTH TO DATE    4                        24    -20       29
  SINCE JUN 1    114                       134    -20      182
  SINCE JAN 1    226                       173     53      237
..................................................................


WIND (MPH)
  HIGHEST WIND SPEED    13   HIGHEST WIND DIRECTION     N (340)
  HIGHEST GUST SPEED    17   HIGHEST GUST DIRECTION    NW (300)
  AVERAGE WIND SPEED     5.4


SKY COVER
  POSSIBLE SUNSHINE  MM
  AVERAGE SKY COVER 0.3


WEATHER CONDITIONS
 THE FOLLOWING WEATHER WAS RECORDED YESTERDAY.
  NO SIGNIFICANT WEATHER WAS OBSERVED.


RELATIVE HUMIDITY (PERCENT)
 HIGHEST    90           400 AM
 LOWEST     39           300 PM
 AVERAGE    65

..........................................................


THE YOUNGSTOWN OH CLIMATE NORMALS FOR TODAY
                         NORMAL    RECORD    YEAR
 MAXIMUM TEMPERATURE (F)   81        97      1897
 MINIMUM TEMPERATURE (F)   59        44      1979


SUNRISE AND SUNSET
JULY  5 2015..........SUNRISE   555 AM EDT   SUNSET   859 PM EDT
JULY  6 2015..........SUNRISE   556 AM EDT   SUNSET   858 PM EDT


-  INDICATES NEGATIVE NUMBERS.
R  INDICATES RECORD WAS SET OR TIED.
MM INDICATES DATA IS MISSING.
T  INDICATES TRACE AMOUNT.




$$
