000
CDUS41 KCLE 140531
CLIYNG


CLIMATE REPORT
NATIONAL WEATHER SERVICE CLEVELAND OH
1231 AM EST SUN JAN 14 2018


...................................

...THE YOUNGSTOWN OH CLIMATE SUMMARY FOR JANUARY 13 2018...

CLIMATE NORMAL PERIOD 1981 TO 2010
CLIMATE RECORD PERIOD 1897 TO 2018


WEATHER ITEM   OBSERVED TIME   RECORD YEAR NORMAL DEPARTURE LAST
                VALUE   (LST)  VALUE       VALUE  FROM      YEAR
                                                  NORMAL
..................................................................
TEMPERATURE (F)
 YESTERDAY
  MAXIMUM         18   1255 AM  68    2005  32    -14       33
  MINIMUM          5   1159 PM -13    1977  19    -14       24
  AVERAGE         12                        26    -14       29

PRECIPITATION (IN)
  YESTERDAY        0.14                      0.08   0.06     0.00
  MONTH TO DATE    2.06                      1.13   0.93     3.39
  SINCE DEC 1      4.17                      4.12   0.05     6.96
  SINCE JAN 1      2.06                      1.13   0.93     3.39

SNOWFALL (IN)
  YESTERDAY        2.9                       0.5    2.4      0.0
  MONTH TO DATE   13.4                       6.9    6.5      5.7
  SINCE DEC 1     32.4                      21.9   10.5     29.0
  SINCE JUL 1     33.4                      26.3    7.1     33.4
  SNOW DEPTH       7

DEGREE DAYS
 HEATING
  YESTERDAY       53                        39     14       36
  MONTH TO DATE  594                       507     87      485
  SINCE DEC 1   1745                      1584    161     1564
  SINCE JUL 1   2843                      2913    -70     2536

 COOLING
  YESTERDAY        0                         0      0        0
  MONTH TO DATE    0                         0      0        0
  SINCE DEC 1      0                         0      0        0
  SINCE JAN 1      0                         0      0        0
..................................................................


WIND (MPH)
  HIGHEST WIND SPEED    26   HIGHEST WIND DIRECTION     N (350)
  HIGHEST GUST SPEED    34   HIGHEST GUST DIRECTION     N (340)
  AVERAGE WIND SPEED    14.4


SKY COVER
  POSSIBLE SUNSHINE  MM
  AVERAGE SKY COVER 0.8


WEATHER CONDITIONS
 THE FOLLOWING WEATHER WAS RECORDED YESTERDAY.
  SNOW
  LIGHT SNOW
  BLOWING SNOW


RELATIVE HUMIDITY (PERCENT)
 HIGHEST    88           300 AM
 LOWEST     61           100 PM
 AVERAGE    75

..........................................................


THE YOUNGSTOWN OH CLIMATE NORMALS FOR TODAY
                         NORMAL    RECORD    YEAR
 MAXIMUM TEMPERATURE (F)   32        69      1932
 MINIMUM TEMPERATURE (F)   19        -6      1964


SUNRISE AND SUNSET
JANUARY 14 2018.......SUNRISE   746 AM EST   SUNSET   517 PM EST
JANUARY 15 2018.......SUNRISE   746 AM EST   SUNSET   519 PM EST


-  INDICATES NEGATIVE NUMBERS.
R  INDICATES RECORD WAS SET OR TIED.
MM INDICATES DATA IS MISSING.
T  INDICATES TRACE AMOUNT.




$$
