000
CDUS41 KCLE 280526
CLIYNG


CLIMATE REPORT
NATIONAL WEATHER SERVICE CLEVELAND OH
125 AM EDT MON JUL 28 2014


...................................

...THE YOUNGSTOWN OH CLIMATE SUMMARY FOR JULY 27 2014...

CLIMATE NORMAL PERIOD 1981 TO 2010
CLIMATE RECORD PERIOD 1897 TO 2014


WEATHER ITEM   OBSERVED TIME   RECORD YEAR NORMAL DEPARTURE LAST
                VALUE   (LST)  VALUE       VALUE  FROM      YEAR
                                                  NORMAL
..................................................................
TEMPERATURE (F)
 YESTERDAY
  MAXIMUM         82   1244 PM  97    1941  81      1       72
  MINIMUM         60   1110 PM  47    1977  60      0       58
  AVERAGE         71                        70      1       65

PRECIPITATION (IN)
  YESTERDAY        0.62                      0.13   0.49     0.17
  MONTH TO DATE    3.12                      3.79  -0.67     7.45
  SINCE JUN 1      7.92                      7.67   0.25    12.82
  SINCE JAN 1     23.01                     22.46   0.55    24.59

SNOWFALL (IN)
  YESTERDAY        0.0                       0.0    0.0      0.0
  MONTH TO DATE    0.0                       0.0    0.0      0.0
  SINCE JUN 1      0.0                       0.0    0.0       T
  SINCE JUL 1      0.0                       0.0    0.0      0.0
  SNOW DEPTH       0

DEGREE DAYS
 HEATING
  YESTERDAY        0                         0      0        0
  MONTH TO DATE   21                         8     13        8
  SINCE JUN 1     49                        77    -28       64
  SINCE JUL 1     21                         8     13        8

 COOLING
  YESTERDAY        6                         6      0        0
  MONTH TO DATE  126                       162    -36      220
  SINCE JUN 1    279                       272      7      338
  SINCE JAN 1    334                       311     23      426
..................................................................


WIND (MPH)
  HIGHEST WIND SPEED    17   HIGHEST WIND DIRECTION     N (360)
  HIGHEST GUST SPEED    26   HIGHEST GUST DIRECTION     W (270)
  AVERAGE WIND SPEED     7.2


SKY COVER
  POSSIBLE SUNSHINE  MM
  AVERAGE SKY COVER 0.9


WEATHER CONDITIONS
 THE FOLLOWING WEATHER WAS RECORDED YESTERDAY.
  THUNDERSTORM
  HEAVY RAIN
  RAIN
  LIGHT RAIN
  FOG
  HAZE


RELATIVE HUMIDITY (PERCENT)
 HIGHEST    97           700 AM
 LOWEST     67          1100 AM
 AVERAGE    82

..........................................................


THE YOUNGSTOWN OH CLIMATE NORMALS FOR TODAY
                         NORMAL    RECORD    YEAR
 MAXIMUM TEMPERATURE (F)   81       100      1941
 MINIMUM TEMPERATURE (F)   60        49      1991
                                             1985


SUNRISE AND SUNSET
JULY 28 2014..........SUNRISE   614 AM EDT   SUNSET   844 PM EDT
JULY 29 2014..........SUNRISE   615 AM EDT   SUNSET   843 PM EDT


-  INDICATES NEGATIVE NUMBERS.
R  INDICATES RECORD WAS SET OR TIED.
MM INDICATES DATA IS MISSING.
T  INDICATES TRACE AMOUNT.




$$
