222
CDUS41 KCLE 180534
CLIYNG


CLIMATE REPORT
NATIONAL WEATHER SERVICE CLEVELAND OH
1234 AM EST WED JAN 18 2017


...................................

...THE YOUNGSTOWN OH CLIMATE SUMMARY FOR JANUARY 17 2017...

CLIMATE NORMAL PERIOD 1981 TO 2010
CLIMATE RECORD PERIOD 1897 TO 2017


WEATHER ITEM   OBSERVED TIME   RECORD YEAR NORMAL DEPARTURE LAST
                VALUE   (LST)  VALUE       VALUE  FROM      YEAR
                                                  NORMAL
..................................................................
TEMPERATURE (F)
 YESTERDAY
  MAXIMUM         59R   333 PM  58    1952  32     27       30
  MINIMUM         38    151 AM -19    1982  19     19        7
  AVERAGE         49                        26     23       19

PRECIPITATION (IN)
  YESTERDAY        0.52                      0.08   0.44     0.04
  MONTH TO DATE    3.98                      1.46   2.52     1.17
  SINCE DEC 1      7.55                      4.45   3.10     5.36
  SINCE JAN 1      3.98                      1.46   2.52     1.17

SNOWFALL (IN)
  YESTERDAY        0.0                       0.5   -0.5      0.8
  MONTH TO DATE    5.7                       9.2   -3.5      7.5
  SINCE DEC 1     29.0                      24.2    4.8      8.3
  SINCE JUL 1     33.4                      28.6    4.8      8.7
  SNOW DEPTH       0

DEGREE DAYS
 HEATING
  YESTERDAY       16                        40    -24       46
  MONTH TO DATE  613                       667    -54      640
  SINCE DEC 1   1692                      1744    -52     1330
  SINCE JUL 1   2664                      3073   -409     2332

 COOLING
  YESTERDAY        0                         0      0        0
  MONTH TO DATE    0                         0      0        0
  SINCE DEC 1      0                         0      0        0
  SINCE JAN 1      0                         0      0        0
..................................................................


WIND (MPH)
  HIGHEST WIND SPEED    17   HIGHEST WIND DIRECTION     W (270)
  HIGHEST GUST SPEED    23   HIGHEST GUST DIRECTION     W (270)
  AVERAGE WIND SPEED    10.6


SKY COVER
  POSSIBLE SUNSHINE  MM
  AVERAGE SKY COVER 1.0


WEATHER CONDITIONS
 THE FOLLOWING WEATHER WAS RECORDED YESTERDAY.
  RAIN
  LIGHT RAIN
  FOG


RELATIVE HUMIDITY (PERCENT)
 HIGHEST    96           600 AM
 LOWEST     71           600 PM
 AVERAGE    84

..........................................................


THE YOUNGSTOWN OH CLIMATE NORMALS FOR TODAY
                         NORMAL    RECORD    YEAR
 MAXIMUM TEMPERATURE (F)   32        61      1996
 MINIMUM TEMPERATURE (F)   19       -18      1994


SUNRISE AND SUNSET
JANUARY 18 2017.......SUNRISE   744 AM EST   SUNSET   522 PM EST
JANUARY 19 2017.......SUNRISE   744 AM EST   SUNSET   523 PM EST


-  INDICATES NEGATIVE NUMBERS.
R  INDICATES RECORD WAS SET OR TIED.
MM INDICATES DATA IS MISSING.
T  INDICATES TRACE AMOUNT.




$$
