000
CDUS41 KCLE 250545
CLIYNG


CLIMATE REPORT
NATIONAL WEATHER SERVICE CLEVELAND OH
145 AM EDT SAT OCT 25 2014


...................................

...THE YOUNGSTOWN OH CLIMATE SUMMARY FOR OCTOBER 24 2014...

CLIMATE NORMAL PERIOD 1981 TO 2010
CLIMATE RECORD PERIOD 1897 TO 2014


WEATHER ITEM   OBSERVED TIME   RECORD YEAR NORMAL DEPARTURE LAST
                VALUE   (LST)  VALUE       VALUE  FROM      YEAR
                                                  NORMAL
..................................................................
TEMPERATURE (F)
 YESTERDAY
  MAXIMUM         61    410 PM  80    1963  58      3       43
  MINIMUM         33    612 AM  20    1969  39     -6       32
  AVERAGE         47                        49     -2       38

PRECIPITATION (IN)
  YESTERDAY        0.00                      0.09  -0.09     0.08
  MONTH TO DATE    2.92                      2.16   0.76     2.62
  SINCE SEP 1      4.82                      5.91  -1.09     4.83
  SINCE JAN 1     34.38                     32.13   2.25    32.05

SNOWFALL (IN)
  YESTERDAY        0.0                       0.1   -0.1      0.8
  MONTH TO DATE    T                         0.5   -0.5      0.8
  SINCE SEP 1      T                         0.5   -0.5      0.8
  SINCE JUL 1      T                         0.5   -0.5      0.8
  SNOW DEPTH       0

DEGREE DAYS
 HEATING
  YESTERDAY       18                        16      2       27
  MONTH TO DATE  294                       316    -22      233
  SINCE SEP 1    435                       461    -26      384
  SINCE JUL 1    487                       499    -12      422

 COOLING
  YESTERDAY        0                         0      0        0
  MONTH TO DATE    3                         3      0       21
  SINCE SEP 1     56                        55      1       78
  SINCE JAN 1    533                       541     -8      630
..................................................................


WIND (MPH)
  HIGHEST WIND SPEED    13   HIGHEST WIND DIRECTION     W (250)
  HIGHEST GUST SPEED    15   HIGHEST GUST DIRECTION     W (260)
  AVERAGE WIND SPEED     3.0


SKY COVER
  POSSIBLE SUNSHINE  MM
  AVERAGE SKY COVER 0.5


WEATHER CONDITIONS
 THE FOLLOWING WEATHER WAS RECORDED YESTERDAY.
  FOG


RELATIVE HUMIDITY (PERCENT)
 HIGHEST   100           500 AM
 LOWEST     42           200 PM
 AVERAGE    71

..........................................................


THE YOUNGSTOWN OH CLIMATE NORMALS FOR TODAY
                         NORMAL    RECORD    YEAR
 MAXIMUM TEMPERATURE (F)   58        81      2012
 MINIMUM TEMPERATURE (F)   39        26      1987


SUNRISE AND SUNSET
OCTOBER 25 2014.......SUNRISE   746 AM EDT   SUNSET   627 PM EDT
OCTOBER 26 2014.......SUNRISE   747 AM EDT   SUNSET   626 PM EDT


-  INDICATES NEGATIVE NUMBERS.
R  INDICATES RECORD WAS SET OR TIED.
MM INDICATES DATA IS MISSING.
T  INDICATES TRACE AMOUNT.




$$
