000
CDUS41 KCLE 180545
CLIYNG


CLIMATE REPORT
NATIONAL WEATHER SERVICE CLEVELAND OH
145 AM EDT SAT OCT 18 2014


...................................

...THE YOUNGSTOWN OH CLIMATE SUMMARY FOR OCTOBER 17 2014...

CLIMATE NORMAL PERIOD 1981 TO 2010
CLIMATE RECORD PERIOD 1897 TO 2014


WEATHER ITEM   OBSERVED TIME   RECORD YEAR NORMAL DEPARTURE LAST
                VALUE   (LST)  VALUE       VALUE  FROM      YEAR
                                                  NORMAL
..................................................................
TEMPERATURE (F)
 YESTERDAY
  MAXIMUM         67    218 PM  83    1938  60      7       60
  MINIMUM         53   1159 PM  26    1991  41     12       43
  AVERAGE         60                        51      9       52

PRECIPITATION (IN)
  YESTERDAY        0.02                      0.08  -0.06     0.41
  MONTH TO DATE    1.87                      1.57   0.30     2.05
  SINCE SEP 1      3.77                      5.32  -1.55     4.26
  SINCE JAN 1     33.33                     31.54   1.79    31.48

SNOWFALL (IN)
  YESTERDAY        0.0                       0.0    0.0      0.0
  MONTH TO DATE    T                         0.2   -0.2      0.0
  SINCE SEP 1      T                         0.2   -0.2      0.0
  SINCE JUL 1      T                         0.2   -0.2      0.0
  SNOW DEPTH       0

DEGREE DAYS
 HEATING
  YESTERDAY        5                        14     -9       13
  MONTH TO DATE  175                       207    -32       97
  SINCE SEP 1    316                       352    -36      248
  SINCE JUL 1    368                       390    -22      286

 COOLING
  YESTERDAY        0                         0      0        0
  MONTH TO DATE    3                         3      0       21
  SINCE SEP 1     56                        55      1       78
  SINCE JAN 1    533                       541     -8      630
..................................................................


WIND (MPH)
  HIGHEST WIND SPEED    21   HIGHEST WIND DIRECTION    SW (230)
  HIGHEST GUST SPEED    29   HIGHEST GUST DIRECTION     W (280)
  AVERAGE WIND SPEED    11.3


SKY COVER
  POSSIBLE SUNSHINE  MM
  AVERAGE SKY COVER 0.9


WEATHER CONDITIONS
 THE FOLLOWING WEATHER WAS RECORDED YESTERDAY.
  LIGHT RAIN
  FOG


RELATIVE HUMIDITY (PERCENT)
 HIGHEST    93           200 AM
 LOWEST     56           900 PM
 AVERAGE    75

..........................................................


THE YOUNGSTOWN OH CLIMATE NORMALS FOR TODAY
                         NORMAL    RECORD    YEAR
 MAXIMUM TEMPERATURE (F)   60        84      1938
 MINIMUM TEMPERATURE (F)   41        25      1972


SUNRISE AND SUNSET
OCTOBER 18 2014.......SUNRISE   738 AM EDT   SUNSET   637 PM EDT
OCTOBER 19 2014.......SUNRISE   739 AM EDT   SUNSET   636 PM EDT


-  INDICATES NEGATIVE NUMBERS.
R  INDICATES RECORD WAS SET OR TIED.
MM INDICATES DATA IS MISSING.
T  INDICATES TRACE AMOUNT.




$$
