300
CDUS41 KCLE 250530
CLIYNG


CLIMATE REPORT
NATIONAL WEATHER SERVICE CLEVELAND OH
126 AM EDT MON JUL 25 2016


...................................

...THE YOUNGSTOWN OH CLIMATE SUMMARY FOR JULY 24 2016...

CLIMATE NORMAL PERIOD 1981 TO 2010
CLIMATE RECORD PERIOD 1897 TO 2016


WEATHER ITEM   OBSERVED TIME   RECORD YEAR NORMAL DEPARTURE LAST
                VALUE   (LST)  VALUE       VALUE  FROM      YEAR
                                                  NORMAL
..................................................................
TEMPERATURE (F)
 YESTERDAY
  MAXIMUM         88   1226 PM 100    1934  81      7       84
  MINIMUM         61    522 AM  49    1953  60      1       56
  AVERAGE         75                        71      4       70

PRECIPITATION (IN)
  YESTERDAY        0.24                      0.14   0.10     0.00
  MONTH TO DATE    2.98                      3.39  -0.41     4.00
  SINCE JUN 1      5.92                      7.27  -1.35    13.02
  SINCE JAN 1     21.02                     22.06  -1.04    28.00

SNOWFALL (IN)
  YESTERDAY        0.0                       0.0    0.0      0.0
  MONTH TO DATE    0.0                       0.0    0.0      0.0
  SINCE JUN 1      0.0                       0.0    0.0      0.0
  SINCE JUL 1      0.0                       0.0    0.0      0.0
  SNOW DEPTH       0

DEGREE DAYS
 HEATING
  YESTERDAY        0                         0      0        0
  MONTH TO DATE    6                         8     -2        7
  SINCE JUN 1     40                        77    -37       49
  SINCE JUL 1      6                         8     -2        7

 COOLING
  YESTERDAY       10                         6      4        5
  MONTH TO DATE  191                       144     47      113
  SINCE JUN 1    333                       254     79      223
  SINCE JAN 1    388                       293     95      335
..................................................................


WIND (MPH)
  HIGHEST WIND SPEED    16   HIGHEST WIND DIRECTION     W (270)
  HIGHEST GUST SPEED    21   HIGHEST GUST DIRECTION     W (260)
  AVERAGE WIND SPEED     4.7


SKY COVER
  POSSIBLE SUNSHINE  MM
  AVERAGE SKY COVER 0.6


WEATHER CONDITIONS
 THE FOLLOWING WEATHER WAS RECORDED YESTERDAY.
  THUNDERSTORM
  LIGHT RAIN
  FOG


RELATIVE HUMIDITY (PERCENT)
 HIGHEST    93           300 AM
 LOWEST     40          1100 AM
 AVERAGE    67

..........................................................


THE YOUNGSTOWN OH CLIMATE NORMALS FOR TODAY
                         NORMAL    RECORD    YEAR
 MAXIMUM TEMPERATURE (F)   81        97      1934
 MINIMUM TEMPERATURE (F)   60        44      1953


SUNRISE AND SUNSET
JULY 25 2016..........SUNRISE   612 AM EDT   SUNSET   846 PM EDT
JULY 26 2016..........SUNRISE   613 AM EDT   SUNSET   845 PM EDT


-  INDICATES NEGATIVE NUMBERS.
R  INDICATES RECORD WAS SET OR TIED.
MM INDICATES DATA IS MISSING.
T  INDICATES TRACE AMOUNT.




$$
