000
CDUS41 KCLE 230539
CLIYNG


CLIMATE REPORT
NATIONAL WEATHER SERVICE CLEVELAND OH
139 AM EDT THU MAR 23 2017


...................................

...THE YOUNGSTOWN OH CLIMATE SUMMARY FOR MARCH 22 2017...

CLIMATE NORMAL PERIOD 1981 TO 2010
CLIMATE RECORD PERIOD 1897 TO 2017


WEATHER ITEM   OBSERVED TIME   RECORD YEAR NORMAL DEPARTURE LAST
                VALUE   (LST)  VALUE       VALUE  FROM      YEAR
                                                  NORMAL
..................................................................
TEMPERATURE (F)
 YESTERDAY
  MAXIMUM         33    248 PM  81    2012  48    -15       58
  MINIMUM         19   1159 PM   6    1988  30    -11       31
  AVERAGE         26                        39    -13       45

PRECIPITATION (IN)
  YESTERDAY        T                         0.10  -0.10     0.00
  MONTH TO DATE    2.98                      2.01   0.97     2.38
  SINCE MAR 1      2.98                      2.01   0.97     2.38
  SINCE JAN 1     10.86                      6.71   4.15     7.57

SNOWFALL (IN)
  YESTERDAY        T                         0.3   -0.3      0.0
  MONTH TO DATE   20.1                       8.5   11.6      4.3
  SINCE MAR 1     20.1                       8.5   11.6      4.3
  SINCE JUL 1     67.5                      57.3   10.2     35.9
  SNOW DEPTH       0

DEGREE DAYS
 HEATING
  YESTERDAY       39                        26     13       20
  MONTH TO DATE  732                       660     72      488
  SINCE MAR 1    732                       660     72      488
  SINCE JUL 1   4516                      5308   -792     4336

 COOLING
  YESTERDAY        0                         0      0        0
  MONTH TO DATE    0                         0      0        0
  SINCE MAR 1      0                         0      0        0
  SINCE JAN 1      0                         0      0        0
..................................................................


WIND (MPH)
  HIGHEST WIND SPEED    26   HIGHEST WIND DIRECTION     N (340)
  HIGHEST GUST SPEED    34   HIGHEST GUST DIRECTION     N (360)
  AVERAGE WIND SPEED    14.1


SKY COVER
  POSSIBLE SUNSHINE  MM
  AVERAGE SKY COVER 0.5


WEATHER CONDITIONS
 THE FOLLOWING WEATHER WAS RECORDED YESTERDAY.
  LIGHT SNOW


RELATIVE HUMIDITY (PERCENT)
 HIGHEST    68           500 AM
 LOWEST     36           200 PM
 AVERAGE    52

..........................................................


THE YOUNGSTOWN OH CLIMATE NORMALS FOR TODAY
                         NORMAL    RECORD    YEAR
 MAXIMUM TEMPERATURE (F)   49        82      1938
 MINIMUM TEMPERATURE (F)   30        10      1940


SUNRISE AND SUNSET
MARCH 23 2017.........SUNRISE   721 AM EDT   SUNSET   738 PM EDT
MARCH 24 2017.........SUNRISE   719 AM EDT   SUNSET   739 PM EDT


-  INDICATES NEGATIVE NUMBERS.
R  INDICATES RECORD WAS SET OR TIED.
MM INDICATES DATA IS MISSING.
T  INDICATES TRACE AMOUNT.




$$
