000
CDUS41 KCLE 260530
CLIYNG


CLIMATE REPORT
NATIONAL WEATHER SERVICE CLEVELAND OH
1230 AM EST MON JAN 26 2015


...................................

...THE YOUNGSTOWN OH CLIMATE SUMMARY FOR JANUARY 25 2015...

CLIMATE NORMAL PERIOD 1981 TO 2010
CLIMATE RECORD PERIOD 1897 TO 2015


WEATHER ITEM   OBSERVED TIME   RECORD YEAR NORMAL DEPARTURE LAST
                VALUE   (LST)  VALUE       VALUE  FROM      YEAR
                                                  NORMAL
..................................................................
TEMPERATURE (F)
 YESTERDAY
  MAXIMUM         33    808 AM  71    1950  33      0       27
  MINIMUM         19   1159 PM -15    1897  19      0       10
  AVERAGE         26                        26      0       19

PRECIPITATION (IN)
  YESTERDAY        0.12                      0.08   0.04     0.25
  MONTH TO DATE    2.55                      2.10   0.45     2.34
  SINCE DEC 1      4.87                      5.09  -0.22     5.86
  SINCE JAN 1      2.55                      2.10   0.45     2.34

SNOWFALL (IN)
  YESTERDAY        2.0                       0.5    1.5      5.5
  MONTH TO DATE   20.8                      13.5    7.3     21.0
  SINCE DEC 1     21.5                      28.5   -7.0     41.5
  SINCE JUL 1     33.1                      32.9    0.2     55.6
  SNOW DEPTH       4

DEGREE DAYS
 HEATING
  YESTERDAY       39                        39      0       46
  MONTH TO DATE 1064                       981     83     1094
  SINCE DEC 1   1997                      2058    -61     2156
  SINCE JUL 1   3407                      3387     20     3538

 COOLING
  YESTERDAY        0                         0      0        0
  MONTH TO DATE    0                         0      0        0
  SINCE DEC 1      0                         0      0        0
  SINCE JAN 1      0                         0      0        0
..................................................................


WIND (MPH)
  HIGHEST WIND SPEED    15   HIGHEST WIND DIRECTION    NE (30)
  HIGHEST GUST SPEED    19   HIGHEST GUST DIRECTION    NE (30)
  AVERAGE WIND SPEED     8.9


SKY COVER
  POSSIBLE SUNSHINE  MM
  AVERAGE SKY COVER 1.0


WEATHER CONDITIONS
 THE FOLLOWING WEATHER WAS RECORDED YESTERDAY.
  LT FREEZING RAIN
  LIGHT SNOW
  FOG


RELATIVE HUMIDITY (PERCENT)
 HIGHEST    96           600 AM
 LOWEST     78          1200 PM
 AVERAGE    87

..........................................................


THE YOUNGSTOWN OH CLIMATE NORMALS FOR TODAY
                         NORMAL    RECORD    YEAR
 MAXIMUM TEMPERATURE (F)   33        67      1950
 MINIMUM TEMPERATURE (F)   19        -5      1897


SUNRISE AND SUNSET
JANUARY 26 2015.......SUNRISE   739 AM EST   SUNSET   531 PM EST
JANUARY 27 2015.......SUNRISE   739 AM EST   SUNSET   533 PM EST


-  INDICATES NEGATIVE NUMBERS.
R  INDICATES RECORD WAS SET OR TIED.
MM INDICATES DATA IS MISSING.
T  INDICATES TRACE AMOUNT.




$$
