000
CDUS41 KCLE 210527
CLIYNG


CLIMATE REPORT
NATIONAL WEATHER SERVICE CLEVELAND OH
1227 AM EST WED JAN 21 2015


...................................

...THE YOUNGSTOWN OH CLIMATE SUMMARY FOR JANUARY 20 2015...

CLIMATE NORMAL PERIOD 1981 TO 2010
CLIMATE RECORD PERIOD 1897 TO 2015


WEATHER ITEM   OBSERVED TIME   RECORD YEAR NORMAL DEPARTURE LAST
                VALUE   (LST)  VALUE       VALUE  FROM      YEAR
                                                  NORMAL
..................................................................
TEMPERATURE (F)
 YESTERDAY
  MAXIMUM         31    512 PM  61    1951  32     -1       34
  MINIMUM         22   1156 PM -20    1985  19      3       18
  AVERAGE         27                        26      1       26

PRECIPITATION (IN)
  YESTERDAY        0.04                      0.08  -0.04     0.03
  MONTH TO DATE    2.23                      1.71   0.52     2.04
  SINCE DEC 1      4.55                      4.70  -0.15     5.56
  SINCE JAN 1      2.23                      1.71   0.52     2.04

SNOWFALL (IN)
  YESTERDAY        0.4                       0.5   -0.1      0.3
  MONTH TO DATE   16.3                      10.8    5.5     14.3
  SINCE DEC 1     17.0                      25.8   -8.8     34.8
  SINCE JUL 1     28.6                      30.2   -1.6     48.9
  SNOW DEPTH       3

DEGREE DAYS
 HEATING
  YESTERDAY       38                        39     -1       39
  MONTH TO DATE  870                       786     84      812
  SINCE DEC 1   1803                      1863    -60     1874
  SINCE JUL 1   3213                      3192     21     3256

 COOLING
  YESTERDAY        0                         0      0        0
  MONTH TO DATE    0                         0      0        0
  SINCE DEC 1      0                         0      0        0
  SINCE JAN 1      0                         0      0        0
..................................................................


WIND (MPH)
  HIGHEST WIND SPEED     9   HIGHEST WIND DIRECTION    NE (40)
  HIGHEST GUST SPEED    10   HIGHEST GUST DIRECTION    NE (50)
  AVERAGE WIND SPEED     4.5


SKY COVER
  POSSIBLE SUNSHINE  MM
  AVERAGE SKY COVER 1.0


WEATHER CONDITIONS
 THE FOLLOWING WEATHER WAS RECORDED YESTERDAY.
  LIGHT SNOW
  FOG


RELATIVE HUMIDITY (PERCENT)
 HIGHEST    85           500 AM
 LOWEST     75          1200 AM
 AVERAGE    80

..........................................................


THE YOUNGSTOWN OH CLIMATE NORMALS FOR TODAY
                         NORMAL    RECORD    YEAR
 MAXIMUM TEMPERATURE (F)   32        59      1959
 MINIMUM TEMPERATURE (F)   19       -20      1985


SUNRISE AND SUNSET
JANUARY 21 2015.......SUNRISE   743 AM EST   SUNSET   525 PM EST
JANUARY 22 2015.......SUNRISE   742 AM EST   SUNSET   526 PM EST


-  INDICATES NEGATIVE NUMBERS.
R  INDICATES RECORD WAS SET OR TIED.
MM INDICATES DATA IS MISSING.
T  INDICATES TRACE AMOUNT.




$$
