000
CDUS41 KCLE 170537
CLIYNG


CLIMATE REPORT
NATIONAL WEATHER SERVICE CLEVELAND OH
126 AM EDT THU APR 17 2014


...................................

...THE YOUNGSTOWN OH CLIMATE SUMMARY FOR APRIL 16 2014...

CLIMATE NORMAL PERIOD 1981 TO 2010
CLIMATE RECORD PERIOD 1897 TO 2014


WEATHER ITEM   OBSERVED TIME   RECORD YEAR NORMAL DEPARTURE LAST
                VALUE   (LST)  VALUE       VALUE  FROM      YEAR
                                                  NORMAL
..................................................................
TEMPERATURE (F)
 YESTERDAY
  MAXIMUM         43    406 PM  85    2002  59    -16       73
  MINIMUM         18R   622 AM  21    1980  38    -20       49
                                      1935
  AVERAGE         31                        49    -18       61

PRECIPITATION (IN)
  YESTERDAY        T                         0.12  -0.12     0.04
  MONTH TO DATE    2.49                      1.85   0.64     1.83
  SINCE MAR 1      4.43                      4.79  -0.36     4.54
  SINCE JAN 1      9.12                      9.49  -0.37     8.84

SNOWFALL (IN)
  YESTERDAY        T                         0.1   -0.1      0.0
  MONTH TO DATE    1.2                       2.5   -1.3      0.6
  SINCE MAR 1      9.1                      13.4   -4.3     20.5
  SINCE JUL 1     90.1                      62.2   27.9     80.9
  SNOW DEPTH       T

DEGREE DAYS
 HEATING
  YESTERDAY       34                        16     18        4
  MONTH TO DATE  272                       307    -35      303
  SINCE MAR 1   1350                      1183    167     1277
  SINCE JUL 1   6418                      5831    587     5719

 COOLING
  YESTERDAY        0                         0      0        0
  MONTH TO DATE    0                         0      0        0
  SINCE MAR 1      0                         1     -1        0
  SINCE JAN 1      0                         1     -1        0
..................................................................


WIND (MPH)
  HIGHEST WIND SPEED    13   HIGHEST WIND DIRECTION     E (110)
  HIGHEST GUST SPEED    16   HIGHEST GUST DIRECTION     E (100)
  AVERAGE WIND SPEED     3.7


SKY COVER
  POSSIBLE SUNSHINE  MM
  AVERAGE SKY COVER 0.5


WEATHER CONDITIONS
 THE FOLLOWING WEATHER WAS RECORDED YESTERDAY.
  LIGHT SNOW
  FOG


RELATIVE HUMIDITY (PERCENT)
 HIGHEST    92           700 AM
 LOWEST     33           500 PM
 AVERAGE    63

..........................................................


THE YOUNGSTOWN OH CLIMATE NORMALS FOR TODAY
                         NORMAL    RECORD    YEAR
 MAXIMUM TEMPERATURE (F)   60        84      2002
                                             1976
 MINIMUM TEMPERATURE (F)   39        18      1980


SUNRISE AND SUNSET
APRIL 17 2014.........SUNRISE   640 AM EDT   SUNSET   805 PM EDT
APRIL 18 2014.........SUNRISE   639 AM EDT   SUNSET   806 PM EDT


-  INDICATES NEGATIVE NUMBERS.
R  INDICATES RECORD WAS SET OR TIED.
MM INDICATES DATA IS MISSING.
T  INDICATES TRACE AMOUNT.




$$
