819
CDUS41 KCLE 212110
CLIYNG


CLIMATE REPORT
NATIONAL WEATHER SERVICE CLEVELAND OH
510 PM EDT SUN MAY 21 2017


...................................

...THE YOUNGSTOWN OH CLIMATE SUMMARY FOR MAY 21 2017...
VALID TODAY AS OF 0500 PM LOCAL TIME.

CLIMATE NORMAL PERIOD 1981 TO 2010
CLIMATE RECORD PERIOD 1897 TO 2017


WEATHER ITEM   OBSERVED TIME   RECORD YEAR NORMAL DEPARTURE LAST
                VALUE   (LST)  VALUE       VALUE  FROM      YEAR
                                                  NORMAL
..................................................................
TEMPERATURE (F)
 TODAY
  MAXIMUM         75   1148 AM  89    1934  70      5       59
  MINIMUM         57    217 AM  32    2002  48      9       47
  AVERAGE         66                        59      7       53

PRECIPITATION (IN)
  TODAY            0.27                      0.13   0.14     0.43
  MONTH TO DATE    2.48                      2.49  -0.01     2.29
  SINCE MAR 1     11.36                      8.79   2.57     9.91
  SINCE JAN 1     19.24                     13.49   5.75    15.10

SNOWFALL (IN)
  TODAY            0.0                       0.0    0.0      0.0
  MONTH TO DATE    0.0                       0.0    0.0      0.2
  SINCE MAR 1     22.1                      13.9    8.2     13.3
  SINCE JUL 1     69.5                      62.7    6.8     44.9
  SNOW DEPTH       0

DEGREE DAYS
 HEATING
  TODAY            0                         7     -7       12
  MONTH TO DATE  219                       194     25      232
  SINCE MAR 1   1400                      1573   -173     1391
  SINCE JUL 1   5184                      6221  -1037     5239

 COOLING
  TODAY            1                         1      0        0
  MONTH TO DATE   25                        14     11        0
  SINCE MAR 1     41                        23     18        0
  SINCE JAN 1     41                        23     18        0
..................................................................


WIND (MPH)
  HIGHEST WIND SPEED    17   HIGHEST WIND DIRECTION    SE (120)
  HIGHEST GUST SPEED    23   HIGHEST GUST DIRECTION    SE (150)


SKY COVER
  POSSIBLE SUNSHINE  MM
  AVERAGE SKY COVER 0.9


WEATHER CONDITIONS
 THE FOLLOWING WEATHER WAS RECORDED TODAY.
  LIGHT RAIN
  FOG


RELATIVE HUMIDITY (PERCENT)
 HIGHEST    93           200 PM
 LOWEST     68          1100 AM
 AVERAGE    81

..........................................................


THE YOUNGSTOWN OH CLIMATE NORMALS FOR TOMORROW
                         NORMAL    RECORD    YEAR
 MAXIMUM TEMPERATURE (F)   70        92      1941
 MINIMUM TEMPERATURE (F)   48        30      2002


SUNRISE AND SUNSET
MAY 21 2017...........SUNRISE   559 AM EDT   SUNSET   840 PM EDT
MAY 22 2017...........SUNRISE   558 AM EDT   SUNSET   841 PM EDT


-  INDICATES NEGATIVE NUMBERS.
R  INDICATES RECORD WAS SET OR TIED.
MM INDICATES DATA IS MISSING.
T  INDICATES TRACE AMOUNT.




$$
