000
CDUS41 KCLE 130527
CLIYNG


CLIMATE REPORT
NATIONAL WEATHER SERVICE CLEVELAND OH
127 AM EDT SUN APR 13 2014


...................................

...THE YOUNGSTOWN OH CLIMATE SUMMARY FOR APRIL 12 2014...

CLIMATE NORMAL PERIOD 1981 TO 2010
CLIMATE RECORD PERIOD 1897 TO 2014


WEATHER ITEM   OBSERVED TIME   RECORD YEAR NORMAL DEPARTURE LAST
                VALUE   (LST)  VALUE       VALUE  FROM      YEAR
                                                  NORMAL
..................................................................
TEMPERATURE (F)
 YESTERDAY
  MAXIMUM         71    516 PM  83    2001  58     13       58
  MINIMUM         39    639 AM  19    1975  37      2       39
                                      1967
  AVERAGE         55                        47      8       49

PRECIPITATION (IN)
  YESTERDAY        0.00                      0.12  -0.12     0.37
  MONTH TO DATE    2.13                      1.39   0.74     1.79
  SINCE MAR 1      4.07                      4.33  -0.26     4.50
  SINCE JAN 1      8.76                      9.03  -0.27     8.80

SNOWFALL (IN)
  YESTERDAY        0.0                       0.1   -0.1      0.0
  MONTH TO DATE    T                         2.0   -2.0      0.6
  SINCE MAR 1      7.9                      12.9   -5.0     20.5
  SINCE JUL 1     88.9                      61.7   27.2     80.9
  SNOW DEPTH       0

DEGREE DAYS
 HEATING
  YESTERDAY       10                        18     -8       16
  MONTH TO DATE  207                       240    -33      243
  SINCE MAR 1   1285                      1116    169     1217
  SINCE JUL 1   6353                      5764    589     5659

 COOLING
  YESTERDAY        0                         0      0        0
  MONTH TO DATE    0                         0      0        0
  SINCE MAR 1      0                         1     -1        0
  SINCE JAN 1      0                         1     -1        0
..................................................................


WIND (MPH)
  HIGHEST WIND SPEED    17   HIGHEST WIND DIRECTION     S (170)
  HIGHEST GUST SPEED    24   HIGHEST GUST DIRECTION     S (190)
  AVERAGE WIND SPEED     7.3


SKY COVER
  POSSIBLE SUNSHINE  MM
  AVERAGE SKY COVER 0.5


WEATHER CONDITIONS
 THE FOLLOWING WEATHER WAS RECORDED YESTERDAY.
  FOG


RELATIVE HUMIDITY (PERCENT)
 HIGHEST    92          1200 AM
 LOWEST     23           500 PM
 AVERAGE    58

..........................................................


THE YOUNGSTOWN OH CLIMATE NORMALS FOR TODAY
                         NORMAL    RECORD    YEAR
 MAXIMUM TEMPERATURE (F)   58        81      1977
                                             1941
 MINIMUM TEMPERATURE (F)   37        16      1950


SUNRISE AND SUNSET
APRIL 13 2014.........SUNRISE   646 AM EDT   SUNSET   801 PM EDT
APRIL 14 2014.........SUNRISE   645 AM EDT   SUNSET   802 PM EDT


-  INDICATES NEGATIVE NUMBERS.
R  INDICATES RECORD WAS SET OR TIED.
MM INDICATES DATA IS MISSING.
T  INDICATES TRACE AMOUNT.




$$
