000
CDUS41 KCLE 240527
CLIYNG


CLIMATE REPORT
NATIONAL WEATHER SERVICE CLEVELAND OH
127 AM EDT TUE MAR 24 2015


...................................

...THE YOUNGSTOWN OH CLIMATE SUMMARY FOR MARCH 23 2015...

CLIMATE NORMAL PERIOD 1981 TO 2010
CLIMATE RECORD PERIOD 1897 TO 2015


WEATHER ITEM   OBSERVED TIME   RECORD YEAR NORMAL DEPARTURE LAST
                VALUE   (LST)  VALUE       VALUE  FROM      YEAR
                                                  NORMAL
..................................................................
TEMPERATURE (F)
 YESTERDAY
  MAXIMUM         36    125 PM  82    1938  49    -13       34
  MINIMUM         14    555 AM  10    1940  30    -16       15
  AVERAGE         25                        39    -14       25

PRECIPITATION (IN)
  YESTERDAY        T                         0.09  -0.09      T
  MONTH TO DATE    1.51                      2.10  -0.59     1.04
  SINCE MAR 1      1.51                      2.10  -0.59     1.04
  SINCE JAN 1      6.74                      6.80  -0.06     5.73

SNOWFALL (IN)
  YESTERDAY        T                         0.3   -0.3       T
  MONTH TO DATE    8.0                       8.8   -0.8      5.2
  SINCE MAR 1      8.0                       8.8   -0.8      5.2
  SINCE JUL 1     77.5                      57.6   19.9     86.2
  SNOW DEPTH       0

DEGREE DAYS
 HEATING
  YESTERDAY       40                        26     14       40
  MONTH TO DATE  741                       686     55      819
  SINCE MAR 1    741                       686     55      819
  SINCE JUL 1   5859                      5334    525     5887

 COOLING
  YESTERDAY        0                         0      0        0
  MONTH TO DATE    0                         0      0        0
  SINCE MAR 1      0                         0      0        0
  SINCE JAN 1      0                         0      0        0
..................................................................


WIND (MPH)
  HIGHEST WIND SPEED    15   HIGHEST WIND DIRECTION     N (360)
  HIGHEST GUST SPEED    20   HIGHEST GUST DIRECTION     N (340)
  AVERAGE WIND SPEED     6.5


SKY COVER
  POSSIBLE SUNSHINE  MM
  AVERAGE SKY COVER 0.6


WEATHER CONDITIONS
 THE FOLLOWING WEATHER WAS RECORDED YESTERDAY.
  LIGHT SNOW


RELATIVE HUMIDITY (PERCENT)
 HIGHEST    88           600 AM
 LOWEST     38           300 PM
 AVERAGE    63

..........................................................


THE YOUNGSTOWN OH CLIMATE NORMALS FOR TODAY
                         NORMAL    RECORD    YEAR
 MAXIMUM TEMPERATURE (F)   49        72      1994
                                             1945
 MINIMUM TEMPERATURE (F)   30         9      1940


SUNRISE AND SUNSET
MARCH 24 2015.........SUNRISE   720 AM EDT   SUNSET   739 PM EDT
MARCH 25 2015.........SUNRISE   718 AM EDT   SUNSET   740 PM EDT


-  INDICATES NEGATIVE NUMBERS.
R  INDICATES RECORD WAS SET OR TIED.
MM INDICATES DATA IS MISSING.
T  INDICATES TRACE AMOUNT.




$$
