000
CDUS41 KCLE 250530
CLIYNG


CLIMATE REPORT
NATIONAL WEATHER SERVICE CLEVELAND OH
129 AM EDT MON APR 25 2016


...................................

...THE YOUNGSTOWN OH CLIMATE SUMMARY FOR APRIL 24 2016...

CLIMATE NORMAL PERIOD 1981 TO 2010
CLIMATE RECORD PERIOD 1897 TO 2016


WEATHER ITEM   OBSERVED TIME   RECORD YEAR NORMAL DEPARTURE LAST
                VALUE   (LST)  VALUE       VALUE  FROM      YEAR
                                                  NORMAL
..................................................................
TEMPERATURE (F)
 YESTERDAY
  MAXIMUM         67    538 PM  88    1897  63      4       51
  MINIMUM         32    549 AM  26    2003  41     -9       27
  AVERAGE         50                        52     -2       39

PRECIPITATION (IN)
  YESTERDAY        0.00                      0.10  -0.10     0.00
  MONTH TO DATE    3.05                      2.72   0.33     2.79
  SINCE MAR 1      6.86                      5.66   1.20     5.12
  SINCE JAN 1     12.05                     10.36   1.69    10.35

SNOWFALL (IN)
  YESTERDAY        0.0                       0.0    0.0      0.0
  MONTH TO DATE    6.4                       2.9    3.5      0.9
  SINCE MAR 1     10.7                      13.8   -3.1      9.5
  SINCE JUL 1     42.3                      62.6  -20.3     79.0
  SNOW DEPTH       0

DEGREE DAYS
 HEATING
  YESTERDAY       15                        14      1       26
  MONTH TO DATE  460                       426     34      325
  SINCE MAR 1   1074                      1302   -228     1313
  SINCE JUL 1   4922                      5950  -1028     6431

 COOLING
  YESTERDAY        0                         0      0        0
  MONTH TO DATE    0                         0      0        0
  SINCE MAR 1      0                         1     -1        0
  SINCE JAN 1      0                         1     -1        0
..................................................................


WIND (MPH)
  HIGHEST WIND SPEED    15   HIGHEST WIND DIRECTION     N (350)
  HIGHEST GUST SPEED    19   HIGHEST GUST DIRECTION     N (350)
  AVERAGE WIND SPEED     3.7


SKY COVER
  POSSIBLE SUNSHINE  MM
  AVERAGE SKY COVER 0.4


WEATHER CONDITIONS
 THE FOLLOWING WEATHER WAS RECORDED YESTERDAY.
  NO SIGNIFICANT WEATHER WAS OBSERVED.


RELATIVE HUMIDITY (PERCENT)
 HIGHEST    89           600 AM
 LOWEST     22           300 PM
 AVERAGE    56

..........................................................


THE YOUNGSTOWN OH CLIMATE NORMALS FOR TODAY
                         NORMAL    RECORD    YEAR
 MAXIMUM TEMPERATURE (F)   63        86      2009
                                             1990
 MINIMUM TEMPERATURE (F)   41        25      1956


SUNRISE AND SUNSET
APRIL 25 2016.........SUNRISE   628 AM EDT   SUNSET   814 PM EDT
APRIL 26 2016.........SUNRISE   626 AM EDT   SUNSET   815 PM EDT


-  INDICATES NEGATIVE NUMBERS.
R  INDICATES RECORD WAS SET OR TIED.
MM INDICATES DATA IS MISSING.
T  INDICATES TRACE AMOUNT.




$$
