000
CDUS41 KCLE 100526
CLIYNG


CLIMATE REPORT
NATIONAL WEATHER SERVICE CLEVELAND OH
1226 AM EST FRI NOV 10 2017


...................................

...THE YOUNGSTOWN OH CLIMATE SUMMARY FOR NOVEMBER 9 2017...

CLIMATE NORMAL PERIOD 1981 TO 2010
CLIMATE RECORD PERIOD 1897 TO 2017


WEATHER ITEM   OBSERVED TIME   RECORD YEAR NORMAL DEPARTURE LAST
                VALUE   (LST)  VALUE       VALUE  FROM      YEAR
                                                  NORMAL
..................................................................
TEMPERATURE (F)
 YESTERDAY
  MAXIMUM         52    301 PM  72    1999  52      0       52
                                      1975
  MINIMUM         25    722 AM  19    2003  36    -11       36
                                      1991
                                      1976
  AVERAGE         39                        44     -5       44

PRECIPITATION (IN)
  YESTERDAY        T                         0.10  -0.10     0.11
  MONTH TO DATE    2.74                      0.93   1.81     0.50
  SINCE SEP 1      6.45                      7.45  -1.00    10.81
  SINCE JAN 1     39.17                     33.67   5.50    39.31

SNOWFALL (IN)
  YESTERDAY        T                         0.0    0.0      0.0
  MONTH TO DATE    T                         0.5   -0.5      0.0
  SINCE SEP 1      T                         1.3   -1.3      0.0
  SINCE JUL 1      T                         1.3   -1.3      0.0
  SNOW DEPTH       0

DEGREE DAYS
 HEATING
  YESTERDAY       26                        21      5       21
  MONTH TO DATE  166                       179    -13      108
  SINCE SEP 1    531                       762   -231      473
  SINCE JUL 1    547                       800   -253      479

 COOLING
  YESTERDAY        0                         0      0        0
  MONTH TO DATE    0                         0      0        3
  SINCE SEP 1    125                        58     67      136
  SINCE JAN 1    658                       544    114      879
..................................................................


WIND (MPH)
  HIGHEST WIND SPEED    25   HIGHEST WIND DIRECTION    NW (320)
  HIGHEST GUST SPEED    36   HIGHEST GUST DIRECTION    NW (310)
  AVERAGE WIND SPEED     9.3


SKY COVER
  POSSIBLE SUNSHINE  MM
  AVERAGE SKY COVER 0.5


WEATHER CONDITIONS
 THE FOLLOWING WEATHER WAS RECORDED YESTERDAY.
  LIGHT RAIN
  LIGHT SNOW


RELATIVE HUMIDITY (PERCENT)
 HIGHEST    92           100 AM
 LOWEST     41           300 PM
 AVERAGE    67

..........................................................


THE YOUNGSTOWN OH CLIMATE NORMALS FOR TODAY
                         NORMAL    RECORD    YEAR
 MAXIMUM TEMPERATURE (F)   52        68      1949
                                             1931
 MINIMUM TEMPERATURE (F)   36        16      1991


SUNRISE AND SUNSET
NOVEMBER 10 2017......SUNRISE   705 AM EST   SUNSET   508 PM EST
NOVEMBER 11 2017......SUNRISE   706 AM EST   SUNSET   507 PM EST


-  INDICATES NEGATIVE NUMBERS.
R  INDICATES RECORD WAS SET OR TIED.
MM INDICATES DATA IS MISSING.
T  INDICATES TRACE AMOUNT.




$$
