000
CDUS41 KCLE 020527
CLIYNG


CLIMATE REPORT
NATIONAL WEATHER SERVICE CLEVELAND OH
127 AM EDT SAT AUG 2 2014


...................................

...THE YOUNGSTOWN OH CLIMATE SUMMARY FOR AUGUST 1 2014...

CLIMATE NORMAL PERIOD 1981 TO 2010
CLIMATE RECORD PERIOD 1897 TO 2014


WEATHER ITEM   OBSERVED TIME   RECORD YEAR NORMAL DEPARTURE LAST
                VALUE   (LST)  VALUE       VALUE  FROM      YEAR
                                                  NORMAL
..................................................................
TEMPERATURE (F)
 YESTERDAY
  MAXIMUM         83    235 PM  96    1933  81      2       79
  MINIMUM         57    559 AM  46    1998  60     -3       59
  AVERAGE         70                        70      0       69

PRECIPITATION (IN)
  YESTERDAY        0.03                      0.11  -0.08     0.17
  MONTH TO DATE    0.03                      0.11  -0.08     0.17
  SINCE JUN 1      8.24                      8.30  -0.06    12.99
  SINCE JAN 1     23.33                     23.09   0.24    24.76

SNOWFALL (IN)
  YESTERDAY        0.0                       0.0    0.0      0.0
  MONTH TO DATE    0.0                       0.0    0.0      0.0
  SINCE JUN 1      0.0                       0.0    0.0       T
  SINCE JUL 1      0.0                       0.0    0.0      0.0
  SNOW DEPTH       0

DEGREE DAYS
 HEATING
  YESTERDAY        0                         0      0        0
  MONTH TO DATE    0                         0      0        0
  SINCE JUN 1     56                        82    -26       69
  SINCE JUL 1     28                        13     15       13

 COOLING
  YESTERDAY        5                         6     -1        4
  MONTH TO DATE    5                         6     -1        4
  SINCE JUN 1    288                       301    -13      342
  SINCE JAN 1    343                       340      3      430
..................................................................


WIND (MPH)
  HIGHEST WIND SPEED    13   HIGHEST WIND DIRECTION     N (360)
  HIGHEST GUST SPEED    15   HIGHEST GUST DIRECTION     N (360)
  AVERAGE WIND SPEED     4.2


SKY COVER
  POSSIBLE SUNSHINE  MM
  AVERAGE SKY COVER 0.5


WEATHER CONDITIONS
 THE FOLLOWING WEATHER WAS RECORDED YESTERDAY.
  THUNDERSTORM
  LIGHT RAIN
  FOG


RELATIVE HUMIDITY (PERCENT)
 HIGHEST    93           600 AM
 LOWEST     42           100 PM
 AVERAGE    68

..........................................................


THE YOUNGSTOWN OH CLIMATE NORMALS FOR TODAY
                         NORMAL    RECORD    YEAR
 MAXIMUM TEMPERATURE (F)   81        96      1988
                                             1930
 MINIMUM TEMPERATURE (F)   60        47      1959


SUNRISE AND SUNSET
AUGUST  2 2014........SUNRISE   619 AM EDT   SUNSET   838 PM EDT
AUGUST  3 2014........SUNRISE   620 AM EDT   SUNSET   837 PM EDT


-  INDICATES NEGATIVE NUMBERS.
R  INDICATES RECORD WAS SET OR TIED.
MM INDICATES DATA IS MISSING.
T  INDICATES TRACE AMOUNT.




$$
