969
CDUS41 KCLE 190527
CLIYNG


CLIMATE REPORT
NATIONAL WEATHER SERVICE CLEVELAND OH
126 AM EDT SUN MAR 19 2017


...................................

...THE YOUNGSTOWN OH CLIMATE SUMMARY FOR MARCH 18 2017...

CLIMATE NORMAL PERIOD 1981 TO 2010
CLIMATE RECORD PERIOD 1897 TO 2017


WEATHER ITEM   OBSERVED TIME   RECORD YEAR NORMAL DEPARTURE LAST
                VALUE   (LST)  VALUE       VALUE  FROM      YEAR
                                                  NORMAL
..................................................................
TEMPERATURE (F)
 YESTERDAY
  MAXIMUM         39   1119 AM  74    2012  47     -8       57
  MINIMUM         32    240 AM   2    1967  28      4       31
  AVERAGE         36                        37     -1       44

PRECIPITATION (IN)
  YESTERDAY        0.09                      0.10  -0.01      T
  MONTH TO DATE    2.90                      1.61   1.29     2.38
  SINCE MAR 1      2.90                      1.61   1.29     2.38
  SINCE JAN 1     10.78                      6.31   4.47     7.57

SNOWFALL (IN)
  YESTERDAY        T                         0.3   -0.3      0.0
  MONTH TO DATE   20.1                       7.2   12.9      4.3
  SINCE MAR 1     20.1                       7.2   12.9      4.3
  SINCE JUL 1     67.5                      56.0   11.5     35.9
  SNOW DEPTH       1

DEGREE DAYS
 HEATING
  YESTERDAY       29                        28      1       21
  MONTH TO DATE  617                       553     64      374
  SINCE MAR 1    617                       553     64      374
  SINCE JUL 1   4401                      5201   -800     4222

 COOLING
  YESTERDAY        0                         0      0        0
  MONTH TO DATE    0                         0      0        0
  SINCE MAR 1      0                         0      0        0
  SINCE JAN 1      0                         0      0        0
..................................................................


WIND (MPH)
  HIGHEST WIND SPEED    16   HIGHEST WIND DIRECTION     W (260)
  HIGHEST GUST SPEED    21   HIGHEST GUST DIRECTION    SW (240)
  AVERAGE WIND SPEED     8.3


SKY COVER
  POSSIBLE SUNSHINE  MM
  AVERAGE SKY COVER 0.9


WEATHER CONDITIONS
 THE FOLLOWING WEATHER WAS RECORDED YESTERDAY.
  LIGHT RAIN
  LT FREEZING RAIN
  SNOW
  LIGHT SNOW
  FOG
  FOG W/VISIBILITY <= 1/4 MILE


RELATIVE HUMIDITY (PERCENT)
 HIGHEST   100           800 AM
 LOWEST     89           300 AM
 AVERAGE    95

..........................................................


THE YOUNGSTOWN OH CLIMATE NORMALS FOR TODAY
                         NORMAL    RECORD    YEAR
 MAXIMUM TEMPERATURE (F)   47        77      1898
 MINIMUM TEMPERATURE (F)   29         3      1967


SUNRISE AND SUNSET
MARCH 19 2017.........SUNRISE   727 AM EDT   SUNSET   734 PM EDT
MARCH 20 2017.........SUNRISE   726 AM EDT   SUNSET   735 PM EDT


-  INDICATES NEGATIVE NUMBERS.
R  INDICATES RECORD WAS SET OR TIED.
MM INDICATES DATA IS MISSING.
T  INDICATES TRACE AMOUNT.




$$
