238
CDUS41 KCLE 152220
CLIYNG


CLIMATE REPORT
NATIONAL WEATHER SERVICE CLEVELAND OH
519 PM EST WED FEB 15 2017


...................................

...THE YOUNGSTOWN OH CLIMATE SUMMARY FOR FEBRUARY 15 2017...
VALID TODAY AS OF 0500 PM LOCAL TIME.

CLIMATE NORMAL PERIOD 1981 TO 2010
CLIMATE RECORD PERIOD 1897 TO 2017


WEATHER ITEM   OBSERVED TIME   RECORD YEAR NORMAL DEPARTURE LAST
                VALUE   (LST)  VALUE       VALUE  FROM      YEAR
                                                  NORMAL
..................................................................
TEMPERATURE (F)
 TODAY
  MAXIMUM         39    331 AM  65    1954  36      3       33
  MINIMUM         28    359 PM  -8    2015  21      7       16
  AVERAGE         34                        28      6       25

PRECIPITATION (IN)
  TODAY            0.04                      0.07  -0.03     0.09
  MONTH TO DATE    1.54                      1.12   0.42     1.59
  SINCE DEC 1     10.46                      6.66   3.80     7.19
  SINCE JAN 1      6.89                      3.67   3.22     3.00

SNOWFALL (IN)
  TODAY            0.4                       0.4    0.0      0.9
  MONTH TO DATE    4.0                       6.7   -2.7     10.4
  SINCE DEC 1     40.9                      38.3    2.6     23.0
  SINCE JUL 1     45.3                      42.7    2.6     23.4
  SNOW DEPTH       T

DEGREE DAYS
 HEATING
  TODAY           31                        37     -6       40
  MONTH TO DATE  488                       568    -80      566
  SINCE DEC 1   2569                      2862   -293     2455
  SINCE JUL 1   3541                      4191   -650     3457

 COOLING
  TODAY            0                         0      0        0
  MONTH TO DATE    0                         0      0        0
  SINCE DEC 1      0                         0      0        0
  SINCE JAN 1      0                         0      0        0
..................................................................


WIND (MPH)
  HIGHEST WIND SPEED    21   HIGHEST WIND DIRECTION    NW (300)
  HIGHEST GUST SPEED    28   HIGHEST GUST DIRECTION    NW (300)


SKY COVER
  POSSIBLE SUNSHINE  MM
  AVERAGE SKY COVER 0.9


WEATHER CONDITIONS
 THE FOLLOWING WEATHER WAS RECORDED TODAY.
  LIGHT RAIN
  SNOW
  LIGHT SNOW
  FOG


RELATIVE HUMIDITY (PERCENT)
 HIGHEST    85           600 AM
 LOWEST     63          1100 AM
 AVERAGE    74

..........................................................


THE YOUNGSTOWN OH CLIMATE NORMALS FOR TOMORROW
                         NORMAL    RECORD    YEAR
 MAXIMUM TEMPERATURE (F)   36        63      1990
 MINIMUM TEMPERATURE (F)   21       -13      2015


SUNRISE AND SUNSET
FEBRUARY 15 2017......SUNRISE   717 AM EST   SUNSET   557 PM EST
FEBRUARY 16 2017......SUNRISE   716 AM EST   SUNSET   558 PM EST


-  INDICATES NEGATIVE NUMBERS.
R  INDICATES RECORD WAS SET OR TIED.
MM INDICATES DATA IS MISSING.
T  INDICATES TRACE AMOUNT.




$$
