000
CDUS41 KCLE 192220
CLIYNG


CLIMATE REPORT
NATIONAL WEATHER SERVICE CLEVELAND OH
520 PM EST FRI JAN 19 2018


...................................

...THE YOUNGSTOWN OH CLIMATE SUMMARY FOR JANUARY 19 2018...
VALID TODAY AS OF 0500 PM LOCAL TIME.

CLIMATE NORMAL PERIOD 1981 TO 2010
CLIMATE RECORD PERIOD 1897 TO 2018


WEATHER ITEM   OBSERVED TIME   RECORD YEAR NORMAL DEPARTURE LAST
                VALUE   (LST)  VALUE       VALUE  FROM      YEAR
                                                  NORMAL
..................................................................
TEMPERATURE (F)
 TODAY
  MAXIMUM         36    359 PM  61    1933  32      4       42
  MINIMUM         20    814 AM -22    1994  19      1       31
  AVERAGE         28                        26      2       37

PRECIPITATION (IN)
  TODAY            0.00                      0.08  -0.08      T
  MONTH TO DATE    2.30                      1.63   0.67     4.01
  SINCE DEC 1      4.41                      4.62  -0.21     7.58
  SINCE JAN 1      2.30                      1.63   0.67     4.01

SNOWFALL (IN)
  TODAY            0.0                       0.5   -0.5      0.0
  MONTH TO DATE   17.9                      10.3    7.6      5.7
  SINCE DEC 1     36.9                      25.3   11.6     29.0
  SINCE JUL 1     37.9                      29.7    8.2     33.4
  SNOW DEPTH       7

DEGREE DAYS
 HEATING
  TODAY           37                        40     -3       28
  MONTH TO DATE  894                       747    147      664
  SINCE DEC 1   2045                      1824    221     1743
  SINCE JUL 1   3143                      3153    -10     2715

 COOLING
  TODAY            0                         0      0        0
  MONTH TO DATE    0                         0      0        0
  SINCE DEC 1      0                         0      0        0
  SINCE JAN 1      0                         0      0        0
..................................................................


WIND (MPH)
  HIGHEST WIND SPEED    18   HIGHEST WIND DIRECTION    SW (220)
  HIGHEST GUST SPEED    26   HIGHEST GUST DIRECTION     S (200)


SKY COVER
  POSSIBLE SUNSHINE  MM
  AVERAGE SKY COVER 0.2


WEATHER CONDITIONS
 THE FOLLOWING WEATHER WAS RECORDED TODAY.
  NO SIGNIFICANT WEATHER WAS OBSERVED.


RELATIVE HUMIDITY (PERCENT)
 HIGHEST    67           600 AM
 LOWEST     47           200 PM
 AVERAGE    57

..........................................................


THE YOUNGSTOWN OH CLIMATE NORMALS FOR TOMORROW
                         NORMAL    RECORD    YEAR
 MAXIMUM TEMPERATURE (F)   32        61      1951
 MINIMUM TEMPERATURE (F)   19       -20      1985


SUNRISE AND SUNSET
JANUARY 19 2018.......SUNRISE   744 AM EST   SUNSET   523 PM EST
JANUARY 20 2018.......SUNRISE   743 AM EST   SUNSET   524 PM EST


-  INDICATES NEGATIVE NUMBERS.
R  INDICATES RECORD WAS SET OR TIED.
MM INDICATES DATA IS MISSING.
T  INDICATES TRACE AMOUNT.




$$
