000
CDUS41 KCLE 220534
CLIYNG


CLIMATE REPORT
NATIONAL WEATHER SERVICE CLEVELAND OH
1234 AM EST SAT NOV 22 2014


...................................

...THE YOUNGSTOWN OH CLIMATE SUMMARY FOR NOVEMBER 21 2014...

CLIMATE NORMAL PERIOD 1981 TO 2010
CLIMATE RECORD PERIOD 1897 TO 2014


WEATHER ITEM   OBSERVED TIME   RECORD YEAR NORMAL DEPARTURE LAST
                VALUE   (LST)  VALUE       VALUE  FROM      YEAR
                                                  NORMAL
..................................................................
TEMPERATURE (F)
 YESTERDAY
  MAXIMUM         25    214 PM  71    1930  47    -22       47
  MINIMUM         16   1154 PM   9    1951  33    -17       34
  AVERAGE         21                        40    -19       41

PRECIPITATION (IN)
  YESTERDAY        0.05                      0.12  -0.07     0.07
  MONTH TO DATE    1.69                      2.21  -0.52     2.11
  SINCE SEP 1      6.68                      8.73  -2.05     7.42
  SINCE JAN 1     36.24                     34.95   1.29    34.64

SNOWFALL (IN)
  YESTERDAY        0.8                       0.1    0.7       T
  MONTH TO DATE    8.6                       1.7    6.9      4.6
  SINCE SEP 1      8.6                       2.5    6.1      5.8
  SINCE JUL 1      8.6                       2.5    6.1      5.8
  SNOW DEPTH       4

DEGREE DAYS
 HEATING
  YESTERDAY       44                        26     18       24
  MONTH TO DATE  596                       460    136      481
  SINCE SEP 1   1125                      1043     82     1001
  SINCE JUL 1   1177                      1081     96     1039

 COOLING
  YESTERDAY        0                         0      0        0
  MONTH TO DATE    0                         0      0        0
  SINCE SEP 1     56                        58     -2       78
  SINCE JAN 1    533                       544    -11      630
..................................................................


WIND (MPH)
  HIGHEST WIND SPEED    16   HIGHEST WIND DIRECTION     W (270)
  HIGHEST GUST SPEED    24   HIGHEST GUST DIRECTION     W (280)
  AVERAGE WIND SPEED     7.6


SKY COVER
  POSSIBLE SUNSHINE  MM
  AVERAGE SKY COVER 0.5


WEATHER CONDITIONS
 THE FOLLOWING WEATHER WAS RECORDED YESTERDAY.
  LIGHT SNOW
  FOG


RELATIVE HUMIDITY (PERCENT)
 HIGHEST    92           800 AM
 LOWEST     57           400 PM
 AVERAGE    75

..........................................................


THE YOUNGSTOWN OH CLIMATE NORMALS FOR TODAY
                         NORMAL    RECORD    YEAR
 MAXIMUM TEMPERATURE (F)   46        71      1930
 MINIMUM TEMPERATURE (F)   32        11      1964


SUNRISE AND SUNSET
NOVEMBER 22 2014......SUNRISE   719 AM EST   SUNSET   458 PM EST
NOVEMBER 23 2014......SUNRISE   720 AM EST   SUNSET   458 PM EST


-  INDICATES NEGATIVE NUMBERS.
R  INDICATES RECORD WAS SET OR TIED.
MM INDICATES DATA IS MISSING.
T  INDICATES TRACE AMOUNT.




$$
