138
CDUS41 KCLE 170530
CLIYNG


CLIMATE REPORT
NATIONAL WEATHER SERVICE CLEVELAND OH
1229 AM EST FRI NOV 17 2017


...................................

...THE YOUNGSTOWN OH CLIMATE SUMMARY FOR NOVEMBER 16 2017...

CLIMATE NORMAL PERIOD 1981 TO 2010
CLIMATE RECORD PERIOD 1897 TO 2017


WEATHER ITEM   OBSERVED TIME   RECORD YEAR NORMAL DEPARTURE LAST
                VALUE   (LST)  VALUE       VALUE  FROM      YEAR
                                                  NORMAL
..................................................................
TEMPERATURE (F)
 YESTERDAY
  MAXIMUM         47    142 AM  70    1931  49     -2       53
  MINIMUM         37   1159 PM   8    1933  34      3       37
  AVERAGE         42                        41      1       45

PRECIPITATION (IN)
  YESTERDAY        0.04                      0.11  -0.07      T
  MONTH TO DATE    3.04                      1.65   1.39     0.51
  SINCE SEP 1      6.75                      8.17  -1.42    10.82
  SINCE JAN 1     39.47                     34.39   5.08    39.32

SNOWFALL (IN)
  YESTERDAY        T                         0.1   -0.1      0.0
  MONTH TO DATE    0.3                       1.1   -0.8      0.0
  SINCE SEP 1      0.3                       1.9   -1.6      0.0
  SINCE JUL 1      0.3                       1.9   -1.6      0.0
  SNOW DEPTH       0

DEGREE DAYS
 HEATING
  YESTERDAY       23                        24     -1       20
  MONTH TO DATE  385                       336     49      263
  SINCE SEP 1    750                       919   -169      628
  SINCE JUL 1    766                       957   -191      634

 COOLING
  YESTERDAY        0                         0      0        0
  MONTH TO DATE    0                         0      0        3
  SINCE SEP 1    125                        58     67      136
  SINCE JAN 1    658                       544    114      879
..................................................................


WIND (MPH)
  HIGHEST WIND SPEED    23   HIGHEST WIND DIRECTION     W (270)
  HIGHEST GUST SPEED    35   HIGHEST GUST DIRECTION     W (270)
  AVERAGE WIND SPEED    11.9


SKY COVER
  POSSIBLE SUNSHINE  MM
  AVERAGE SKY COVER 1.0


WEATHER CONDITIONS
 THE FOLLOWING WEATHER WAS RECORDED YESTERDAY.
  LIGHT RAIN
  SNOW
  SLEET
  FOG
  HAZE


RELATIVE HUMIDITY (PERCENT)
 HIGHEST    93           100 AM
 LOWEST     76           600 AM
 AVERAGE    85

..........................................................


THE YOUNGSTOWN OH CLIMATE NORMALS FOR TODAY
                         NORMAL    RECORD    YEAR
 MAXIMUM TEMPERATURE (F)   48        72      1931
 MINIMUM TEMPERATURE (F)   34        10      1933


SUNRISE AND SUNSET
NOVEMBER 17 2017......SUNRISE   713 AM EST   SUNSET   502 PM EST
NOVEMBER 18 2017......SUNRISE   715 AM EST   SUNSET   501 PM EST


-  INDICATES NEGATIVE NUMBERS.
R  INDICATES RECORD WAS SET OR TIED.
MM INDICATES DATA IS MISSING.
T  INDICATES TRACE AMOUNT.




$$
