153
CDUS41 KCLE 110545
CLIYNG


CLIMATE REPORT
NATIONAL WEATHER SERVICE CLEVELAND OH
145 AM EDT FRI AUG 11 2017


...................................

...THE YOUNGSTOWN OH CLIMATE SUMMARY FOR AUGUST 10 2017...

CLIMATE NORMAL PERIOD 1981 TO 2010
CLIMATE RECORD PERIOD 1897 TO 2017


WEATHER ITEM   OBSERVED TIME   RECORD YEAR NORMAL DEPARTURE LAST
                VALUE   (LST)  VALUE       VALUE  FROM      YEAR
                                                  NORMAL
..................................................................
TEMPERATURE (F)
 YESTERDAY
  MAXIMUM         77   1222 PM  96    1930  81     -4       88
  MINIMUM         55    547 AM  45    1972  59     -4       72
  AVERAGE         66                        70     -4       80

PRECIPITATION (IN)
  YESTERDAY        0.06                      0.10  -0.04     0.39
  MONTH TO DATE    1.22                      1.10   0.12     0.52
  SINCE JUN 1     10.60                      9.29   1.31     8.69
  SINCE JAN 1     31.90                     24.08   7.82    23.79

SNOWFALL (IN)
  YESTERDAY        0.0                       0.0    0.0      0.0
  MONTH TO DATE    0.0                       0.0    0.0      0.0
  SINCE JUN 1      0.0                       0.0    0.0      0.0
  SINCE JUL 1      0.0                       0.0    0.0      0.0
  SNOW DEPTH       0

DEGREE DAYS
 HEATING
  YESTERDAY        0                         1     -1        0
  MONTH TO DATE    0                         5     -5        0
  SINCE JUN 1     44                        87    -43       40
  SINCE JUL 1      0                        18    -18        6

 COOLING
  YESTERDAY        1                         5     -4       15
  MONTH TO DATE   31                        58    -27       93
  SINCE JUN 1    398                       353     45      494
  SINCE JAN 1    447                       392     55      549
..................................................................


WIND (MPH)
  HIGHEST WIND SPEED    16   HIGHEST WIND DIRECTION     S (160)
  HIGHEST GUST SPEED    22   HIGHEST GUST DIRECTION     S (160)
  AVERAGE WIND SPEED     7.7


SKY COVER
  POSSIBLE SUNSHINE  MM
  AVERAGE SKY COVER 0.7


WEATHER CONDITIONS
 THE FOLLOWING WEATHER WAS RECORDED YESTERDAY.
  LIGHT RAIN
  FOG


RELATIVE HUMIDITY (PERCENT)
 HIGHEST   100           100 AM
 LOWEST     60          1100 AM
 AVERAGE    80

..........................................................


THE YOUNGSTOWN OH CLIMATE NORMALS FOR TODAY
                         NORMAL    RECORD    YEAR
 MAXIMUM TEMPERATURE (F)   81        93      1944
 MINIMUM TEMPERATURE (F)   59        44      1972


SUNRISE AND SUNSET
AUGUST 11 2017........SUNRISE   628 AM EDT   SUNSET   827 PM EDT
AUGUST 12 2017........SUNRISE   629 AM EDT   SUNSET   825 PM EDT


-  INDICATES NEGATIVE NUMBERS.
R  INDICATES RECORD WAS SET OR TIED.
MM INDICATES DATA IS MISSING.
T  INDICATES TRACE AMOUNT.




$$
