000
CDUS41 KCLE 050526
CLIYNG


CLIMATE REPORT
NATIONAL WEATHER SERVICE CLEVELAND OH
126 AM EDT SAT JUL 5 2014


...................................

...THE YOUNGSTOWN OH CLIMATE SUMMARY FOR JULY 4 2014...

CLIMATE NORMAL PERIOD 1981 TO 2010
CLIMATE RECORD PERIOD 1897 TO 2014


WEATHER ITEM   OBSERVED TIME   RECORD YEAR NORMAL DEPARTURE LAST
                VALUE   (LST)  VALUE       VALUE  FROM      YEAR
                                                  NORMAL
..................................................................
TEMPERATURE (F)
 YESTERDAY
  MAXIMUM         72    343 PM  99    1897  81     -9       80
  MINIMUM         53    538 AM  42    1968  59     -6       67
  AVERAGE         63                        70     -7       74

PRECIPITATION (IN)
  YESTERDAY        0.00                      0.13  -0.13     0.03
  MONTH TO DATE    0.68                      0.54   0.14     0.26
  SINCE JUN 1      5.48                      4.42   1.06     5.63
  SINCE JAN 1     20.57                     19.21   1.36    17.40

SNOWFALL (IN)
  YESTERDAY        0.0                       0.0    0.0      0.0
  MONTH TO DATE    0.0                       0.0    0.0      0.0
  SINCE JUN 1      0.0                       0.0    0.0       T
  SINCE JUL 1      0.0                       0.0    0.0      0.0
  SNOW DEPTH       0

DEGREE DAYS
 HEATING
  YESTERDAY        2                         1      1        0
  MONTH TO DATE    2                         4     -2        0
  SINCE JUN 1     30                        73    -43       56
  SINCE JUL 1      2                         4     -2        0

 COOLING
  YESTERDAY        0                         6     -6        9
  MONTH TO DATE   29                        24      5       32
  SINCE JUN 1    182                       134     48      150
  SINCE JAN 1    237                       173     64      238
..................................................................


WIND (MPH)
  HIGHEST WIND SPEED    20   HIGHEST WIND DIRECTION    NW (330)
  HIGHEST GUST SPEED    25   HIGHEST GUST DIRECTION    NW (310)
  AVERAGE WIND SPEED     7.0


SKY COVER
  POSSIBLE SUNSHINE  MM
  AVERAGE SKY COVER 0.5


WEATHER CONDITIONS
 THE FOLLOWING WEATHER WAS RECORDED YESTERDAY.
  FOG


RELATIVE HUMIDITY (PERCENT)
 HIGHEST   100           500 AM
 LOWEST     35           400 PM
 AVERAGE    68

..........................................................


THE YOUNGSTOWN OH CLIMATE NORMALS FOR TODAY
                         NORMAL    RECORD    YEAR
 MAXIMUM TEMPERATURE (F)   81        97      1897
 MINIMUM TEMPERATURE (F)   59        44      1979


SUNRISE AND SUNSET
JULY  5 2014..........SUNRISE   556 AM EDT   SUNSET   859 PM EDT
JULY  6 2014..........SUNRISE   556 AM EDT   SUNSET   858 PM EDT


-  INDICATES NEGATIVE NUMBERS.
R  INDICATES RECORD WAS SET OR TIED.
MM INDICATES DATA IS MISSING.
T  INDICATES TRACE AMOUNT.




$$
