000
CDUS41 KCLE 110529
CLIYNG


CLIMATE REPORT
NATIONAL WEATHER SERVICE CLEVELAND OH
1228 AM EST SAT FEB 11 2017


...................................

...THE YOUNGSTOWN OH CLIMATE SUMMARY FOR FEBRUARY 10 2017...

CLIMATE NORMAL PERIOD 1981 TO 2010
CLIMATE RECORD PERIOD 1897 TO 2017


WEATHER ITEM   OBSERVED TIME   RECORD YEAR NORMAL DEPARTURE LAST
                VALUE   (LST)  VALUE       VALUE  FROM      YEAR
                                                  NORMAL
..................................................................
TEMPERATURE (F)
 YESTERDAY
  MAXIMUM         31   1159 PM  62    1965  35     -4       26
                                      1959
                                      1943
  MINIMUM         13    821 AM -15    1934  20     -7       16
  AVERAGE         22                        27     -5       21

PRECIPITATION (IN)
  YESTERDAY        T                         0.08  -0.08     0.20
  MONTH TO DATE    1.12                      0.75   0.37     1.36
  SINCE DEC 1     10.04                      6.29   3.75     6.96
  SINCE JAN 1      6.47                      3.30   3.17     2.77

SNOWFALL (IN)
  YESTERDAY        T                         0.4   -0.4      3.5
  MONTH TO DATE    3.4                       4.5   -1.1      5.9
  SINCE DEC 1     40.3                      36.1    4.2     18.5
  SINCE JUL 1     44.7                      40.5    4.2     18.9
  SNOW DEPTH       2

DEGREE DAYS
 HEATING
  YESTERDAY       43                        38      5       44
  MONTH TO DATE  343                       383    -40      307
  SINCE DEC 1   2424                      2677   -253     2196
  SINCE JUL 1   3396                      4006   -610     3198

 COOLING
  YESTERDAY        0                         0      0        0
  MONTH TO DATE    0                         0      0        0
  SINCE DEC 1      0                         0      0        0
  SINCE JAN 1      0                         0      0        0
..................................................................


WIND (MPH)
  HIGHEST WIND SPEED    18   HIGHEST WIND DIRECTION     W (250)
  HIGHEST GUST SPEED    25   HIGHEST GUST DIRECTION    SE (150)
  AVERAGE WIND SPEED    10.5


SKY COVER
  POSSIBLE SUNSHINE  MM
  AVERAGE SKY COVER 0.9


WEATHER CONDITIONS
 THE FOLLOWING WEATHER WAS RECORDED YESTERDAY.
  LT FREEZING RAIN
  LIGHT SNOW
  SLEET


RELATIVE HUMIDITY (PERCENT)
 HIGHEST    74          1200 AM
 LOWEST     45           100 PM
 AVERAGE    60

..........................................................


THE YOUNGSTOWN OH CLIMATE NORMALS FOR TODAY
                         NORMAL    RECORD    YEAR
 MAXIMUM TEMPERATURE (F)   35        72      1932
 MINIMUM TEMPERATURE (F)   20       -13      1979


SUNRISE AND SUNSET
FEBRUARY 11 2017......SUNRISE   722 AM EST   SUNSET   552 PM EST
FEBRUARY 12 2017......SUNRISE   721 AM EST   SUNSET   553 PM EST


-  INDICATES NEGATIVE NUMBERS.
R  INDICATES RECORD WAS SET OR TIED.
MM INDICATES DATA IS MISSING.
T  INDICATES TRACE AMOUNT.




$$
