414
CDUS41 KCLE 230529
CLIYNG


CLIMATE REPORT
NATIONAL WEATHER SERVICE CLEVELAND OH
128 AM EDT MON MAY 23 2016


...................................

...THE YOUNGSTOWN OH CLIMATE SUMMARY FOR MAY 22 2016...

CLIMATE NORMAL PERIOD 1981 TO 2010
CLIMATE RECORD PERIOD 1897 TO 2016


WEATHER ITEM   OBSERVED TIME   RECORD YEAR NORMAL DEPARTURE LAST
                VALUE   (LST)  VALUE       VALUE  FROM      YEAR
                                                  NORMAL
..................................................................
TEMPERATURE (F)
 YESTERDAY
  MAXIMUM         71    317 PM  92    1941  70      1       63
  MINIMUM         45    506 AM  30    2002  48     -3       36
  AVERAGE         58                        59     -1       50

PRECIPITATION (IN)
  YESTERDAY        0.00                      0.13  -0.13     0.01
  MONTH TO DATE    2.29                      2.62  -0.33     1.26
  SINCE MAR 1      9.91                      8.92   0.99     6.47
  SINCE JAN 1     15.10                     13.62   1.48    11.70

SNOWFALL (IN)
  YESTERDAY        0.0                       0.0    0.0      0.0
  MONTH TO DATE    0.2                       0.0    0.2      0.0
  SINCE MAR 1     13.3                      13.9   -0.6      9.5
  SINCE JUL 1     44.9                      62.7  -17.8     79.0
  SNOW DEPTH       0

DEGREE DAYS
 HEATING
  YESTERDAY        7                         7      0       15
  MONTH TO DATE  239                       201     38      120
  SINCE MAR 1   1398                      1580   -182     1551
  SINCE JUL 1   5246                      6228   -982     6669

 COOLING
  YESTERDAY        0                         1     -1        0
  MONTH TO DATE    0                        15    -15       69
  SINCE MAR 1      0                        24    -24       69
  SINCE JAN 1      0                        24    -24       69
..................................................................


WIND (MPH)
  HIGHEST WIND SPEED    20   HIGHEST WIND DIRECTION     N (20)
  HIGHEST GUST SPEED    26   HIGHEST GUST DIRECTION     N (20)
  AVERAGE WIND SPEED     5.4


SKY COVER
  POSSIBLE SUNSHINE  MM
  AVERAGE SKY COVER 0.6


WEATHER CONDITIONS
 THE FOLLOWING WEATHER WAS RECORDED YESTERDAY.
  FOG
  FOG W/VISIBILITY <= 1/4 MILE


RELATIVE HUMIDITY (PERCENT)
 HIGHEST   100          1200 AM
 LOWEST     44           300 PM
 AVERAGE    72

..........................................................


THE YOUNGSTOWN OH CLIMATE NORMALS FOR TODAY
                         NORMAL    RECORD    YEAR
 MAXIMUM TEMPERATURE (F)   71        95      1941
 MINIMUM TEMPERATURE (F)   49        30      2006
                                             1967


SUNRISE AND SUNSET
MAY 23 2016...........SUNRISE   557 AM EDT   SUNSET   842 PM EDT
MAY 24 2016...........SUNRISE   556 AM EDT   SUNSET   843 PM EDT


-  INDICATES NEGATIVE NUMBERS.
R  INDICATES RECORD WAS SET OR TIED.
MM INDICATES DATA IS MISSING.
T  INDICATES TRACE AMOUNT.




$$
