000
CDUS41 KCLE 102131
CLIYNG


CLIMATE REPORT
NATIONAL WEATHER SERVICE CLEVELAND OH
530 PM EDT MON JUL 10 2017


...................................

...THE YOUNGSTOWN OH CLIMATE SUMMARY FOR JULY 10 2017...
VALID TODAY AS OF 0500 PM LOCAL TIME.

CLIMATE NORMAL PERIOD 1981 TO 2010
CLIMATE RECORD PERIOD 1897 TO 2017


WEATHER ITEM   OBSERVED TIME   RECORD YEAR NORMAL DEPARTURE LAST
                VALUE   (LST)  VALUE       VALUE  FROM      YEAR
                                                  NORMAL
..................................................................
TEMPERATURE (F)
 TODAY
  MAXIMUM         73    124 PM 103    1936  82     -9       81
  MINIMUM         58    356 AM  40    1898  60     -2       58
  AVERAGE         66                        71     -5       70

PRECIPITATION (IN)
  TODAY            0.50                      0.15   0.35     0.00
  MONTH TO DATE    0.66                      1.37  -0.71     1.55
  SINCE JUN 1      7.50                      5.25   2.25     4.49
  SINCE JAN 1     28.80                     20.04   8.76    19.59

SNOWFALL (IN)
  TODAY            0.0                       0.0    0.0      0.0
  MONTH TO DATE    0.0                       0.0    0.0      0.0
  SINCE JUN 1      0.0                       0.0    0.0      0.0
  SINCE JUL 1      0.0                       0.0    0.0      0.0
  SNOW DEPTH       0

DEGREE DAYS
 HEATING
  TODAY            0                         0      0        0
  MONTH TO DATE    0                         8     -8        6
  SINCE JUN 1     44                        77    -33       40
  SINCE JUL 1      0                         8     -8        6

 COOLING
  TODAY            1                         6     -5        5
  MONTH TO DATE   55                        60     -5       64
  SINCE JUN 1    209                       170     39      206
  SINCE JAN 1    258                       209     49      261
..................................................................


WIND (MPH)
  HIGHEST WIND SPEED    13   HIGHEST WIND DIRECTION     S (190)
  HIGHEST GUST SPEED    20   HIGHEST GUST DIRECTION     S (190)


SKY COVER
  POSSIBLE SUNSHINE  MM
  AVERAGE SKY COVER 0.8


WEATHER CONDITIONS
 THE FOLLOWING WEATHER WAS RECORDED TODAY.
  THUNDERSTORM
  HEAVY RAIN
  RAIN
  LIGHT RAIN
  FOG


RELATIVE HUMIDITY (PERCENT)
 HIGHEST    80           400 AM
 LOWEST     61           800 AM
 AVERAGE    71

..........................................................


THE YOUNGSTOWN OH CLIMATE NORMALS FOR TOMORROW
                         NORMAL    RECORD    YEAR
 MAXIMUM TEMPERATURE (F)   82       100      1936
 MINIMUM TEMPERATURE (F)   60        43      1996


SUNRISE AND SUNSET
JULY 10 2017..........SUNRISE   559 AM EDT   SUNSET   857 PM EDT
JULY 11 2017..........SUNRISE   600 AM EDT   SUNSET   856 PM EDT


-  INDICATES NEGATIVE NUMBERS.
R  INDICATES RECORD WAS SET OR TIED.
MM INDICATES DATA IS MISSING.
T  INDICATES TRACE AMOUNT.




$$
